{"id":9241,"date":"2014-08-18T13:26:35","date_gmt":"2014-08-18T11:26:35","guid":{"rendered":"http:\/\/blog.viaggiverdi.it\/?page_id=9241"},"modified":"2020-04-27T15:03:25","modified_gmt":"2020-04-27T13:03:25","slug":"parchi-naturali-italia","status":"publish","type":"page","link":"https:\/\/ecobnb.it\/blog\/parchi-naturali-italia\/","title":{"rendered":"Italia: I Parchi Per Vivere la Magia della Natura"},"content":{"rendered":"<p><strong>Parchi e Natura<\/strong> sono un connubio ideale per le <strong>vacanze sostenibili<\/strong>, a <strong>piedi <\/strong>o in<strong> bicicletta<\/strong>, a <strong>cavallo<\/strong> o a dorso d&#8217;asino.<\/p>\n<p>In termine tecnico si chiamano &#8216;<strong>aree naturali protette&#8217;<\/strong>, &#8216;<strong>oasi naturali<\/strong>&#8216; o &#8216;<strong>riserve naturali<\/strong>&#8216;, e sono tutte quelle aree terrestri (ma anche marine, fluviali o lacustri) che contengono ecosistemi ancora intatti, formazioni fisiche, geologiche, geomorfologiche, biologiche, di interesse nazionale o internazionale.<\/p>\n<h2>I Parchi Nazionali d&#8217;Italia<\/h2>\n<div id=\"attachment_50465\" class=\"thumbnail alignnone\"><img class=\"size-large wp-image-50465\" src=\"https:\/\/ecobnb.it\/blog\/app\/uploads\/sites\/2\/2020\/04\/parco-nazionale-del-gran-paradiso-870x490.jpg\" alt=\"parco nazionale del gran paradiso\" width=\"870\" height=\"490\" srcset=\"https:\/\/ecobnb.it\/blog\/app\/uploads\/sites\/2\/2020\/04\/parco-nazionale-del-gran-paradiso-870x490.jpg 870w, https:\/\/ecobnb.it\/blog\/app\/uploads\/sites\/2\/2020\/04\/parco-nazionale-del-gran-paradiso-570x320.jpg 570w\" sizes=\"(max-width: 870px) 100vw, 870px\" \/><div class=\"caption\">Photo by Rowan Manning on Unsplash<\/div><\/div>\n<p><strong>In Italia esistono 24 parchi nazionali<\/strong>, che coprono complessivamente pi\u00f9 di un milione e mezzo di ettari, pari al<strong> 5% circa del territorio nazionale<\/strong>. Questi parchi sono:<\/p>\n<ul>\n<li>Il Parco nazionale delle <a href=\"https:\/\/ecobnb.it\/blog\/2016\/05\/alpi-treno-trekking-dolomiti-bellunesi\/\" target=\"_blank\" rel=\"noopener\">Dolomiti Bellunesi<\/a> (istituito nel 1990)<\/li>\n<li>Il Parco nazionale del Gran Sasso e Monti della Laga (istituito nel 1991)<\/li>\n<li>Il Parco nazionale del <a href=\"https:\/\/ecobnb.it\/blog\/2018\/04\/marina-di-camerota-cilento\/\" target=\"_blank\" rel=\"noopener\">Cilento<\/a>, Vallo di Diano e Alburni (attualmente il pi\u00f9 esteso d&#8217;Italia, istituito nel 1991)<\/li>\n<li>Il Parco nazionale della Majella (istituito nel 1991)<\/li>\n<li>Il Parco nazionale del <a href=\"https:\/\/ecobnb.it\/blog\/2015\/03\/gargano\/\" target=\"_blank\" rel=\"noopener\">Gargano<\/a> (istituito nel 1991)<\/li>\n<li>Il Parco nazionale della Val Grande (istituito nel 1992)<\/li>\n<li>Il Parco nazionale del Pollino (Istituito nel 1993)<\/li>\n<li>Il Parco nazionale delle <a href=\"https:\/\/ecobnb.it\/blog\/2014\/06\/la-verna-santuario-natura-anima\/\" target=\"_blank\" rel=\"noopener\">Foreste Casentinesi<\/a>, Monte Falterona e Campigna (istituito nel 1993)<\/li>\n<li>Il Parco nazionale dei <a href=\"https:\/\/ecobnb.it\/blog\/2014\/06\/vacanza-bambini-cose-fare-monti-sibillini\/\" target=\"_blank\" rel=\"noopener\">Monti Sibillini<\/a> (Istituito nel 1993)<\/li>\n<li>Il Parco nazionale Arcipelago di La Maddalena (istituito nel 1994)<\/li>\n<li>Il Parco nazionale del Vesuvio (istituito nel 1995)<\/li>\n<li>Il Parco nazionale Arcipelago Toscano (istituito nel 1996)<\/li>\n<li>Il Parco nazionale dell&#8217;Asinara (istituito nel 1997)<\/li>\n<li>Il Parco nazionale del Golfo di Orosei e del Gennargentu (istituito nel 1998, ma attualmente non attivato)<\/li>\n<li>Il Parco nazionale delle <a href=\"https:\/\/ecobnb.it\/itinerari\/cinque-terre\" target=\"_blank\" rel=\"noopener\">Cinque Terre<\/a> (istituito nel 1999)<\/li>\n<li>Il Parco nazionale dell&#8217;<a href=\"https:\/\/ecobnb.it\/blog\/2015\/08\/appennino-tosco-emiliano-monte-acuto\/\" target=\"_blank\" rel=\"noopener\">Appennino Tosco-Emiliano<\/a> (istituito nel 2001)<\/li>\n<li>Il Parco nazionale della Sila (istituito nel 2002)<\/li>\n<li>Il Parco nazionale dell&#8217;Alta Murgia (istituito nel 2004)<\/li>\n<li>Il Parco nazionale dell&#8217;Appennino Lucano &#8211; Val d&#8217;Agri &#8211; Lagonegrese Reale (istituito nel 2007)<\/li>\n<\/ul>\n<p>Esistono inoltre:<\/p>\n<ul>\n<li>\n<h3>I Parchi Regionali<\/h3>\n<\/li>\n<\/ul>\n<p>che coprono una superficie di pi\u00f9 di un milione di ettari, definiti come ovvero aree protette &#8220;di valore ambientale e naturalistico, che costituiscano, nell&#8217;ambito di una o pi\u00f9 regioni adiacenti, un sistema omogeneo, individuato dagli assetti naturalistici dei luoghi, dai valori paesaggistici e artistici e dalle tradizioni culturali delle popolazioni locali&#8221;.<\/p>\n<ul>\n<li>\n<h3>Le\u00a0Riserve naturali<\/h3>\n<\/li>\n<\/ul>\n<p>ovvero &#8220;aree terrestri, fluviali, lacustri o marine che contengano una o pi\u00f9 specie naturalisticamente rilevanti della fauna e della flora, ovvero presentino uno o pi\u00f9 ecosistemi importanti per la diversit\u00e0 biologica o per la conservazione delle risorse genetiche&#8221;. Le Riserve Naturali possono essere Integrali, quando la presenza umana \u00e8 limitata a scopi strettamente scientifici e di sorveglianza, o Riserve Naturali Orientate.<\/p>\n<ul>\n<li>\n<h3>Le Zone umide<\/h3>\n<\/li>\n<\/ul>\n<p>costituite da paludi, aree acquitrinose, torbiere oppure zone di acque naturali od artificiali che, per le loro caratteristiche, possano essere considerate di importanza internazionale.<\/p>\n<ul>\n<li>\n<h3>Le\u00a0Aree marine protette<\/h3>\n<\/li>\n<\/ul>\n<p>costituite da ambienti marini, dati dalle acque, dai fondali e dai tratti di costa prospicienti, che presentano un rilevante interesse per le caratteristiche naturali, geomorfologiche, fisiche e biochimiche. Ad oggi, in Italia, le aree marine protette sono 30 e tutelano complessivamente circa 2.661.719 ettari di mare.<\/p>\n<ul>\n<li>\n<h3>Altre aree protette<\/h3>\n<\/li>\n<\/ul>\n<p>ad esempio: Aree Naturali Protette Regionali, monumenti naturali, parchi suburbani, parchi provinciali, oasi di associazioni ambientaliste (WWF, Pro Natura, LIPU, Legambiente).<\/p>\n\n\t\t<style type=\"text\/css\">\n\t\t\t#gallery-1 {\n\t\t\t\tmargin: auto;\n\t\t\t}\n\t\t\t#gallery-1 .gallery-item {\n\t\t\t\tfloat: left;\n\t\t\t\tmargin-top: 10px;\n\t\t\t\ttext-align: center;\n\t\t\t\twidth: 33%;\n\t\t\t}\n\t\t\t#gallery-1 img {\n\t\t\t\tborder: 2px solid #cfcfcf;\n\t\t\t}\n\t\t\t#gallery-1 .gallery-caption {\n\t\t\t\tmargin-left: 0;\n\t\t\t}\n\t\t\t\/* see gallery_shortcode() in wp-includes\/media.php *\/\n\t\t<\/style>\n\t\t<div id='gallery-1' class='gallery galleryid-9241 gallery-columns-3 gallery-size-thumbnail'><dl class='gallery-item'>\n\t\t\t<dt class='gallery-icon landscape'>\n\t\t\t\t<a href='https:\/\/ecobnb.it\/blog\/parchi-naturali-italia\/daino-libero-guerra\/#main'><img width=\"270\" height=\"200\" src=\"https:\/\/ecobnb.it\/blog\/app\/uploads\/sites\/2\/2014\/08\/daino-libero-guerra-270x200.jpeg\" class=\"attachment-thumbnail size-thumbnail\" alt=\"Parchi naturali in Italia, natura e animali\" aria-describedby=\"gallery-1-9247\" \/><\/a>\n\t\t\t<\/dt>\n\t\t\t\t<dd class='wp-caption-text gallery-caption' id='gallery-1-9247'>\n\t\t\t\tParchi naturali, incontro con un daino, foto di Libero Guerra, via flickr\n\t\t\t\t<\/dd><\/dl><dl class='gallery-item'>\n\t\t\t<dt class='gallery-icon portrait'>\n\t\t\t\t<a href='https:\/\/ecobnb.it\/blog\/parchi-naturali-italia\/calabria-orsomarso-giuseppe-quattrone\/#main'><img width=\"270\" height=\"200\" src=\"https:\/\/ecobnb.it\/blog\/app\/uploads\/sites\/2\/2014\/08\/calabria-orsomarso-giuseppe-quattrone-270x200.jpg\" class=\"attachment-thumbnail size-thumbnail\" alt=\"Parchi Naturali in Italia, il Parco di Orsomarso in Calabria\" aria-describedby=\"gallery-1-9246\" \/><\/a>\n\t\t\t<\/dt>\n\t\t\t\t<dd class='wp-caption-text gallery-caption' id='gallery-1-9246'>\n\t\t\t\tVerde e Acqua nel Parco di Orsomarso, Calabria, foto di Giuseppe Quattrone, via Flickr\n\t\t\t\t<\/dd><\/dl><dl class='gallery-item'>\n\t\t\t<dt class='gallery-icon portrait'>\n\t\t\t\t<a href='https:\/\/ecobnb.it\/blog\/parchi-naturali-italia\/corallo-parco-marino-portofino-david-salvatori\/#main'><img width=\"270\" height=\"200\" src=\"https:\/\/ecobnb.it\/blog\/app\/uploads\/sites\/2\/2014\/08\/corallo-parco-marino-portofino-David-Salvatori-270x200.jpg\" class=\"attachment-thumbnail size-thumbnail\" alt=\"Parchi Naturali in Italia, il Parco Marino di Portofino\" aria-describedby=\"gallery-1-9245\" \/><\/a>\n\t\t\t<\/dt>\n\t\t\t\t<dd class='wp-caption-text gallery-caption' id='gallery-1-9245'>\n\t\t\t\tCorallo nel Parco Marino di Portofino, foto di David Salvatori, via flickr\n\t\t\t\t<\/dd><\/dl><br style=\"clear: both\" \/>\n\t\t<\/div>\n\n<p><em>Foto di copertina: scoiattolo nel Parco Valliere Moncalieri, foto di Uccio d&#8217;Agostino, via flickr<\/em><\/p>\n<h4>Scopri alcuni suggestivi\u00a0itinerari nei parchi naturali d&#8217;Italia:<\/h4>\n<h4><a href=\"https:\/\/ecobnb.it\/blog\/2014\/05\/parco-beigua-naturalistico-da-vivere\/\" target=\"_blank\" rel=\"noopener\">Scoprire il Parco delle Foreste Casentinesi con i bambini, Toscana<\/a><\/h4>\n<h4><strong><a href=\"https:\/\/ecobnb.it\/blog\/2014\/02\/morigerati-turismo-sostenibile-cilento\/\" target=\"_blank\" rel=\"noopener\">Turismo Sostenibile nel Parco Naturale del Cilento<\/a><\/strong><\/h4>\n<h4><a href=\"https:\/\/ecobnb.it\/blog\/2014\/05\/parco-beigua-naturalistico-da-vivere\/\" target=\"_blank\" rel=\"noopener\">Weekend nel Parco del Beigua, Liguria<\/a><\/h4>\n<h4><a href=\"https:\/\/ecobnb.it\/blog\/2014\/03\/parco-gran-paradiso\/\" target=\"_blank\" rel=\"noopener\">A piedi nel Parco del Gran Paradiso, Valle d&#8217;Aosta<\/a><\/h4>\n<h4><a href=\"https:\/\/ecobnb.it\/blog\/2014\/08\/monte-fuso-parco-natura-sport-avventura\/\" target=\"_blank\" rel=\"noopener\">Un weekend insolito, nel Parco del Monte Fuso, Emilia Romagna<\/a><\/h4>\n<h4><a href=\"https:\/\/ecobnb.it\/blog\/2014\/07\/parco-di-san-rossore-camminare-boschi-mare\/\" target=\"_blank\" rel=\"noopener\">Alla scoperta del Parco di San Rossore, Toscana<\/a><\/h4>\n<h4><a href=\"https:\/\/ecobnb.it\/blog\/2014\/06\/turismo-responsabile-val-cedra\/\" target=\"_blank\" rel=\"noopener\">Un itinerario nel Parco dei Cento Laghi, Emilia Romagna<\/a><\/h4>\n","protected":false},"excerpt":{"rendered":"<p>Parchi e Natura sono un connubio ideale per le vacanze sostenibili, a piedi o in bicicletta, a cavallo o a dorso d&#8217;asino. In termine tecnico si chiamano &#8216;aree naturali protette&#8217;, &#8216;oasi naturali&#8216; o &#8216;riserve naturali&#8216;, e sono tutte quelle aree terrestri (ma anche marine, fluviali o lacustri) che contengono ecosistemi ancora intatti, formazioni fisiche, geologiche, [&hellip;]<\/p>\n","protected":false},"author":3,"featured_media":9242,"parent":0,"menu_order":0,"comment_status":"closed","ping_status":"open","template":"","meta":[],"acf":[],"yoast_head":"<!-- This site is optimized with the Yoast SEO plugin v19.9 - https:\/\/yoast.com\/wordpress\/plugins\/seo\/ -->\n<title>Italia: I Parchi Per Vivere la Magia della Natura - Ecobnb<\/title>\n<meta name=\"description\" content=\"Quali sono i parchi naturali d&#039;Italia? Una guida per conoscere le aree naturali protette, le oasi e le riserve naturali, per sceglierle come meta di vacanza\" \/>\n<meta name=\"robots\" content=\"index, follow, max-snippet:-1, max-image-preview:large, max-video-preview:-1\" \/>\n<link rel=\"canonical\" href=\"https:\/\/ecobnb.it\/blog\/parchi-naturali-italia\/\" \/>\n<meta property=\"og:locale\" content=\"it_IT\" \/>\n<meta property=\"og:type\" content=\"article\" \/>\n<meta property=\"og:title\" content=\"Italia: I Parchi Per Vivere la Magia della Natura - Ecobnb\" \/>\n<meta property=\"og:description\" content=\"Quali sono i parchi naturali d&#039;Italia? Una guida per conoscere le aree naturali protette, le oasi e le riserve naturali, per sceglierle come meta di vacanza\" \/>\n<meta property=\"og:url\" content=\"https:\/\/ecobnb.it\/blog\/parchi-naturali-italia\/\" \/>\n<meta property=\"og:site_name\" content=\"Ecobnb\" \/>\n<meta property=\"article:publisher\" content=\"https:\/\/www.facebook.com\/viaggiverdi\" \/>\n<meta property=\"article:modified_time\" content=\"2020-04-27T13:03:25+00:00\" \/>\n<meta property=\"og:image\" content=\"https:\/\/ecobnb.it\/blog\/app\/uploads\/sites\/2\/2014\/08\/parco-naturale-Parco-Vallere-Moncalieri.jpg\" \/>\n\t<meta property=\"og:image:width\" content=\"1170\" \/>\n\t<meta property=\"og:image:height\" content=\"490\" \/>\n\t<meta property=\"og:image:type\" content=\"image\/jpeg\" \/>\n<meta name=\"twitter:label1\" content=\"Est. reading time\" \/>\n\t<meta name=\"twitter:data1\" content=\"3 minutes\" \/>\n<!-- \/ Yoast SEO plugin. -->","yoast_head_json":{"title":"Italia: I Parchi Per Vivere la Magia della Natura - Ecobnb","description":"Quali sono i parchi naturali d'Italia? Una guida per conoscere le aree naturali protette, le oasi e le riserve naturali, per sceglierle come meta di vacanza","robots":{"index":"index","follow":"follow","max-snippet":"max-snippet:-1","max-image-preview":"max-image-preview:large","max-video-preview":"max-video-preview:-1"},"canonical":"https:\/\/ecobnb.it\/blog\/parchi-naturali-italia\/","og_locale":"it_IT","og_type":"article","og_title":"Italia: I Parchi Per Vivere la Magia della Natura - Ecobnb","og_description":"Quali sono i parchi naturali d'Italia? Una guida per conoscere le aree naturali protette, le oasi e le riserve naturali, per sceglierle come meta di vacanza","og_url":"https:\/\/ecobnb.it\/blog\/parchi-naturali-italia\/","og_site_name":"Ecobnb","article_publisher":"https:\/\/www.facebook.com\/viaggiverdi","article_modified_time":"2020-04-27T13:03:25+00:00","og_image":[{"width":1170,"height":490,"url":"https:\/\/ecobnb.it\/blog\/app\/uploads\/sites\/2\/2014\/08\/parco-naturale-Parco-Vallere-Moncalieri.jpg","type":"image\/jpeg"}],"twitter_misc":{"Est. reading time":"3 minutes"},"schema":{"@context":"https:\/\/schema.org","@graph":[{"@type":"WebPage","@id":"https:\/\/ecobnb.it\/blog\/parchi-naturali-italia\/","url":"https:\/\/ecobnb.it\/blog\/parchi-naturali-italia\/","name":"Italia: I Parchi Per Vivere la Magia della Natura - Ecobnb","isPartOf":{"@id":"https:\/\/ecobnb.it\/blog\/#website"},"datePublished":"2014-08-18T11:26:35+00:00","dateModified":"2020-04-27T13:03:25+00:00","description":"Quali sono i parchi naturali d'Italia? Una guida per conoscere le aree naturali protette, le oasi e le riserve naturali, per sceglierle come meta di vacanza","inLanguage":"it-IT","potentialAction":[{"@type":"ReadAction","target":["https:\/\/ecobnb.it\/blog\/parchi-naturali-italia\/"]}]},{"@type":"WebSite","@id":"https:\/\/ecobnb.it\/blog\/#website","url":"https:\/\/ecobnb.it\/blog\/","name":"Ecobnb","description":"Trova il tuo Alloggio Ecosostenibile","publisher":{"@id":"https:\/\/ecobnb.it\/blog\/#organization"},"potentialAction":[{"@type":"SearchAction","target":{"@type":"EntryPoint","urlTemplate":"https:\/\/ecobnb.it\/blog\/?s={search_term_string}"},"query-input":"required name=search_term_string"}],"inLanguage":"it-IT"},{"@type":"Organization","@id":"https:\/\/ecobnb.it\/blog\/#organization","name":"Ecobnb","url":"https:\/\/ecobnb.it\/blog\/","logo":{"@type":"ImageObject","inLanguage":"it-IT","@id":"https:\/\/ecobnb.it\/blog\/#\/schema\/logo\/image\/","url":"https:\/\/ecobnb.it\/blog\/app\/uploads\/sites\/2\/2016\/03\/logo_transparent_512x512.png","contentUrl":"https:\/\/ecobnb.it\/blog\/app\/uploads\/sites\/2\/2016\/03\/logo_transparent_512x512.png","width":512,"height":512,"caption":"Ecobnb"},"image":{"@id":"https:\/\/ecobnb.it\/blog\/#\/schema\/logo\/image\/"},"sameAs":["https:\/\/www.facebook.com\/viaggiverdi"]}]}},"_links":{"self":[{"href":"https:\/\/ecobnb.it\/blog\/wp-json\/wp\/v2\/pages\/9241"}],"collection":[{"href":"https:\/\/ecobnb.it\/blog\/wp-json\/wp\/v2\/pages"}],"about":[{"href":"https:\/\/ecobnb.it\/blog\/wp-json\/wp\/v2\/types\/page"}],"author":[{"embeddable":true,"href":"https:\/\/ecobnb.it\/blog\/wp-json\/wp\/v2\/users\/3"}],"replies":[{"embeddable":true,"href":"https:\/\/ecobnb.it\/blog\/wp-json\/wp\/v2\/comments?post=9241"}],"version-history":[{"count":6,"href":"https:\/\/ecobnb.it\/blog\/wp-json\/wp\/v2\/pages\/9241\/revisions"}],"predecessor-version":[{"id":50466,"href":"https:\/\/ecobnb.it\/blog\/wp-json\/wp\/v2\/pages\/9241\/revisions\/50466"}],"wp:featuredmedia":[{"embeddable":true,"href":"https:\/\/ecobnb.it\/blog\/wp-json\/wp\/v2\/media\/9242"}],"wp:attachment":[{"href":"https:\/\/ecobnb.it\/blog\/wp-json\/wp\/v2\/media?parent=9241"}],"curies":[{"name":"wp","href":"https:\/\/api.w.org\/{rel}","templated":true}]}}