{"id":7563,"date":"2014-05-03T12:28:10","date_gmt":"2014-05-03T12:28:10","guid":{"rendered":"http:\/\/blog.viaggiverdi.it\/?page_id=7563"},"modified":"2016-05-02T18:37:24","modified_gmt":"2016-05-02T16:37:24","slug":"conferenza-imparare-la-sostenibilita-viaggiando","status":"publish","type":"page","link":"https:\/\/ecobnb.it\/blog\/eventi\/conferenza-imparare-la-sostenibilita-viaggiando\/","title":{"rendered":"Conferenza: Imparare la sostenibilit\u00e0 viaggiando"},"content":{"rendered":"<p>Il <strong>turismo<\/strong> pu\u00f2 diventare un\u2019occasione per scoprire stili di vita sostenibili, incontrare realt\u00e0 virtuose, migliorare l\u2019ambiente, i luoghi e le comunit\u00e0 che li abitano.<\/p>\n<p>Il tema di questa <strong>Conferenza<\/strong>, che inaugura la VI edizione di <strong>IT.A.CA\u2019 festival del turismo responsabile<\/strong>, \u00e8 <strong>il viaggio come esperienza sostenibile<\/strong>, vicino o lontano a casa.<\/p>\n<h3><\/h3>\n<h3><strong><strong>Venerd\u00ec 30 maggio, ore 17.00<\/strong><\/strong><\/h3>\n<p>Parma, Piazza Garibaldi, Auditorium di Palazzo del Governatore<\/p>\n<p>&nbsp;<\/p>\n<p><em>Programma:<\/em><\/p>\n<p>Saluti, Ass.re Cristiano Casa<\/p>\n<p>&nbsp;<\/p>\n<p><em>Intervengono:<\/em><\/p>\n<p><strong>Jacopo Fo<\/strong>, scrittore, attore, regista, fumettista e blogger, \u00e8 fondatore del progetto della <a href=\"https:\/\/ecobnb.it\/perugia\/agriturismo\/libera-universita-di-alcatraz\" target=\"_blank\"><strong>Libera Universit\u00e0 di Alcatraz<\/strong><\/a>, un modello innovativo di turismo sostenibile (e non solo) sulle colline Umbre.<\/p>\n<p><em><strong>Turismo Verde contro l&#8217;abbandono delle campagne \u00a0<\/strong><\/em>(intervento in conference call)<\/p>\n<p>&nbsp;<\/p>\n<p><strong>Marco Boschini<\/strong>, coordinatore nazionale dell\u2019Associazione Comuni virtuosi e\u00a0autore di numerose pubblicazioni sul tema dell&#8217;ecologia e della sostenibilit\u00e0 ambientale, tra cui \u201cNessuno lo far\u00e0 al posto tuo\u201d.<\/p>\n<p><strong><em>Viaggi virtuosi: alla scoperta dell\u2019Italia migliore:\u00a0<\/em><\/strong>c&#8217;\u00e8 un\u2019Italia diversa, nascosta, che resiste. Praticando da almeno un decennio azioni e progettualit\u00e0 che scardinano, dal basso, il sistema del consumo a tutti i costi e della crescita infinita. E\u2019 la somma di comunit\u00e0 medio piccole che in tutto il territorio nazionale sono riuscite ad attivare pratiche di sobriet\u00e0 e sostenibilit\u00e0. Scelte che portano qualit\u00e0 della vita, ricchezza sociale, integrazione. Cittadini e politici virtuosi a servizio delle comunit\u00e0 locali. Che, insieme, producono bellezza. Con i viaggi virtuosi vi portiamo a scoprirne i segreti, la ricetta per cambiare il mondo, semplicemente.<\/p>\n<p>&nbsp;<\/p>\n<p><strong>Ivan Stomeo<\/strong>, sindaco del borgo autentico di Melpignano, sta portando avanti una politica volta al fiorire di una molteplicit\u00e0 di progetti che hanno come base la sostenibilit\u00e0. Dal 2012 \u00e8 Presidente dell&#8217;Associazione Borghi Autentici d&#8217;Italia, ha partecipato al Premio Luisa Minazzi per l&#8217;ambientalista dell&#8217;anno 2013.<\/p>\n<p><strong><em>Le comunit\u00e0 al centro dei borghi: <\/em><\/strong>l&#8217;esperienza e le emozioni che si vivono in un dato luogo sono ci\u00f2 che rende indimenticabile il ricordo di un viaggio. Chi meglio delle persone che vivono nei borghi autentici, pu\u00f2 raccontare storie coinvolgenti delle piccole, ma immense realt\u00e0 umane italiane? Le comunit\u00e0 sono il fulcro dell&#8217;esperienza turistica nei nostri borghi autentici. Comunit\u00e0 attive, dinamiche, partecipative che hanno voglia di trasmettere le proprie tradizioni e accogliere i nuovi ospiti: &#8220;cittadini temporanei&#8221; del borgo. Le stesse comunit\u00e0, che insieme riescono a creare grandi progetti e quindi costruire un futuro pi\u00f9 equo e sostenibile. L&#8217;esperienza dei Borghi Autentici d&#8217;Italia pone le comunit\u00e0 al centro del futuro dei borghi, dal turismo sostenibile di Comunit\u00e0 Ospitale, all&#8217;esperienza del progetto pilota Borghi della Felicit\u00e0.<\/p>\n<p>&nbsp;<\/p>\n<p><strong>Pierluigi Musar\u00f2<\/strong>, docente di Sviluppo sostenibile, cittadinanza attiva e turismo responsabile all&#8217;Universit\u00e0 di Bologna, \u00e8 fondatore e direttore artistico di <a href=\"http:\/\/www.festivalitaca.net\" target=\"_blank\"><strong>IT.A.CA&#8217; migranti e viaggiatori, Festival del turismo responsabile<\/strong><\/a>.<\/p>\n<p><strong><em>La creativit\u00e0 al servizio dello sviluppo turistico responsabile<\/em><\/strong><\/p>\n<p>&nbsp;<\/p>\n<p><em>Coordina:<\/em><\/p>\n<p><strong>Simone Riccardi<\/strong>, fondatore di ViaggiVerdi<\/p>\n<p>&nbsp;<\/p>\n<p><em>Premiazione di:<\/em><\/p>\n<p>\u201c<a href=\"http:\/\/www.adottaunturista.org\" target=\"_blank\"><strong>Adotta un turista<\/strong><\/a>\u201d, il premio per condividere esperienze e luoghi unici<\/p>\n<p>\u201c<a href=\"http:\/\/www.raccontalatuacitta.it\" target=\"_blank\"><strong>Racconta la tua citt\u00e0<\/strong><\/a>\u201d, il premio fotografico e letterario della citt\u00e0 per svelare l&#8217;Italia meno nota e pi\u00f9 autentica, raccontata dai propri abitanti, con letture di\u00a0Raffaele Rinaldi.<\/p>\n<p>interviene\u00a0<strong>Luigi Alfieri<\/strong>,\u00a0scrittore e giornalista di viaggi, capo redattore della Gazzetta di Parma e collaboratore per oltre un decennio con La Stampa di Torino, presidente della giuria del Premio Letterario e Fotografico\u00a0<a href=\"http:\/\/www.raccontalatuacitta.it\" target=\"_blank\"><strong>Racconta la tua citt\u00e0<\/strong><\/a>.<\/p>\n<p>&nbsp;<\/p>\n<p><strong>Partecipazione: <\/strong>gratuita,<strong>\u00a0<span style=\"color: #ff0000\"><a href=\"https:\/\/docs.google.com\/forms\/d\/1SoAHWN4cwL_ykuQApxxwYQ5jUecVZT19I6wiD4iCgNg\/viewform?usp=send_form\" target=\"_blank\"><span style=\"color: #ff0000\">registrati al Convegno cliccando questo link<\/span><\/a><\/span><\/strong><\/p>\n<p><strong>Info:<\/strong>\u00a0info@ecobnb.it<\/p>\n<p><a href=\"https:\/\/ecobnb.it\/blog\/app\/uploads\/sites\/2\/2014\/05\/IMPARARE-LA-SOSTENIBILITA-VIAGGIANDO1.jpg\"><img class=\"alignnone size-full wp-image-7659\" src=\"https:\/\/ecobnb.it\/blog\/app\/uploads\/sites\/2\/2014\/05\/IMPARARE-LA-SOSTENIBILITA-VIAGGIANDO1.jpg\" alt=\"IMPARARE LA SOSTENIBILITA VIAGGIANDO\" width=\"1170\" height=\"835\" srcset=\"https:\/\/ecobnb.it\/blog\/app\/uploads\/sites\/2\/2014\/05\/IMPARARE-LA-SOSTENIBILITA-VIAGGIANDO1.jpg 1170w, https:\/\/ecobnb.it\/blog\/app\/uploads\/sites\/2\/2014\/05\/IMPARARE-LA-SOSTENIBILITA-VIAGGIANDO1-536x382.jpg 536w, https:\/\/ecobnb.it\/blog\/app\/uploads\/sites\/2\/2014\/05\/IMPARARE-LA-SOSTENIBILITA-VIAGGIANDO1-344x245.jpg 344w\" sizes=\"(max-width: 1170px) 100vw, 1170px\" \/><\/a><\/p>\n<p><strong style=\"font-size: 14px;line-height: 1.5em\">Scarica qui la\u00a0<a href=\"https:\/\/ecobnb.it\/blog\/app\/uploads\/sites\/2\/2014\/05\/cartolina-conferenza.pdf\">cartolina della conferenza<\/a><\/strong><\/p>\n<p><span style=\"font-size: 14px;line-height: 1.5em\">Azzera le tue emissioni, vieni in bici o con un mezzo pubblico!<\/span><\/p>\n<p>Evento realizzato da:<\/p>\n<p><a href=\"http:\/\/www.ecobnb.it\"><img class=\"alignnone wp-image-7650\" src=\"https:\/\/ecobnb.it\/blog\/app\/uploads\/sites\/2\/2014\/05\/ViaggiVerdi-536x165.png\" alt=\"ViaggiVerdi\" width=\"225\" height=\"69\" srcset=\"https:\/\/ecobnb.it\/blog\/app\/uploads\/sites\/2\/2014\/05\/ViaggiVerdi-536x165.png 536w, https:\/\/ecobnb.it\/blog\/app\/uploads\/sites\/2\/2014\/05\/ViaggiVerdi-344x106.png 344w\" sizes=\"(max-width: 225px) 100vw, 225px\" \/><\/a>\u00a0 \u00a0 \u00a0 \u00a0 \u00a0 \u00a0<img class=\"alignnone wp-image-7649\" src=\"https:\/\/ecobnb.it\/blog\/app\/uploads\/sites\/2\/2014\/05\/itaca_LOGO_NEW-536x667.jpg\" alt=\"itaca_LOGO_NEW\" width=\"87\" height=\"107\" srcset=\"https:\/\/ecobnb.it\/blog\/app\/uploads\/sites\/2\/2014\/05\/itaca_LOGO_NEW-536x667.jpg 536w, https:\/\/ecobnb.it\/blog\/app\/uploads\/sites\/2\/2014\/05\/itaca_LOGO_NEW-344x428.jpg 344w, https:\/\/ecobnb.it\/blog\/app\/uploads\/sites\/2\/2014\/05\/itaca_LOGO_NEW.jpg 1614w\" sizes=\"(max-width: 87px) 100vw, 87px\" \/><\/p>\n<p>&nbsp;<\/p>\n<p><span style=\"font-size: 14px;line-height: 1.5em\">Ufficio Stampa a cura di:<\/span><\/p>\n<p><a style=\"line-height: 1.5em\" href=\"http:\/\/ellastudio.it\"><img class=\"alignnone wp-image-7488\" src=\"https:\/\/ecobnb.it\/blog\/app\/uploads\/sites\/2\/2014\/04\/Ella-Studio.png\" alt=\"Ella Studio\" width=\"126\" height=\"52\" \/><\/a><\/p>\n<p>&nbsp;<\/p>\n<p>Con il Patrocinio di:<\/p>\n<p><a href=\"http:\/\/www.provincia.parma.it\/\"><img class=\"alignnone wp-image-7269\" src=\"https:\/\/ecobnb.it\/blog\/app\/uploads\/sites\/2\/2014\/04\/provinciadiparma-536x485.jpg\" alt=\"provinciadiparma\" width=\"114\" height=\"103\" srcset=\"https:\/\/ecobnb.it\/blog\/app\/uploads\/sites\/2\/2014\/04\/provinciadiparma-536x485.jpg 536w, https:\/\/ecobnb.it\/blog\/app\/uploads\/sites\/2\/2014\/04\/provinciadiparma-344x311.jpg 344w, https:\/\/ecobnb.it\/blog\/app\/uploads\/sites\/2\/2014\/04\/provinciadiparma.jpg 628w\" sizes=\"(max-width: 114px) 100vw, 114px\" \/><\/a>\u00a0 \u00a0 \u00a0 \u00a0 \u00a0\u00a0<a href=\"https:\/\/ecobnb.it\/blog\/app\/uploads\/sites\/2\/2014\/04\/STEMMA-COMUNE-DI-PARMA.jpg\"><img class=\"alignnone wp-image-7569\" src=\"https:\/\/ecobnb.it\/blog\/app\/uploads\/sites\/2\/2014\/04\/STEMMA-COMUNE-DI-PARMA-870x490.jpg\" alt=\"STEMMA COMUNE DI PARMA\" width=\"175\" height=\"98\" srcset=\"https:\/\/ecobnb.it\/blog\/app\/uploads\/sites\/2\/2014\/04\/STEMMA-COMUNE-DI-PARMA-870x490.jpg 870w, https:\/\/ecobnb.it\/blog\/app\/uploads\/sites\/2\/2014\/04\/STEMMA-COMUNE-DI-PARMA-570x320.jpg 570w\" sizes=\"(max-width: 175px) 100vw, 175px\" \/><\/a><\/p>\n","protected":false},"excerpt":{"rendered":"<p>Il turismo pu\u00f2 diventare un\u2019occasione per scoprire stili di vita sostenibili, incontrare realt\u00e0 virtuose, migliorare l\u2019ambiente, i luoghi e le comunit\u00e0 che li abitano. Il tema di questa Conferenza, che inaugura la VI edizione di IT.A.CA\u2019 festival del turismo responsabile, \u00e8 il viaggio come esperienza sostenibile, vicino o lontano a casa. Venerd\u00ec 30 maggio, ore [&hellip;]<\/p>\n","protected":false},"author":3,"featured_media":7664,"parent":16232,"menu_order":0,"comment_status":"closed","ping_status":"closed","template":"","meta":[],"acf":[],"yoast_head":"<!-- This site is optimized with the Yoast SEO plugin v19.9 - https:\/\/yoast.com\/wordpress\/plugins\/seo\/ -->\n<title>Conferenza: Imparare la sostenibilit\u00e0 viaggiando - Ecobnb<\/title>\n<meta name=\"description\" content=\"Conferenza: quando il turismo diventa occasione per scoprire stili di vita sostenibili, incontrare realt\u00e0 virtuose, arricchire l\u2019ambiente e la comunit\u00e0.\" \/>\n<meta name=\"robots\" content=\"index, follow, max-snippet:-1, max-image-preview:large, max-video-preview:-1\" \/>\n<link rel=\"canonical\" href=\"https:\/\/ecobnb.it\/blog\/eventi\/conferenza-imparare-la-sostenibilita-viaggiando\/\" \/>\n<meta property=\"og:locale\" content=\"it_IT\" \/>\n<meta property=\"og:type\" content=\"article\" \/>\n<meta property=\"og:title\" content=\"Conferenza: Imparare la sostenibilit\u00e0 viaggiando - Ecobnb\" \/>\n<meta property=\"og:description\" content=\"Conferenza: quando il turismo diventa occasione per scoprire stili di vita sostenibili, incontrare realt\u00e0 virtuose, arricchire l\u2019ambiente e la comunit\u00e0.\" \/>\n<meta property=\"og:url\" content=\"https:\/\/ecobnb.it\/blog\/eventi\/conferenza-imparare-la-sostenibilita-viaggiando\/\" \/>\n<meta property=\"og:site_name\" content=\"Ecobnb\" \/>\n<meta property=\"article:publisher\" content=\"https:\/\/www.facebook.com\/viaggiverdi\" \/>\n<meta property=\"article:modified_time\" content=\"2016-05-02T16:37:24+00:00\" \/>\n<meta property=\"og:image\" content=\"https:\/\/ecobnb.it\/blog\/app\/uploads\/sites\/2\/2014\/05\/IMPARARE-SOSTENIBILITA-VIAGGIANDO1.jpg\" \/>\n\t<meta property=\"og:image:width\" content=\"1170\" \/>\n\t<meta property=\"og:image:height\" content=\"490\" \/>\n\t<meta property=\"og:image:type\" content=\"image\/jpeg\" \/>\n<meta name=\"twitter:label1\" content=\"Est. reading time\" \/>\n\t<meta name=\"twitter:data1\" content=\"3 minutes\" \/>\n<!-- \/ Yoast SEO plugin. -->","yoast_head_json":{"title":"Conferenza: Imparare la sostenibilit\u00e0 viaggiando - Ecobnb","description":"Conferenza: quando il turismo diventa occasione per scoprire stili di vita sostenibili, incontrare realt\u00e0 virtuose, arricchire l\u2019ambiente e la comunit\u00e0.","robots":{"index":"index","follow":"follow","max-snippet":"max-snippet:-1","max-image-preview":"max-image-preview:large","max-video-preview":"max-video-preview:-1"},"canonical":"https:\/\/ecobnb.it\/blog\/eventi\/conferenza-imparare-la-sostenibilita-viaggiando\/","og_locale":"it_IT","og_type":"article","og_title":"Conferenza: Imparare la sostenibilit\u00e0 viaggiando - Ecobnb","og_description":"Conferenza: quando il turismo diventa occasione per scoprire stili di vita sostenibili, incontrare realt\u00e0 virtuose, arricchire l\u2019ambiente e la comunit\u00e0.","og_url":"https:\/\/ecobnb.it\/blog\/eventi\/conferenza-imparare-la-sostenibilita-viaggiando\/","og_site_name":"Ecobnb","article_publisher":"https:\/\/www.facebook.com\/viaggiverdi","article_modified_time":"2016-05-02T16:37:24+00:00","og_image":[{"width":1170,"height":490,"url":"https:\/\/ecobnb.it\/blog\/app\/uploads\/sites\/2\/2014\/05\/IMPARARE-SOSTENIBILITA-VIAGGIANDO1.jpg","type":"image\/jpeg"}],"twitter_misc":{"Est. reading time":"3 minutes"},"schema":{"@context":"https:\/\/schema.org","@graph":[{"@type":"WebPage","@id":"https:\/\/ecobnb.it\/blog\/eventi\/conferenza-imparare-la-sostenibilita-viaggiando\/","url":"https:\/\/ecobnb.it\/blog\/eventi\/conferenza-imparare-la-sostenibilita-viaggiando\/","name":"Conferenza: Imparare la sostenibilit\u00e0 viaggiando - Ecobnb","isPartOf":{"@id":"https:\/\/ecobnb.it\/blog\/#website"},"datePublished":"2014-05-03T12:28:10+00:00","dateModified":"2016-05-02T16:37:24+00:00","description":"Conferenza: quando il turismo diventa occasione per scoprire stili di vita sostenibili, incontrare realt\u00e0 virtuose, arricchire l\u2019ambiente e la comunit\u00e0.","breadcrumb":{"@id":"https:\/\/ecobnb.it\/blog\/eventi\/conferenza-imparare-la-sostenibilita-viaggiando\/#breadcrumb"},"inLanguage":"it-IT","potentialAction":[{"@type":"ReadAction","target":["https:\/\/ecobnb.it\/blog\/eventi\/conferenza-imparare-la-sostenibilita-viaggiando\/"]}]},{"@type":"BreadcrumbList","@id":"https:\/\/ecobnb.it\/blog\/eventi\/conferenza-imparare-la-sostenibilita-viaggiando\/#breadcrumb","itemListElement":[{"@type":"ListItem","position":1,"name":"Ecobnb Green Accademy: Eventi Formativi, workshop e Incontri","item":"https:\/\/ecobnb.it\/blog\/eventi\/"},{"@type":"ListItem","position":2,"name":"Conferenza: Imparare la sostenibilit\u00e0 viaggiando"}]},{"@type":"WebSite","@id":"https:\/\/ecobnb.it\/blog\/#website","url":"https:\/\/ecobnb.it\/blog\/","name":"Ecobnb","description":"Trova il tuo Alloggio Ecosostenibile","publisher":{"@id":"https:\/\/ecobnb.it\/blog\/#organization"},"potentialAction":[{"@type":"SearchAction","target":{"@type":"EntryPoint","urlTemplate":"https:\/\/ecobnb.it\/blog\/?s={search_term_string}"},"query-input":"required name=search_term_string"}],"inLanguage":"it-IT"},{"@type":"Organization","@id":"https:\/\/ecobnb.it\/blog\/#organization","name":"Ecobnb","url":"https:\/\/ecobnb.it\/blog\/","logo":{"@type":"ImageObject","inLanguage":"it-IT","@id":"https:\/\/ecobnb.it\/blog\/#\/schema\/logo\/image\/","url":"https:\/\/ecobnb.it\/blog\/app\/uploads\/sites\/2\/2016\/03\/logo_transparent_512x512.png","contentUrl":"https:\/\/ecobnb.it\/blog\/app\/uploads\/sites\/2\/2016\/03\/logo_transparent_512x512.png","width":512,"height":512,"caption":"Ecobnb"},"image":{"@id":"https:\/\/ecobnb.it\/blog\/#\/schema\/logo\/image\/"},"sameAs":["https:\/\/www.facebook.com\/viaggiverdi"]}]}},"_links":{"self":[{"href":"https:\/\/ecobnb.it\/blog\/wp-json\/wp\/v2\/pages\/7563"}],"collection":[{"href":"https:\/\/ecobnb.it\/blog\/wp-json\/wp\/v2\/pages"}],"about":[{"href":"https:\/\/ecobnb.it\/blog\/wp-json\/wp\/v2\/types\/page"}],"author":[{"embeddable":true,"href":"https:\/\/ecobnb.it\/blog\/wp-json\/wp\/v2\/users\/3"}],"replies":[{"embeddable":true,"href":"https:\/\/ecobnb.it\/blog\/wp-json\/wp\/v2\/comments?post=7563"}],"version-history":[{"count":16,"href":"https:\/\/ecobnb.it\/blog\/wp-json\/wp\/v2\/pages\/7563\/revisions"}],"predecessor-version":[{"id":18116,"href":"https:\/\/ecobnb.it\/blog\/wp-json\/wp\/v2\/pages\/7563\/revisions\/18116"}],"up":[{"embeddable":true,"href":"https:\/\/ecobnb.it\/blog\/wp-json\/wp\/v2\/pages\/16232"}],"wp:featuredmedia":[{"embeddable":true,"href":"https:\/\/ecobnb.it\/blog\/wp-json\/wp\/v2\/media\/7664"}],"wp:attachment":[{"href":"https:\/\/ecobnb.it\/blog\/wp-json\/wp\/v2\/media?parent=7563"}],"curies":[{"name":"wp","href":"https:\/\/api.w.org\/{rel}","templated":true}]}}