{"id":58324,"date":"2021-02-14T15:15:00","date_gmt":"2021-02-14T14:15:00","guid":{"rendered":"https:\/\/ecobnb.it\/blog\/?page_id=58324"},"modified":"2021-03-02T09:37:32","modified_gmt":"2021-03-02T08:37:32","slug":"turismo-emergenza-climatica-piano-clima","status":"publish","type":"page","link":"https:\/\/ecobnb.it\/blog\/turismo-emergenza-climatica-piano-clima\/","title":{"rendered":"Ecobnb Dichiara l&#8217;Emergenza Climatica"},"content":{"rendered":"<p>Il 14 febbraio 2021 Ecobnb ha dichiarato l&#8217;emergenza climatica. Firmando la <strong>dichiarazione di emergenza climatica del turismo<\/strong>,\u00a0insieme ad altre 184 aziende, organizzazioni no profit ed imprese turistiche, ci impegniamo a ridurre le emissioni di CO2 del 55% entro il 2030.<\/p>\n<h2>Piano d&#8217;Azione per il Clima<\/h2>\n<p><img class=\"alignnone wp-image-58325 size-large\" src=\"https:\/\/ecobnb.it\/blog\/app\/uploads\/sites\/2\/2021\/02\/tourism-declares-870x490.jpg\" alt=\"Piano d'Azione per il Clima\" width=\"870\" height=\"490\" srcset=\"https:\/\/ecobnb.it\/blog\/app\/uploads\/sites\/2\/2021\/02\/tourism-declares-870x490.jpg 870w, https:\/\/ecobnb.it\/blog\/app\/uploads\/sites\/2\/2021\/02\/tourism-declares-570x320.jpg 570w\" sizes=\"(max-width: 870px) 100vw, 870px\" \/><\/p>\n<p>Abbiamo sviluppato il piano d&#8217;azione per il clima sulla base del\u00a0<a href=\"https:\/\/www.ipcc.ch\/site\/assets\/uploads\/2018\/12\/UNEP-1.pdf\" target=\"_blank\" rel=\"noopener\">consiglio dell&#8217;IPCC<\/a>, che afferma la necessit\u00e0 di <strong>ridurre le <a href=\"https:\/\/ecobnb.it\/blog\/2019\/11\/gas-serra-emissioni\/\" target=\"_blank\" rel=\"noopener\">emissioni globali di carbonio <\/a><\/strong> al <strong>55%<\/strong> rispetto ai livelli del 2017 <strong>entro il 2030<\/strong> per mantenere il pianeta entro 1,5 gradi di riscaldamento globale.<\/p>\n<p>Come le altre centinaia di aziende che hanno firmato l&#8217;accordo per l&#8217;emergenza climatica, Ecobnb si \u00e8 impegnata a:<\/p>\n<ol>\n<li>Sviluppare un &#8220;<strong>Piano d&#8217;emergenza climatica<\/strong>&#8221; entro i prossimi 12 mesi, che esponga le nostre intenzioni di <strong>ridurre le emissioni di carbonio<\/strong> nel prossimo decennio.<\/li>\n<li>Condividere una dichiarazione pubblica iniziale del nostro &#8220;<strong>Piano di emergenza climatica<\/strong>&#8221; e aggiornarli sui progressi ogni anno.<\/li>\n<li>Accettare l&#8217;attuale consiglio dell&#8217;IPCC che afferma la necessit\u00e0 di ridurre le emissioni globali di carbonio al 55% rispetto ai livelli del 2017 entro il 2030 al fine di mantenere il pianeta entro 1,5 gradi di riscaldamento. Garantiremo che il nostro &#8220;Piano di emergenza climatica&#8221; contenga azioni progettate per raggiungere questo obiettivo minimo.<\/li>\n<li>Incoraggiare i nostri fornitori e partner a fare la stessa dichiarazione. Attraverso il nostro sito, blog e socials ci impegnamo a condividere le migliori pratiche di sostenibilit\u00e0.<\/li>\n<li><strong>Sostenere il cambiamento<\/strong>. Riconosciamo la necessit\u00e0 di un cambiamento del sistema turistico per accelerare una transizione giusta verso un turismo <strong>senza emissioni di carbonio<\/strong>.<\/li>\n<\/ol>\n<h2>Impegno per il turismo sostenibile<\/h2>\n<div id=\"attachment_47364\" class=\"thumbnail alignnone\"><img class=\"size-full wp-image-47364\" src=\"https:\/\/ecobnb.it\/blog\/app\/uploads\/sites\/2\/2020\/01\/ecobnb-home-870x490.png\" alt=\"Ecobnb, home\" width=\"870\" height=\"490\" srcset=\"https:\/\/ecobnb.it\/blog\/app\/uploads\/sites\/2\/2020\/01\/ecobnb-home-870x490.png 870w, https:\/\/ecobnb.it\/blog\/app\/uploads\/sites\/2\/2020\/01\/ecobnb-home-870x490-536x302.png 536w, https:\/\/ecobnb.it\/blog\/app\/uploads\/sites\/2\/2020\/01\/ecobnb-home-870x490-768x433.png 768w, https:\/\/ecobnb.it\/blog\/app\/uploads\/sites\/2\/2020\/01\/ecobnb-home-870x490-570x320.png 570w, https:\/\/ecobnb.it\/blog\/app\/uploads\/sites\/2\/2020\/01\/ecobnb-home-870x490-344x194.png 344w\" sizes=\"(max-width: 870px) 100vw, 870px\" \/><div class=\"caption\">Ecobnb, Home<\/div><\/div>\n<p>Ecobnb nasce nel 2014 con l&#8217;idea di creare un punto di incontro tra viaggiatori responsabili e strutture ricettive che stanno investendo in un futuro migliore e pi\u00f9 ecologico. Con Ecobnb promuoviamo il turismo rispettoso dell&#8217;ambiente, dei luoghi e delle comunit\u00e0 che vi abitano.<\/p>\n<p><img class=\"alignnone wp-image-58328 size-full\" src=\"https:\/\/ecobnb.it\/blog\/app\/uploads\/sites\/2\/2021\/02\/eco-sostenibilit\u00e0-e1613138912599.png\" alt=\"eco-sostenibilit\u00e0\" width=\"870\" height=\"240\" \/><\/p>\n<p>Il nostro progetto \u00e8 ridurre le emissioni di CO2 per ogni viaggiatore, adottando accorgimenti ecologici nell&#8217;ospitalit\u00e0. Ecobnb mette in rete oltre tremila strutture ricettive che adottano almeno 5 di questi 10 criteri di sostenibilit\u00e0:<\/p>\n<ol>\n<li>energia al 100% da fonti rinnovabili<\/li>\n<li>cibo biologico o a km zero<\/li>\n<li>bioarchitettura<\/li>\n<li>lampadine a basso consumo<\/li>\n<li>riduttori di flusso nei rubinetti<\/li>\n<li>pannelli solari<\/li>\n<li>riuso e recupero delle acque piovane<\/li>\n<li>detergenti ecologici<\/li>\n<li>differenziazione dei rifiuti oltre l&#8217;80%<\/li>\n<li>mobilit\u00e0 sostenbile<\/li>\n<\/ol>\n<p>Inoltre, informiamo, creiamo attenzione sul tema e incentiviamo le strutture ricettive essere sempre pi\u00f9 eco-friendly. Ad esempio organizziamo eventi e workshop per promuovere la diffusione delle <a href=\"https:\/\/ecobnb.it\/blog\/stazioni-ricarica-veicoli-elettrici-hotel-guida\/\" target=\"_blank\" rel=\"noopener\">colonnine di ricarica per le auto elettriche<\/a>, o scriviamo articoli e guide per aiutare le ospiatalit\u00e0 a risolvere problemi importanti come l&#8217;eliminazione della plastica.<\/p>\n<h2>Azzerare le emissioni<\/h2>\n<div id=\"attachment_58329\" class=\"thumbnail alignnone\"><img class=\"wp-image-58329 size-large\" src=\"https:\/\/ecobnb.it\/blog\/app\/uploads\/sites\/2\/2021\/02\/green-energy-870x490.jpeg\" alt=\"green energy\" width=\"870\" height=\"490\" srcset=\"https:\/\/ecobnb.it\/blog\/app\/uploads\/sites\/2\/2021\/02\/green-energy-870x490.jpeg 870w, https:\/\/ecobnb.it\/blog\/app\/uploads\/sites\/2\/2021\/02\/green-energy-570x320.jpeg 570w\" sizes=\"(max-width: 870px) 100vw, 870px\" \/><div class=\"caption\">Photo by Christian V on Unsplash<\/div><\/div>\n<p>La piattaforma Ecobnb si trova su <strong>server green<\/strong>, ovvero alimentati al 100% da energie rinnovabili e pulite. L&#8217;attivit\u00e0 di lavoro \u00e8 gestita in modalit\u00e0 &#8220;smart working&#8221;: questo consente di ridurre al minimo le emissioni legate agli spostamenti casa-lavoro. I soci di Ecobnb si muovono in auto elettrica, in bici o con i mezzi pubblici. Anche i collaboratori sono incentivati ad adottare stili di vita eco-sostenibili. Plastic-free, locale e biologico sono parole chiave nelle scelte quotidiane che facciamo.<\/p>\n<h2>Misurare \u00e8 Sapere<\/h2>\n<p><img class=\"alignnone wp-image-58327 size-full\" src=\"https:\/\/ecobnb.it\/blog\/app\/uploads\/sites\/2\/2021\/02\/alberi-salvati-1-e1613139025129.png\" alt=\"alberi salvati e co2 evitata con ecobnb\" width=\"870\" height=\"412\" \/>Dal 2016 misuriamo la quantit\u00e0 di CO2 risparmiata grazie alle notti spese in strutture ricettive eco-sostenibili, rispetto a strutture convenzionali. Secondo How Many Trees, la quantit\u00e0 di CO2 risparmiata \u00e8 pari a circa 8 kg per notte per persona, l&#8217;equivalente di <a href=\"https:\/\/ecobnb.it\/blog\/risparmi-alberi-co2\/\" target=\"_blank\" rel=\"noopener\">295 alberi salvati<\/a>.<\/p>\n<p>Ecobnb misura la CO2 salvata attraverso i soggiorni eco-friendly mostrando il dato sempre aggiornato in <a href=\"https:\/\/ecobnb.it\" target=\"_blank\" rel=\"noopener\">homepage<\/a>. Inoltre, dal 2000 Ecobnb \u00e8 impegnata in progetti di <a href=\"https:\/\/ecobnb.it\/blog\/piantare-alberi-italia\/\" target=\"_blank\" rel=\"noopener\">piantumazione di alberi localmente<\/a>, in Italia, tramite il proprio network di contadini custodi.<\/p>\n<p>Ogni anno Ecobnb redige un <strong>bilancio sociale<\/strong>, nel quale riporta i dati raccolti relativi alla CO2 risparmiata, i nuovi alberi piantati attraverso i progetti, facendo perci\u00f2 un bilancio delle ricadute positive che la piattaforma ha sull&#8217;ambiente e sui luoghi.<\/p>\n<p>&nbsp;<\/p>\n","protected":false},"excerpt":{"rendered":"<p>Il 14 febbraio 2021 Ecobnb ha dichiarato l&#8217;emergenza climatica. Firmando la dichiarazione di emergenza climatica del turismo,\u00a0insieme ad altre 184 aziende, organizzazioni no profit ed imprese turistiche, ci impegniamo a ridurre le emissioni di CO2 del 55% entro il 2030. Piano d&#8217;Azione per il Clima Abbiamo sviluppato il piano d&#8217;azione per il clima sulla base [&hellip;]<\/p>\n","protected":false},"author":3,"featured_media":58672,"parent":0,"menu_order":0,"comment_status":"closed","ping_status":"closed","template":"","meta":[],"acf":[],"yoast_head":"<!-- This site is optimized with the Yoast SEO plugin v19.9 - https:\/\/yoast.com\/wordpress\/plugins\/seo\/ -->\n<title>Ecobnb Dichiara l&#039;Emergenza Climatica - Ecobnb<\/title>\n<meta name=\"description\" content=\"Ecobnb dichiara l&#039;emergenza climatica e si impegna a ridurre le emissioni di CO2 del 55% entro il 2030 con il suo piano d&#039;azione per il clima\" \/>\n<meta name=\"robots\" content=\"index, follow, max-snippet:-1, max-image-preview:large, max-video-preview:-1\" \/>\n<link rel=\"canonical\" href=\"https:\/\/ecobnb.it\/blog\/turismo-emergenza-climatica-piano-clima\/\" \/>\n<meta property=\"og:locale\" content=\"it_IT\" \/>\n<meta property=\"og:type\" content=\"article\" \/>\n<meta property=\"og:title\" content=\"Ecobnb Dichiara l&#039;Emergenza Climatica - Ecobnb\" \/>\n<meta property=\"og:description\" content=\"Ecobnb dichiara l&#039;emergenza climatica e si impegna a ridurre le emissioni di CO2 del 55% entro il 2030 con il suo piano d&#039;azione per il clima\" \/>\n<meta property=\"og:url\" content=\"https:\/\/ecobnb.it\/blog\/turismo-emergenza-climatica-piano-clima\/\" \/>\n<meta property=\"og:site_name\" content=\"Ecobnb\" \/>\n<meta property=\"article:publisher\" content=\"https:\/\/www.facebook.com\/viaggiverdi\" \/>\n<meta property=\"article:modified_time\" content=\"2021-03-02T08:37:32+00:00\" \/>\n<meta property=\"og:image\" content=\"https:\/\/ecobnb.it\/blog\/app\/uploads\/sites\/2\/2021\/03\/emergenza-clima.jpg\" \/>\n\t<meta property=\"og:image:width\" content=\"1170\" \/>\n\t<meta property=\"og:image:height\" content=\"490\" \/>\n\t<meta property=\"og:image:type\" content=\"image\/jpeg\" \/>\n<meta name=\"twitter:label1\" content=\"Est. reading time\" \/>\n\t<meta name=\"twitter:data1\" content=\"3 minutes\" \/>\n<!-- \/ Yoast SEO plugin. -->","yoast_head_json":{"title":"Ecobnb Dichiara l'Emergenza Climatica - Ecobnb","description":"Ecobnb dichiara l'emergenza climatica e si impegna a ridurre le emissioni di CO2 del 55% entro il 2030 con il suo piano d'azione per il clima","robots":{"index":"index","follow":"follow","max-snippet":"max-snippet:-1","max-image-preview":"max-image-preview:large","max-video-preview":"max-video-preview:-1"},"canonical":"https:\/\/ecobnb.it\/blog\/turismo-emergenza-climatica-piano-clima\/","og_locale":"it_IT","og_type":"article","og_title":"Ecobnb Dichiara l'Emergenza Climatica - Ecobnb","og_description":"Ecobnb dichiara l'emergenza climatica e si impegna a ridurre le emissioni di CO2 del 55% entro il 2030 con il suo piano d'azione per il clima","og_url":"https:\/\/ecobnb.it\/blog\/turismo-emergenza-climatica-piano-clima\/","og_site_name":"Ecobnb","article_publisher":"https:\/\/www.facebook.com\/viaggiverdi","article_modified_time":"2021-03-02T08:37:32+00:00","og_image":[{"width":1170,"height":490,"url":"https:\/\/ecobnb.it\/blog\/app\/uploads\/sites\/2\/2021\/03\/emergenza-clima.jpg","type":"image\/jpeg"}],"twitter_misc":{"Est. reading time":"3 minutes"},"schema":{"@context":"https:\/\/schema.org","@graph":[{"@type":"WebPage","@id":"https:\/\/ecobnb.it\/blog\/turismo-emergenza-climatica-piano-clima\/","url":"https:\/\/ecobnb.it\/blog\/turismo-emergenza-climatica-piano-clima\/","name":"Ecobnb Dichiara l'Emergenza Climatica - Ecobnb","isPartOf":{"@id":"https:\/\/ecobnb.it\/blog\/#website"},"datePublished":"2021-02-14T14:15:00+00:00","dateModified":"2021-03-02T08:37:32+00:00","description":"Ecobnb dichiara l'emergenza climatica e si impegna a ridurre le emissioni di CO2 del 55% entro il 2030 con il suo piano d'azione per il clima","inLanguage":"it-IT","potentialAction":[{"@type":"ReadAction","target":["https:\/\/ecobnb.it\/blog\/turismo-emergenza-climatica-piano-clima\/"]}]},{"@type":"WebSite","@id":"https:\/\/ecobnb.it\/blog\/#website","url":"https:\/\/ecobnb.it\/blog\/","name":"Ecobnb","description":"Trova il tuo Alloggio Ecosostenibile","publisher":{"@id":"https:\/\/ecobnb.it\/blog\/#organization"},"potentialAction":[{"@type":"SearchAction","target":{"@type":"EntryPoint","urlTemplate":"https:\/\/ecobnb.it\/blog\/?s={search_term_string}"},"query-input":"required name=search_term_string"}],"inLanguage":"it-IT"},{"@type":"Organization","@id":"https:\/\/ecobnb.it\/blog\/#organization","name":"Ecobnb","url":"https:\/\/ecobnb.it\/blog\/","logo":{"@type":"ImageObject","inLanguage":"it-IT","@id":"https:\/\/ecobnb.it\/blog\/#\/schema\/logo\/image\/","url":"https:\/\/ecobnb.it\/blog\/app\/uploads\/sites\/2\/2016\/03\/logo_transparent_512x512.png","contentUrl":"https:\/\/ecobnb.it\/blog\/app\/uploads\/sites\/2\/2016\/03\/logo_transparent_512x512.png","width":512,"height":512,"caption":"Ecobnb"},"image":{"@id":"https:\/\/ecobnb.it\/blog\/#\/schema\/logo\/image\/"},"sameAs":["https:\/\/www.facebook.com\/viaggiverdi"]}]}},"_links":{"self":[{"href":"https:\/\/ecobnb.it\/blog\/wp-json\/wp\/v2\/pages\/58324"}],"collection":[{"href":"https:\/\/ecobnb.it\/blog\/wp-json\/wp\/v2\/pages"}],"about":[{"href":"https:\/\/ecobnb.it\/blog\/wp-json\/wp\/v2\/types\/page"}],"author":[{"embeddable":true,"href":"https:\/\/ecobnb.it\/blog\/wp-json\/wp\/v2\/users\/3"}],"replies":[{"embeddable":true,"href":"https:\/\/ecobnb.it\/blog\/wp-json\/wp\/v2\/comments?post=58324"}],"version-history":[{"count":8,"href":"https:\/\/ecobnb.it\/blog\/wp-json\/wp\/v2\/pages\/58324\/revisions"}],"predecessor-version":[{"id":58398,"href":"https:\/\/ecobnb.it\/blog\/wp-json\/wp\/v2\/pages\/58324\/revisions\/58398"}],"wp:featuredmedia":[{"embeddable":true,"href":"https:\/\/ecobnb.it\/blog\/wp-json\/wp\/v2\/media\/58672"}],"wp:attachment":[{"href":"https:\/\/ecobnb.it\/blog\/wp-json\/wp\/v2\/media?parent=58324"}],"curies":[{"name":"wp","href":"https:\/\/api.w.org\/{rel}","templated":true}]}}