{"id":56477,"date":"2020-12-04T10:54:31","date_gmt":"2020-12-04T09:54:31","guid":{"rendered":"https:\/\/ecobnb.it\/blog\/?page_id=56477"},"modified":"2020-12-15T08:28:40","modified_gmt":"2020-12-15T07:28:40","slug":"gift-card-perle-alpine","status":"publish","type":"page","link":"https:\/\/ecobnb.it\/blog\/gift-card-perle-alpine\/","title":{"rendered":"Gift Card Perle Alpine: Come Utilizzare la Tua Carta Regalo"},"content":{"rendered":"<h2>Hai ricevuto una Gift Card Perle Alpine e non vedi l&#8217;ora di usarla per scoprire le Alpi pi\u00f9 sostenibili? Utilizzare il tuo regalo \u00e8 davvero facile e immediato. Ecco come puoi fare.<\/h2>\n<p><img class=\"alignnone size-full wp-image-57148\" src=\"https:\/\/ecobnb.it\/blog\/app\/uploads\/sites\/2\/2020\/12\/giftcard-perlealpine.jpg\" alt=\"giftcard perlealpine\" width=\"870\" height=\"490\" srcset=\"https:\/\/ecobnb.it\/blog\/app\/uploads\/sites\/2\/2020\/12\/giftcard-perlealpine.jpg 870w, https:\/\/ecobnb.it\/blog\/app\/uploads\/sites\/2\/2020\/12\/giftcard-perlealpine-536x302.jpg 536w, https:\/\/ecobnb.it\/blog\/app\/uploads\/sites\/2\/2020\/12\/giftcard-perlealpine-768x433.jpg 768w, https:\/\/ecobnb.it\/blog\/app\/uploads\/sites\/2\/2020\/12\/giftcard-perlealpine-570x320.jpg 570w, https:\/\/ecobnb.it\/blog\/app\/uploads\/sites\/2\/2020\/12\/giftcard-perlealpine-344x194.jpg 344w\" sizes=\"(max-width: 870px) 100vw, 870px\" \/><\/p>\n<h2>Gift Card Perle Alpine: che cos\u2019\u00e8?<\/h2>\n<p>La Gift Card Perle Alpine \u00e8 un <strong>coupon<\/strong> <strong>dematerializzato<\/strong> inviato via email a chi la acquista. Disponibile in diversi tagli, si pu\u00f2 utilizzare sulla piattaforma Ecobnb per <strong>prenotare<\/strong> delle <strong>vacanze<\/strong> nelle tante strutture ricettive presenti nelle <strong>Perle<\/strong> <strong>Alpine<\/strong>.\u00a0Preparati a vivere una vacanza indimenticabile e senza auto soggiornando in <strong>hotel<\/strong> <strong>eco<\/strong>&#8211;<strong>friendly<\/strong>, <strong>campeggi<\/strong> ecologici, <strong>agriturismi<\/strong> o B&amp;B sostenibili in quelle <strong>localit\u00e0 montane<\/strong> d&#8217;Europa che promuovono il turismo sostenibile e la <strong>mobilit\u00e0<\/strong> <strong>dolce<\/strong>.<\/p>\n<h2>Come posso utilizzare la mia Gift Card?<\/h2>\n<p>Le Gift Card Perle Alpine sono composte da un <strong>codice<\/strong> univoco di 12 cifre. Utilizzarle \u00e8 semplicissimo: ti baster\u00e0 andare sulla <strong><a href=\"https:\/\/ecobnb.it\/speciale\/perle-alpine\" target=\"_blank\" rel=\"noopener\">pagina dedicata alle Perle Alpine<\/a>,<\/strong> <strong>scegliere<\/strong> dove vuoi <strong>soggiornare<\/strong> tra le <strong>centinaia<\/strong> di <strong>strutture<\/strong> eco-friendly presenti e ricordarti di inserire nella richiesta di verifica disponibilit\u00e0 anche il codice della tua carta regalo digitale. Una volta ricevuta la conferma di disponibilit\u00e0 da parte della struttura potrai procedere con la prenotazione. La tua <strong>vacanza consapevole<\/strong> e in armonia con la natura \u00e8 ormai vicina!<\/p>\n<div id=\"attachment_38174\" class=\"thumbnail alignnone\"><img class=\"size-large wp-image-38174\" src=\"https:\/\/ecobnb.it\/blog\/app\/uploads\/sites\/2\/2018\/11\/Gift-Card-Viaggiatori-e1544174281670-870x490.png\" alt=\"Come inserire il Codice Coupon della tua Gift Card in una richiesta di disponibilit\u00e0 su Ecobnb\" width=\"870\" height=\"490\" srcset=\"https:\/\/ecobnb.it\/blog\/app\/uploads\/sites\/2\/2018\/11\/Gift-Card-Viaggiatori-e1544174281670-870x490.png 870w, https:\/\/ecobnb.it\/blog\/app\/uploads\/sites\/2\/2018\/11\/Gift-Card-Viaggiatori-e1544174281670-570x320.png 570w\" sizes=\"(max-width: 870px) 100vw, 870px\" \/><div class=\"caption\">Come inserire il Codice Coupon della tua Gift Card in una richiesta di disponibilit\u00e0 su Ecobnb<\/div><\/div>\n<h2>Sino a quando posso utilizzarla?<\/h2>\n<p>Le Gift Card hanno validit\u00e0 <strong>12 mesi<\/strong> dal momento della loro attivazione. In caso di impossibilit\u00e0 a viaggiare a causa di covid-19, la validit\u00e0 del coupon pu\u00f2 essere estesa.<\/p>\n<h2>\u00c8 valida per un solo soggiorno?<\/h2>\n<p>Le Carte Regalo possono essere utilizzate per <strong>uno o pi\u00f9 acquisti<\/strong> di soggiorni eco-friendly, fino al completo esaurimento del loro valore.<\/p>\n<p>Se utilizzi la tua carta per acquistare un soggiorno di importo inferiore al suo valore, ti manderemo una nuova Gift Card dell&#8217;importo residuo, che potrai utilizzare per le tue vacanze successive, sempre entro lo stesso termine della carta iniziale.<\/p>\n<p>Se invece utilizzi la tua Gift Card per acquistare un soggiorno di importo superiore rispetto a quello del coupon, puoi pagare il restante importo direttamente alla struttura ricettiva prenotata.<\/p>\n<h2>Voglio comprare una Gift Card Perle Alpine, come posso fare?<\/h2>\n<p>Le Gift Card Perle Alpine sono facile da usare e da <strong><a href=\"https:\/\/ecobnb.it\/blog\/gift-card-perle-alpine-regala-vacanza\/\" target=\"_blank\" rel=\"noopener\">acquistare<\/a><\/strong>! Ti baster\u00e0 andare nella <strong><a href=\"https:\/\/ecobnb.it\/acquista-giftcard-perle-alpine\" target=\"_blank\" rel=\"noopener\">pagina dedicata<\/a><\/strong> e seguire tre semplici passi:<\/p>\n<ol>\n<li><strong>Personalizza<\/strong> la Carta Regalo scegliendo un <strong>tema<\/strong> e l&#8217;<strong>importo<\/strong> e inserendo un <strong>messaggio<\/strong> per il destinatario;<\/li>\n<li>Finalizza l&#8217;acquisto scegliendo convalidando il metodo di pagamento desiderato (<strong>carta di<\/strong> <strong>credito<\/strong> o <strong>Paypal<\/strong>) e compilando le altre informazioni richieste;<\/li>\n<li>Ricevi via <strong>email<\/strong> la pagina della Gift Card contenente il suo codice univoco. Se si tratta di un regalo, puoi stampare la pagina per inserirla in un bel biglietto oppure inviare il link via email al destinatario.<\/li>\n<\/ol>\n","protected":false},"excerpt":{"rendered":"<p>Hai ricevuto una Gift Card Perle Alpine e non vedi l&#8217;ora di usarla per scoprire le Alpi pi\u00f9 sostenibili? Utilizzare il tuo regalo \u00e8 davvero facile e immediato. Ecco come puoi fare. Gift Card Perle Alpine: che cos\u2019\u00e8? La Gift Card Perle Alpine \u00e8 un coupon dematerializzato inviato via email a chi la acquista. Disponibile [&hellip;]<\/p>\n","protected":false},"author":33,"featured_media":57147,"parent":0,"menu_order":0,"comment_status":"closed","ping_status":"closed","template":"","meta":[],"acf":[],"yoast_head":"<!-- This site is optimized with the Yoast SEO plugin v19.9 - https:\/\/yoast.com\/wordpress\/plugins\/seo\/ -->\n<title>Gift Card Perle Alpine: Come Utilizzare la Tua Carta Regalo - Ecobnb<\/title>\n<meta name=\"description\" content=\"Hai ricevuto in regalo una Gift Card Perle Alpine? Scopri come utilizzarla per prenotare il tuo soggiorno nelle localit\u00e0 di montagna pi\u00f9 green!\" \/>\n<meta name=\"robots\" content=\"index, follow, max-snippet:-1, max-image-preview:large, max-video-preview:-1\" \/>\n<link rel=\"canonical\" href=\"https:\/\/ecobnb.it\/blog\/gift-card-perle-alpine\/\" \/>\n<meta property=\"og:locale\" content=\"it_IT\" \/>\n<meta property=\"og:type\" content=\"article\" \/>\n<meta property=\"og:title\" content=\"Gift Card Perle Alpine: Come Utilizzare la Tua Carta Regalo - Ecobnb\" \/>\n<meta property=\"og:description\" content=\"Hai ricevuto in regalo una Gift Card Perle Alpine? Scopri come utilizzarla per prenotare il tuo soggiorno nelle localit\u00e0 di montagna pi\u00f9 green!\" \/>\n<meta property=\"og:url\" content=\"https:\/\/ecobnb.it\/blog\/gift-card-perle-alpine\/\" \/>\n<meta property=\"og:site_name\" content=\"Ecobnb\" \/>\n<meta property=\"article:publisher\" content=\"https:\/\/www.facebook.com\/viaggiverdi\" \/>\n<meta property=\"article:modified_time\" content=\"2020-12-15T07:28:40+00:00\" \/>\n<meta property=\"og:image\" content=\"https:\/\/ecobnb.it\/blog\/app\/uploads\/sites\/2\/2020\/12\/come-utilizzare-la-tua-giftcard-perle-alpine.jpg\" \/>\n\t<meta property=\"og:image:width\" content=\"1170\" \/>\n\t<meta property=\"og:image:height\" content=\"490\" \/>\n\t<meta property=\"og:image:type\" content=\"image\/jpeg\" \/>\n<meta name=\"twitter:label1\" content=\"Est. reading time\" \/>\n\t<meta name=\"twitter:data1\" content=\"2 minutes\" \/>\n<!-- \/ Yoast SEO plugin. -->","yoast_head_json":{"title":"Gift Card Perle Alpine: Come Utilizzare la Tua Carta Regalo - Ecobnb","description":"Hai ricevuto in regalo una Gift Card Perle Alpine? Scopri come utilizzarla per prenotare il tuo soggiorno nelle localit\u00e0 di montagna pi\u00f9 green!","robots":{"index":"index","follow":"follow","max-snippet":"max-snippet:-1","max-image-preview":"max-image-preview:large","max-video-preview":"max-video-preview:-1"},"canonical":"https:\/\/ecobnb.it\/blog\/gift-card-perle-alpine\/","og_locale":"it_IT","og_type":"article","og_title":"Gift Card Perle Alpine: Come Utilizzare la Tua Carta Regalo - Ecobnb","og_description":"Hai ricevuto in regalo una Gift Card Perle Alpine? Scopri come utilizzarla per prenotare il tuo soggiorno nelle localit\u00e0 di montagna pi\u00f9 green!","og_url":"https:\/\/ecobnb.it\/blog\/gift-card-perle-alpine\/","og_site_name":"Ecobnb","article_publisher":"https:\/\/www.facebook.com\/viaggiverdi","article_modified_time":"2020-12-15T07:28:40+00:00","og_image":[{"width":1170,"height":490,"url":"https:\/\/ecobnb.it\/blog\/app\/uploads\/sites\/2\/2020\/12\/come-utilizzare-la-tua-giftcard-perle-alpine.jpg","type":"image\/jpeg"}],"twitter_misc":{"Est. reading time":"2 minutes"},"schema":{"@context":"https:\/\/schema.org","@graph":[{"@type":"WebPage","@id":"https:\/\/ecobnb.it\/blog\/gift-card-perle-alpine\/","url":"https:\/\/ecobnb.it\/blog\/gift-card-perle-alpine\/","name":"Gift Card Perle Alpine: Come Utilizzare la Tua Carta Regalo - Ecobnb","isPartOf":{"@id":"https:\/\/ecobnb.it\/blog\/#website"},"datePublished":"2020-12-04T09:54:31+00:00","dateModified":"2020-12-15T07:28:40+00:00","description":"Hai ricevuto in regalo una Gift Card Perle Alpine? Scopri come utilizzarla per prenotare il tuo soggiorno nelle localit\u00e0 di montagna pi\u00f9 green!","inLanguage":"it-IT","potentialAction":[{"@type":"ReadAction","target":["https:\/\/ecobnb.it\/blog\/gift-card-perle-alpine\/"]}]},{"@type":"WebSite","@id":"https:\/\/ecobnb.it\/blog\/#website","url":"https:\/\/ecobnb.it\/blog\/","name":"Ecobnb","description":"Trova il tuo Alloggio Ecosostenibile","publisher":{"@id":"https:\/\/ecobnb.it\/blog\/#organization"},"potentialAction":[{"@type":"SearchAction","target":{"@type":"EntryPoint","urlTemplate":"https:\/\/ecobnb.it\/blog\/?s={search_term_string}"},"query-input":"required name=search_term_string"}],"inLanguage":"it-IT"},{"@type":"Organization","@id":"https:\/\/ecobnb.it\/blog\/#organization","name":"Ecobnb","url":"https:\/\/ecobnb.it\/blog\/","logo":{"@type":"ImageObject","inLanguage":"it-IT","@id":"https:\/\/ecobnb.it\/blog\/#\/schema\/logo\/image\/","url":"https:\/\/ecobnb.it\/blog\/app\/uploads\/sites\/2\/2016\/03\/logo_transparent_512x512.png","contentUrl":"https:\/\/ecobnb.it\/blog\/app\/uploads\/sites\/2\/2016\/03\/logo_transparent_512x512.png","width":512,"height":512,"caption":"Ecobnb"},"image":{"@id":"https:\/\/ecobnb.it\/blog\/#\/schema\/logo\/image\/"},"sameAs":["https:\/\/www.facebook.com\/viaggiverdi"]}]}},"_links":{"self":[{"href":"https:\/\/ecobnb.it\/blog\/wp-json\/wp\/v2\/pages\/56477"}],"collection":[{"href":"https:\/\/ecobnb.it\/blog\/wp-json\/wp\/v2\/pages"}],"about":[{"href":"https:\/\/ecobnb.it\/blog\/wp-json\/wp\/v2\/types\/page"}],"author":[{"embeddable":true,"href":"https:\/\/ecobnb.it\/blog\/wp-json\/wp\/v2\/users\/33"}],"replies":[{"embeddable":true,"href":"https:\/\/ecobnb.it\/blog\/wp-json\/wp\/v2\/comments?post=56477"}],"version-history":[{"count":8,"href":"https:\/\/ecobnb.it\/blog\/wp-json\/wp\/v2\/pages\/56477\/revisions"}],"predecessor-version":[{"id":57149,"href":"https:\/\/ecobnb.it\/blog\/wp-json\/wp\/v2\/pages\/56477\/revisions\/57149"}],"wp:featuredmedia":[{"embeddable":true,"href":"https:\/\/ecobnb.it\/blog\/wp-json\/wp\/v2\/media\/57147"}],"wp:attachment":[{"href":"https:\/\/ecobnb.it\/blog\/wp-json\/wp\/v2\/media?parent=56477"}],"curies":[{"name":"wp","href":"https:\/\/api.w.org\/{rel}","templated":true}]}}