{"id":52155,"date":"2020-06-16T11:17:36","date_gmt":"2020-06-16T09:17:36","guid":{"rendered":"https:\/\/ecobnb.it\/blog\/?page_id=52155"},"modified":"2021-05-12T15:48:06","modified_gmt":"2021-05-12T13:48:06","slug":"workshop-sleep-charge-ricariche-elettriche","status":"publish","type":"page","link":"https:\/\/ecobnb.it\/blog\/eventi\/workshop-sleep-charge-ricariche-elettriche\/","title":{"rendered":"Sleep &#038; Charge: Promuovi la tua Struttura con le Ricariche Elettriche"},"content":{"rendered":"<h2>Un workshop gratuito per approfondire il tema delle ricariche elettriche, valutare costi e benefici dell&#8217;inserimento di questo servizio in hotel o ristorante, capire operativamente come sfruttarlo per attrarre sempre pi\u00f9 viaggiatori<\/h2>\n<p>Il trend della <a href=\"https:\/\/ecobnb.it\/blog\/2017\/12\/auto-elettrica-futuro\/\" target=\"_blank\" rel=\"noopener\">mobilit\u00e0 elettrica \u00e8 in rapida crescita<\/a> e le <strong>destinazioni turistiche<\/strong> giocano un ruolo importante nella <strong>promozione della mobilit\u00e0 sostenibile<\/strong> per attrarre un target di viaggiatori in aumento.\u00a0Il <strong>workshop di mezza giornata<\/strong>\u00a0\u00e8 mirato ad approfondire il tema della <strong>mobilit\u00e0 sostenibile<\/strong>, la sua crescente importanza nel settore del turismo, e le opportunit\u00e0 che apre alle <strong>strutture<\/strong> ricettive o di ristorazione, alle <strong>aziende<\/strong> e alle destinazioni turistiche, attraverso il servizio di ricariche elettriche.<\/p>\n<p>L&#8217;incontro si si focalizzer\u00e0 sulle esigenze di chi viaggia con veicoli elettrici (e-car ed e-bike) e sulle <strong>opportunit\u00e0<\/strong> per implementare i sistemi di ricarica nel proprio hotel, struttura ricettiva o ristorante.\u00a0Il workshop offre una guida completa all\u2019installazione di <strong>infrastrutture di ricarica<\/strong> per <strong>auto elettriche<\/strong> e <strong>bici elettriche<\/strong>, arricchita da consigli pratici, raccomandazioni e analisi di \u201c<strong>buone pratiche<\/strong>\u201d.<\/p>\n<p>Attraverso momenti di confronto e dibattito si analizzeranno i vantaggi e le difficolt\u00e0 dell\u2019implementazione delle stazioni di ricarica per veicoli elettrici, anche attraverso l&#8217;esperienza di alcuni casi studio di successo nell\u2019ambito dell\u2019ospitalit\u00e0. Il workshopo tenter\u00e0 perci\u00f2 di rispondere concretamente a\u00a0queste domande:<\/p>\n<ul>\n<li>come incentivare la mobilit\u00e0 sostenibile nella propria struttura?<\/li>\n<li>quali passi seguire per attivare un servizio di ricarica elettrica per i propri ospiti?<\/li>\n<li>quanto costa e quali finanziamenti sfruttare?<\/li>\n<li>come promuovere il proprio hotel o ristorante attraverso la mobilit\u00e0 elettrica?<\/li>\n<\/ul>\n<h2>Quando<\/h2>\n<ul>\n<li><b>Marted\u00ec 25 maggio <\/b>2021,\u00a0h. 8.30 &#8211; 13.30 e 14.00 &#8211; 15.00<\/li>\n<\/ul>\n<h2>Dove<\/h2>\n<ul>\n<li><strong>Lavarone<\/strong>, <strong>Sala Congressi<\/strong>\u00a0in Localit\u00e0 Gionghi<\/li>\n<\/ul>\n<h2>Come partecipare<\/h2>\n<p>Il workshop \u00e8 gratuito ma \u00e8 necessario pre-iscriversi entro il 20 maggio 2021.<\/p>\n<h3><a href=\"https:\/\/forms.gle\/qmhUc9GvYs2tj15cA\" target=\"_blank\" rel=\"noopener\">Iscriviti compilando questo modulo online<\/a><\/h3>\n<p>Oppure:<\/p>\n<ol>\n<li>Scarica e compila questo\u00a0<a href=\"https:\/\/ecobnb.it\/blog\/app\/uploads\/sites\/2\/2020\/08\/workshop.pdf\" target=\"_blank\" rel=\"noopener\">modulo di iscrizione<\/a><\/li>\n<li>Invialo firmato e scansionato a info@ecobnb.com insieme ad un documento di identit\u00e0 entro il 20 maggio 2021<\/li>\n<\/ol>\n<h2>Contenuti del Workshop:<\/h2>\n<p><img class=\"alignnone size-full wp-image-52173\" src=\"https:\/\/ecobnb.it\/blog\/app\/uploads\/sites\/2\/2020\/06\/Sleep-Charge.jpg\" alt=\"Sleep &amp; Charge: Ricariche elettriche per la tua struttura\" width=\"870\" height=\"490\" srcset=\"https:\/\/ecobnb.it\/blog\/app\/uploads\/sites\/2\/2020\/06\/Sleep-Charge.jpg 870w, https:\/\/ecobnb.it\/blog\/app\/uploads\/sites\/2\/2020\/06\/Sleep-Charge-536x302.jpg 536w, https:\/\/ecobnb.it\/blog\/app\/uploads\/sites\/2\/2020\/06\/Sleep-Charge-768x433.jpg 768w, https:\/\/ecobnb.it\/blog\/app\/uploads\/sites\/2\/2020\/06\/Sleep-Charge-570x320.jpg 570w, https:\/\/ecobnb.it\/blog\/app\/uploads\/sites\/2\/2020\/06\/Sleep-Charge-344x194.jpg 344w\" sizes=\"(max-width: 870px) 100vw, 870px\" \/><\/p>\n<ul>\n<li><strong>Mobilit\u00e0 Sostenibile\u00a0e Veicoli Elettrici<\/strong>\n<ul>\n<li>Mobilit\u00e0 sostenibile e veicoli\u00a0elettrici: trend e opportunit\u00e0\u00a0per il futuro.<\/li>\n<li>Analisi del target: chi sono i viaggiatori con e-car o e-bike e che esigenze hanno.<\/li>\n<li>Case study di successo:\u00a0destinazioni, imprese e\u00a0strutture turistiche che offrono\u00a0servizi di ricarica elettrica e\u00a0promuovono la mobilit\u00e0\u00a0sostenibile.<\/li>\n<\/ul>\n<\/li>\n<li><strong>Implementazione di\u00a0strutture di ricarica\u00a0per veicoli elettrici<\/strong>\n<ul>\n<li>Quali aspetti si devono\u00a0considerare quando si\u00a0implementano strutture di\u00a0ricarica per auto elettriche.<\/li>\n<li>Consigli tecnici e aspetti da tenere in considerazione: gestione del carico, costi, permessi di costruire, fatturazione delle ricariche.<\/li>\n<li>Opportunit\u00e0 di finanziamento.<\/li>\n<li>Opportunit\u00e0 per promuovere la tua impresa turistica.<\/li>\n<\/ul>\n<\/li>\n<li><strong>Implementazione di\u00a0strutture di ricarica\u00a0per e-bike<\/strong>\n<ul>\n<li>Quali sono le esigenze di chi viaggia in e-bike e quali servizi \u00e8 necessario garantire.<\/li>\n<li>Punti di ricarica e collonine di ricarica.<\/li>\n<li>Buone pratiche e opportunit\u00e0 di promozione.<\/li>\n<\/ul>\n<\/li>\n<\/ul>\n<p>Durante il workshop sar\u00e0 possibile vedere e provare alcuni veicoli elettrici.<\/p>\n<h2>Obiettivi<\/h2>\n<ul>\n<li>stimolare lo sviluppo dell\u2019innovazione turistica nel territorio<\/li>\n<li>incentivare la qualificazione e innovazione sostenibile delle\u00a0attivit\u00e0 turistiche.<\/li>\n<\/ul>\n<h2>Docenti<\/h2>\n\n\t\t<style type=\"text\/css\">\n\t\t\t#gallery-1 {\n\t\t\t\tmargin: auto;\n\t\t\t}\n\t\t\t#gallery-1 .gallery-item {\n\t\t\t\tfloat: left;\n\t\t\t\tmargin-top: 10px;\n\t\t\t\ttext-align: center;\n\t\t\t\twidth: 50%;\n\t\t\t}\n\t\t\t#gallery-1 img {\n\t\t\t\tborder: 2px solid #cfcfcf;\n\t\t\t}\n\t\t\t#gallery-1 .gallery-caption {\n\t\t\t\tmargin-left: 0;\n\t\t\t}\n\t\t\t\/* see gallery_shortcode() in wp-includes\/media.php *\/\n\t\t<\/style>\n\t\t<div id='gallery-1' class='gallery galleryid-52155 gallery-columns-2 gallery-size-thumbnail'><dl class='gallery-item'>\n\t\t\t<dt class='gallery-icon landscape'>\n\t\t\t\t<img width=\"270\" height=\"200\" src=\"https:\/\/ecobnb.it\/blog\/app\/uploads\/sites\/2\/2013\/05\/simone-riccardi-270x200.jpg\" class=\"attachment-thumbnail size-thumbnail\" alt=\"Simone Riccardi Ecobnb\" aria-describedby=\"gallery-1-12354\" \/>\n\t\t\t<\/dt>\n\t\t\t\t<dd class='wp-caption-text gallery-caption' id='gallery-1-12354'>\n\t\t\t\tSimone Riccardi\n\t\t\t\t<\/dd><\/dl><dl class='gallery-item'>\n\t\t\t<dt class='gallery-icon landscape'>\n\t\t\t\t<img width=\"270\" height=\"200\" src=\"https:\/\/ecobnb.it\/blog\/app\/uploads\/sites\/2\/2020\/09\/karl-birti-270x200.jpeg\" class=\"attachment-thumbnail size-thumbnail\" alt=\"Karl Birti\" aria-describedby=\"gallery-1-55272\" \/>\n\t\t\t<\/dt>\n\t\t\t\t<dd class='wp-caption-text gallery-caption' id='gallery-1-55272'>\n\t\t\t\tKarl Birti\n\t\t\t\t<\/dd><\/dl><br style=\"clear: both\" \/>\n\t\t<\/div>\n\n<ul>\n<li><strong>Simone Riccardi<\/strong>:\u00a0fondatore e CEO di Ecobnb. Dopo un Ph.D in ingegneria ha conseguito un certificato in business managment e gestione di impresa presso l&#8217;Universit\u00e0 UCLA di California. Esperto di nuove tecnologie e imprenditoria sostenibile, svolge docenze sul tema del turismo sostenibile, del green marketing e della mobilit\u00e0 sostenibile.<\/li>\n<li><strong>Karl Birti<\/strong>: appassionato di mobilit\u00e0 sostenibile, collabora con il comune di Lavarone per realizzare progetti innovativi di mobilit\u00e0 e turismo. Possiede un&#8217;auto elettrica ed \u00e8 esperto di sistemi di ricariche per veicoli elettrici.<\/li>\n<\/ul>\n<h2>Destinatari del corso<\/h2>\n<p><img class=\"alignnone size-full wp-image-52161\" src=\"https:\/\/ecobnb.it\/blog\/app\/uploads\/sites\/2\/2020\/06\/workshop.jpg\" alt=\"workshop\" width=\"870\" height=\"490\" srcset=\"https:\/\/ecobnb.it\/blog\/app\/uploads\/sites\/2\/2020\/06\/workshop.jpg 870w, https:\/\/ecobnb.it\/blog\/app\/uploads\/sites\/2\/2020\/06\/workshop-536x302.jpg 536w, https:\/\/ecobnb.it\/blog\/app\/uploads\/sites\/2\/2020\/06\/workshop-768x433.jpg 768w, https:\/\/ecobnb.it\/blog\/app\/uploads\/sites\/2\/2020\/06\/workshop-570x320.jpg 570w, https:\/\/ecobnb.it\/blog\/app\/uploads\/sites\/2\/2020\/06\/workshop-344x194.jpg 344w\" sizes=\"(max-width: 870px) 100vw, 870px\" \/><\/p>\n<p>Il corso di formazione si rivolge alle <strong>strutture ricettive turistiche<\/strong> (hotel, B&amp;B, agriturismi, villaggi turistici, residence, rifugi di montagna, affittacamere, campeggi) del GAL Trentino Orientale, ed in particolare dei territori dei comuni di\u00a0<strong>Lavarone, Folgaria, Luserna-Lus\u00e9rn.\u00a0<\/strong>Possono aderire anche<strong> attivit\u00e0 di ristorazione<\/strong>, attivit\u00e0 di noleggio, operatori turistici, o altre <strong>attivit\u00e0 di organizzazioni associative connesse al turismo<\/strong>.<\/p>\n<p>Il corso \u00e8 destinato ad un <strong>massimo di 15 partecipanti<\/strong>, che abbiano le seguenti caratteristiche:<\/p>\n<ul>\n<li><strong>attivit\u00e0 lavorativa nell&#8217;ambito del turismo<\/strong> (struttura ricettiva, hotel, camping, B&amp;B, agriturismo, ristorazione, guida\/accompagnatore turistico, noleggio, operatore turistico, o\u00a0altre attivit\u00e0 di organizzazioni associative connesse al turismo), con uno dei seguenti ruoli:\n<ul>\n<li>imprenditore<\/li>\n<li>lavoratore subordinato o assimilato<\/li>\n<li>libero professionista con partita iva<\/li>\n<\/ul>\n<\/li>\n<li><strong>residenza o attivit\u00e0 lavorativa in uno dei comuni del GAL Trentino Orientale<\/strong>, ovvero:\n<ul>\n<li>Lavarone<\/li>\n<li>Folgaria<\/li>\n<li>Luserna-Lus\u00e9rn<\/li>\n<li>Levico Terme<\/li>\n<li>Calceranica al Lago<\/li>\n<li>Caldonazzo<\/li>\n<li>Civezzano<\/li>\n<li>Borgo Valsugana<\/li>\n<li>Pergine Valsugana<\/li>\n<li>Altopiano della Vigolana<\/li>\n<li>Canal San Bovo<\/li>\n<li>Primiero San Martino di Castrozza<\/li>\n<li>Imer<\/li>\n<li>Mezzano<\/li>\n<li>Sagron Mis<\/li>\n<li>Bieno<\/li>\n<li>Carzano<\/li>\n<li>Castel Ivano<\/li>\n<li>Castello Tesino<\/li>\n<li>Castelnuovo<\/li>\n<li>Cinte Tesino<\/li>\n<li>Grigno<\/li>\n<li>Novaledo<\/li>\n<li>Ospedaletto<\/li>\n<li>Pieve Tesino<\/li>\n<li>Roncegno Terme<\/li>\n<li>Ronchi Valsugana<\/li>\n<li>Samone<\/li>\n<li>Scurelle<\/li>\n<li>Telve<\/li>\n<li>Telve di Sopra<\/li>\n<li>Torcegno<\/li>\n<li>Baselga di Pin\u00e8<\/li>\n<li>Bedollo<\/li>\n<li>Fierozzo-Vlar\u00f6tz<\/li>\n<li>Fornace<\/li>\n<li>Frassilongo-Garait<\/li>\n<li>Pal\u00f9 del Fersina-Palai en Bersntol<\/li>\n<li>Sant&#8217;Orsola Terme<\/li>\n<li>Tenna<\/li>\n<li>Vignola-Falesina<\/li>\n<\/ul>\n<\/li>\n<\/ul>\n<h2>Iscrizione<\/h2>\n<p>Il corso \u00e8 destinato ad un <strong>massimo di 15 persone.<\/strong>\u00a0La partecipazione \u00e8 <strong>gratuita<\/strong>\u00a0ed include:<\/p>\n<ul>\n<li>attivit\u00e0 formativa e workshop pratico di 6 ore (in un&#8217;unica giornata)<\/li>\n<li>materiale didattico<\/li>\n<\/ul>\n<h3><a href=\"https:\/\/forms.gle\/qmhUc9GvYs2tj15cA\" target=\"_blank\" rel=\"noopener\">Iscriviti copilando questo modulo online<\/a><\/h3>\n<p>Oppure scarica e\u00a0compila questo\u00a0<a href=\"https:\/\/ecobnb.it\/blog\/app\/uploads\/sites\/2\/2020\/08\/workshop.pdf\" target=\"_blank\" rel=\"noopener\">modulo di iscrizione<\/a> e inviarlo firmato e scansionato a info@ecobnb.com insieme ad un documento di identit\u00e0.<\/p>\n<p>Il workshop formativo \u00e8 finanziato dal <a href=\"https:\/\/www.galtrentinorientale.it\/\" target=\"_blank\" rel=\"noopener\">GAL Trentino Orientale<\/a>\u00a0con\u00a0Azione 1.1. Interventi a Sostegno della Formazione Professionale e alle Azioni di Sviluppo Locale.<\/p>\n<p><img class=\"alignnone size-full wp-image-52497\" src=\"https:\/\/ecobnb.it\/blog\/app\/uploads\/sites\/2\/2020\/06\/testata_loghi_beneficiari_GAL.jpg\" alt=\"loghi gal\" width=\"842\" height=\"120\" srcset=\"https:\/\/ecobnb.it\/blog\/app\/uploads\/sites\/2\/2020\/06\/testata_loghi_beneficiari_GAL.jpg 842w, https:\/\/ecobnb.it\/blog\/app\/uploads\/sites\/2\/2020\/06\/testata_loghi_beneficiari_GAL-536x76.jpg 536w, https:\/\/ecobnb.it\/blog\/app\/uploads\/sites\/2\/2020\/06\/testata_loghi_beneficiari_GAL-768x109.jpg 768w, https:\/\/ecobnb.it\/blog\/app\/uploads\/sites\/2\/2020\/06\/testata_loghi_beneficiari_GAL-344x49.jpg 344w\" sizes=\"(max-width: 842px) 100vw, 842px\" \/><img class=\"alignnone size-full wp-image-52169\" src=\"https:\/\/ecobnb.it\/blog\/app\/uploads\/sites\/2\/2020\/06\/ecobnb-e1592644552787.png\" alt=\"ecobnb\" width=\"130\" height=\"130\" \/><\/p>\n<div class=\"mceTemp\"><\/div>\n","protected":false},"excerpt":{"rendered":"<p>Un workshop gratuito per approfondire il tema delle ricariche elettriche, valutare costi e benefici dell&#8217;inserimento di questo servizio in hotel o ristorante, capire operativamente come sfruttarlo per attrarre sempre pi\u00f9 viaggiatori Il trend della mobilit\u00e0 elettrica \u00e8 in rapida crescita e le destinazioni turistiche giocano un ruolo importante nella promozione della mobilit\u00e0 sostenibile per attrarre [&hellip;]<\/p>\n","protected":false},"author":3,"featured_media":52157,"parent":16232,"menu_order":0,"comment_status":"closed","ping_status":"closed","template":"","meta":[],"acf":[],"yoast_head":"<!-- This site is optimized with the Yoast SEO plugin v19.9 - https:\/\/yoast.com\/wordpress\/plugins\/seo\/ -->\n<title>Sleep &amp; e-Charge: promuovi con le ricariche elettriche - Ecobnb<\/title>\n<meta name=\"description\" content=\"Un workshop gratuito per approfondire il tema della mobilit\u00e0 sostenibile e delle ricariche elettriche, e le opportunit\u00e0 che offre alle strutture turistiche.\" \/>\n<meta name=\"robots\" content=\"index, follow, max-snippet:-1, max-image-preview:large, max-video-preview:-1\" \/>\n<link rel=\"canonical\" href=\"https:\/\/ecobnb.it\/blog\/eventi\/workshop-sleep-charge-ricariche-elettriche\/\" \/>\n<meta property=\"og:locale\" content=\"it_IT\" \/>\n<meta property=\"og:type\" content=\"article\" \/>\n<meta property=\"og:title\" content=\"Sleep &amp; e-Charge: promuovi con le ricariche elettriche - Ecobnb\" \/>\n<meta property=\"og:description\" content=\"Un workshop gratuito per approfondire il tema della mobilit\u00e0 sostenibile e delle ricariche elettriche, e le opportunit\u00e0 che offre alle strutture turistiche.\" \/>\n<meta property=\"og:url\" content=\"https:\/\/ecobnb.it\/blog\/eventi\/workshop-sleep-charge-ricariche-elettriche\/\" \/>\n<meta property=\"og:site_name\" content=\"Ecobnb\" \/>\n<meta property=\"article:publisher\" content=\"https:\/\/www.facebook.com\/viaggiverdi\" \/>\n<meta property=\"article:modified_time\" content=\"2021-05-12T13:48:06+00:00\" \/>\n<meta property=\"og:image\" content=\"https:\/\/ecobnb.it\/blog\/app\/uploads\/sites\/2\/2020\/06\/sleep-charge.png\" \/>\n\t<meta property=\"og:image:width\" content=\"1170\" \/>\n\t<meta property=\"og:image:height\" content=\"490\" \/>\n\t<meta property=\"og:image:type\" content=\"image\/png\" \/>\n<meta name=\"twitter:label1\" content=\"Est. reading time\" \/>\n\t<meta name=\"twitter:data1\" content=\"4 minutes\" \/>\n<!-- \/ Yoast SEO plugin. -->","yoast_head_json":{"title":"Sleep & e-Charge: promuovi con le ricariche elettriche - Ecobnb","description":"Un workshop gratuito per approfondire il tema della mobilit\u00e0 sostenibile e delle ricariche elettriche, e le opportunit\u00e0 che offre alle strutture turistiche.","robots":{"index":"index","follow":"follow","max-snippet":"max-snippet:-1","max-image-preview":"max-image-preview:large","max-video-preview":"max-video-preview:-1"},"canonical":"https:\/\/ecobnb.it\/blog\/eventi\/workshop-sleep-charge-ricariche-elettriche\/","og_locale":"it_IT","og_type":"article","og_title":"Sleep & e-Charge: promuovi con le ricariche elettriche - Ecobnb","og_description":"Un workshop gratuito per approfondire il tema della mobilit\u00e0 sostenibile e delle ricariche elettriche, e le opportunit\u00e0 che offre alle strutture turistiche.","og_url":"https:\/\/ecobnb.it\/blog\/eventi\/workshop-sleep-charge-ricariche-elettriche\/","og_site_name":"Ecobnb","article_publisher":"https:\/\/www.facebook.com\/viaggiverdi","article_modified_time":"2021-05-12T13:48:06+00:00","og_image":[{"width":1170,"height":490,"url":"https:\/\/ecobnb.it\/blog\/app\/uploads\/sites\/2\/2020\/06\/sleep-charge.png","type":"image\/png"}],"twitter_misc":{"Est. reading time":"4 minutes"},"schema":{"@context":"https:\/\/schema.org","@graph":[{"@type":"WebPage","@id":"https:\/\/ecobnb.it\/blog\/eventi\/workshop-sleep-charge-ricariche-elettriche\/","url":"https:\/\/ecobnb.it\/blog\/eventi\/workshop-sleep-charge-ricariche-elettriche\/","name":"Sleep & e-Charge: promuovi con le ricariche elettriche - Ecobnb","isPartOf":{"@id":"https:\/\/ecobnb.it\/blog\/#website"},"datePublished":"2020-06-16T09:17:36+00:00","dateModified":"2021-05-12T13:48:06+00:00","description":"Un workshop gratuito per approfondire il tema della mobilit\u00e0 sostenibile e delle ricariche elettriche, e le opportunit\u00e0 che offre alle strutture turistiche.","breadcrumb":{"@id":"https:\/\/ecobnb.it\/blog\/eventi\/workshop-sleep-charge-ricariche-elettriche\/#breadcrumb"},"inLanguage":"it-IT","potentialAction":[{"@type":"ReadAction","target":["https:\/\/ecobnb.it\/blog\/eventi\/workshop-sleep-charge-ricariche-elettriche\/"]}]},{"@type":"BreadcrumbList","@id":"https:\/\/ecobnb.it\/blog\/eventi\/workshop-sleep-charge-ricariche-elettriche\/#breadcrumb","itemListElement":[{"@type":"ListItem","position":1,"name":"Ecobnb Green Accademy: Eventi Formativi, workshop e Incontri","item":"https:\/\/ecobnb.it\/blog\/eventi\/"},{"@type":"ListItem","position":2,"name":"Sleep &#038; Charge: Promuovi la tua Struttura con le Ricariche Elettriche"}]},{"@type":"WebSite","@id":"https:\/\/ecobnb.it\/blog\/#website","url":"https:\/\/ecobnb.it\/blog\/","name":"Ecobnb","description":"Trova il tuo Alloggio Ecosostenibile","publisher":{"@id":"https:\/\/ecobnb.it\/blog\/#organization"},"potentialAction":[{"@type":"SearchAction","target":{"@type":"EntryPoint","urlTemplate":"https:\/\/ecobnb.it\/blog\/?s={search_term_string}"},"query-input":"required name=search_term_string"}],"inLanguage":"it-IT"},{"@type":"Organization","@id":"https:\/\/ecobnb.it\/blog\/#organization","name":"Ecobnb","url":"https:\/\/ecobnb.it\/blog\/","logo":{"@type":"ImageObject","inLanguage":"it-IT","@id":"https:\/\/ecobnb.it\/blog\/#\/schema\/logo\/image\/","url":"https:\/\/ecobnb.it\/blog\/app\/uploads\/sites\/2\/2016\/03\/logo_transparent_512x512.png","contentUrl":"https:\/\/ecobnb.it\/blog\/app\/uploads\/sites\/2\/2016\/03\/logo_transparent_512x512.png","width":512,"height":512,"caption":"Ecobnb"},"image":{"@id":"https:\/\/ecobnb.it\/blog\/#\/schema\/logo\/image\/"},"sameAs":["https:\/\/www.facebook.com\/viaggiverdi"]}]}},"_links":{"self":[{"href":"https:\/\/ecobnb.it\/blog\/wp-json\/wp\/v2\/pages\/52155"}],"collection":[{"href":"https:\/\/ecobnb.it\/blog\/wp-json\/wp\/v2\/pages"}],"about":[{"href":"https:\/\/ecobnb.it\/blog\/wp-json\/wp\/v2\/types\/page"}],"author":[{"embeddable":true,"href":"https:\/\/ecobnb.it\/blog\/wp-json\/wp\/v2\/users\/3"}],"replies":[{"embeddable":true,"href":"https:\/\/ecobnb.it\/blog\/wp-json\/wp\/v2\/comments?post=52155"}],"version-history":[{"count":36,"href":"https:\/\/ecobnb.it\/blog\/wp-json\/wp\/v2\/pages\/52155\/revisions"}],"predecessor-version":[{"id":60473,"href":"https:\/\/ecobnb.it\/blog\/wp-json\/wp\/v2\/pages\/52155\/revisions\/60473"}],"up":[{"embeddable":true,"href":"https:\/\/ecobnb.it\/blog\/wp-json\/wp\/v2\/pages\/16232"}],"wp:featuredmedia":[{"embeddable":true,"href":"https:\/\/ecobnb.it\/blog\/wp-json\/wp\/v2\/media\/52157"}],"wp:attachment":[{"href":"https:\/\/ecobnb.it\/blog\/wp-json\/wp\/v2\/media?parent=52155"}],"curies":[{"name":"wp","href":"https:\/\/api.w.org\/{rel}","templated":true}]}}