{"id":50778,"date":"2020-05-06T17:43:57","date_gmt":"2020-05-06T15:43:57","guid":{"rendered":"https:\/\/ecobnb.it\/blog\/?page_id=50778"},"modified":"2020-05-08T20:08:58","modified_gmt":"2020-05-08T18:08:58","slug":"webinar-ospitalita-green-nuovo-inizio","status":"publish","type":"page","link":"https:\/\/ecobnb.it\/blog\/eventi\/webinar-ospitalita-green-nuovo-inizio\/","title":{"rendered":"Webinar &#8211; Ospitalit\u00e0 Green: Idee per Un Nuovo Inizio"},"content":{"rendered":"<h2>Dopo il <a href=\"https:\/\/ecobnb.it\/blog\/2020\/04\/turismo-dopo-pandemia-sostenibile\/\" target=\"_blank\" rel=\"noopener\">Coronavirus<\/a>, cosa cambier\u00e0 nel mondo dell&#8217;ospitalit\u00e0 e <a href=\"https:\/\/ecobnb.it\/blog\/2020\/04\/covid-preparare-hotel\/\" target=\"_blank\" rel=\"noopener\">come preparare il tuo hotel?<\/a> Rivedi il Webinar di Ecobnb, scarica le slide della presentazione e leggi le risposte alle domande poste nel corso dell&#8217;evento.<\/h2>\n<p>&#8220;Ospitalit\u00e0 Green: Idee per un nuovo Inizio&#8221; \u00e8 il titolo dell&#8217;incontro <strong>webinar<\/strong> organizzato da Ecobnb in collaborazione con <a href=\"https:\/\/ecobnb.it\/blog\/2014\/10\/perle-alpine-turismo-sostenibile-alpi\/\" target=\"_blank\" rel=\"noopener\">Perle Alpine<\/a>\u00a0che si \u00e8 svolto online mercoled\u00ec 6 maggio 2020.<\/p>\n<p>Il covid-19 ha portato al centro dell&#8217;attenzione l&#8217;impatto dell&#8217;uomo sul pianeta e l&#8217;importanza di intraprendere una via sostenibile, anche nel turismo.\u00a0La sfida \u00e8 grande: la pandemia ci ha messo di fronte ad un cambiamento importante e ad una nuova consapevolezza.<\/p>\n<p>Come torneremo a viaggiare nei prossimi mesi?\u00a0Quali esigenze avranno gli ospiti?\u00a0Come <strong>adeguare e innovare la tua ospitalit\u00e0 green<\/strong> e il tuo hotel per garantire sicurezza e rispetto ambientale?\u00a0Sono alcune delle domande affrontate nel corso del webinar online.\u00a0Le numerose strutture ricettive green che hanno partecipato all&#8217;evento sono state una risorsa preziosa (grazie!!!), con tantissimi commenti, imput e informazioni che sono stati condivise in chat.<\/p>\n<p>Di seguito avete la possibilit\u00e0 di rivedere il video integrale del webinar, scaricare le slide, e leggere le risposte ad alcune domande che sono state poste nel corso della conferenza.<\/p>\n<h2>Guarda il video del Webinar<\/h2>\n<p>Vi siete persi la diretta streaming o volete rivederla? Nessun problema, di seguito potete rivedere il video integrale:<\/p>\n<p><iframe loading=\"lazy\" src=\"https:\/\/www.youtube.com\/embed\/_N6ZTkXSEUc\" width=\"870\" height=\"490\" frameborder=\"0\" allowfullscreen=\"allowfullscreen\"><span data-mce-type=\"bookmark\" style=\"display: inline-block; width: 0px; overflow: hidden; line-height: 0;\" class=\"mce_SELRES_start\">\ufeff<\/span><\/iframe><\/p>\n<h2>Scarica le Slide della Presentazione<\/h2>\n<p>Nel corso del webinar abbiamo avuto la possibilit\u00e0 di approfondire i risultati di un sondaggio recente, che abbiamo promosso ai nostri 15 mila viaggiatori, e che ci ha dato risultati interessanti. Partendo dai dati raccolti. abbiamo approfondito le\u00a0esigenze dei viaggiatori e offerto alcuni spunti per preparare la propria struttura ricettiva.<\/p>\n<h3><a href=\"https:\/\/ecobnb.it\/blog\/app\/uploads\/sites\/2\/2020\/05\/Ospitalit\u00e0-Green-Idee-per-un-Nuovo-Inizio_Ecobnb.pdf\" target=\"_blank\" rel=\"noopener\">Clicca qui per Scaricare le Slide della Presentazione in PDF<\/a><\/h3>\n<p><a href=\"https:\/\/ecobnb.it\/blog\/app\/uploads\/sites\/2\/2020\/05\/Ospitalit%C3%A0-Green-Idee-per-un-Nuovo-Inizio_Ecobnb.pdf\"><img class=\"alignnone wp-image-50780 size-large\" src=\"https:\/\/ecobnb.it\/blog\/app\/uploads\/sites\/2\/2020\/05\/Ospitalit\u00e0-Green-Idee-per-un-nuovo-inizio-ecobnb-870x490.jpg\" alt=\"Ospitalit\u00e0 Green Idee per un nuovo inizio ecobnb\" width=\"870\" height=\"490\" srcset=\"https:\/\/ecobnb.it\/blog\/app\/uploads\/sites\/2\/2020\/05\/Ospitalit\u00e0-Green-Idee-per-un-nuovo-inizio-ecobnb-870x490.jpg 870w, https:\/\/ecobnb.it\/blog\/app\/uploads\/sites\/2\/2020\/05\/Ospitalit\u00e0-Green-Idee-per-un-nuovo-inizio-ecobnb-536x302.jpg 536w, https:\/\/ecobnb.it\/blog\/app\/uploads\/sites\/2\/2020\/05\/Ospitalit\u00e0-Green-Idee-per-un-nuovo-inizio-ecobnb-768x432.jpg 768w, https:\/\/ecobnb.it\/blog\/app\/uploads\/sites\/2\/2020\/05\/Ospitalit\u00e0-Green-Idee-per-un-nuovo-inizio-ecobnb-570x320.jpg 570w, https:\/\/ecobnb.it\/blog\/app\/uploads\/sites\/2\/2020\/05\/Ospitalit\u00e0-Green-Idee-per-un-nuovo-inizio-ecobnb-344x194.jpg 344w\" sizes=\"(max-width: 870px) 100vw, 870px\" \/><\/a><\/p>\n<h2>Domande e Risposte<\/h2>\n<p>Un centinaio di strutture ricettive hanno seguito la diretta streaming contribuendo in modo significativo con commenti, domande e condivisione di idee in chat. Grazie!!!\u00a0Purtroppo non siamo riusciti a rispondere a tutte le domande durante la diretta, perci\u00f2 riportiamo di seguito le pi\u00f9 significative con le nostre risposte.<\/p>\n<h3>1. Come evitare l&#8217;uso di plastica e usa e getta?<\/h3>\n<blockquote><p>\u201cSi \u00e8 fatto di tutto per eliminare il <strong>monodose<\/strong>, la <a href=\"https:\/\/ecobnb.it\/blog\/2019\/09\/no-alla-plastica-hotel-bnb\/\" target=\"_blank\" rel=\"noopener\"><strong>plastica<\/strong><\/a> in generale. La paura del covid-19 far\u00e0 s\u00ec che ritorni l&#8217;usa e getta andando in collisione con l&#8217;<strong>essere green<\/strong>?\u201d<\/p><\/blockquote>\n<p>Grazie per questa domanda! Certamente il rischio \u00e8 molto alto. Oltre all&#8217;aumento dei rifiuti dovuti all&#8217;uso di guanti, mascherine, panni per la pulizia usa e getta, ecc. le precauzioni che dovremo prendere per evitare la diffusione del coronavirus potrebbero far ritornare i prodotti monodose nell&#8217;ospitalit\u00e0. Questo rappresenta sicuramente un grosso problema per l&#8217;ambiente.<\/p>\n<p>Pensiamo sia importante trovare soluzioni alternative al monodose e alla plastica.\u00a0I dispenser di sapone disinfettante nei bagni o di bagno schiuma \/ shampoo nelle docce non devono essere sostituiti da confezioni monodose.\u00a0Nel buffet della colazione si potrebbero proporre porzioni dosate in piccoli contenitori di vetro, ceramica o altri materiali lavabili.<\/p>\n<div id=\"attachment_50794\" class=\"thumbnail alignnone\"><img class=\"wp-image-50794 size-large\" src=\"https:\/\/ecobnb.it\/blog\/app\/uploads\/sites\/2\/2020\/05\/porzioni-di-cibo-buffet-870x490.jpg\" alt=\"porzioni di cibo monodose in vetro in buffet\" width=\"870\" height=\"490\" srcset=\"https:\/\/ecobnb.it\/blog\/app\/uploads\/sites\/2\/2020\/05\/porzioni-di-cibo-buffet-870x490.jpg 870w, https:\/\/ecobnb.it\/blog\/app\/uploads\/sites\/2\/2020\/05\/porzioni-di-cibo-buffet-570x320.jpg 570w\" sizes=\"(max-width: 870px) 100vw, 870px\" \/><div class=\"caption\">Photo by Medina Catering on Unsplash<\/div><\/div>\n<h3>2. Esistono mascherine lavabili e riutilizzabili?<\/h3>\n<blockquote><p>&#8220;Vorrei utilizzare mascherine lavabili, al limite con possibilit\u00e0 di inserire un filtro all&#8217;interno, avete consigli da darmi?&#8221;<\/p><\/blockquote>\n<p>Le mascherine sono destinate ad entrare nella nostra quotidianit\u00e0 e saranno sicuramente indispensabili in hotel o nelle altre strutture ricettive. Le<strong> mascherine in stoffa<\/strong> sono lavabili e riutilizzabili, e perci\u00f2 una soluzione pi\u00f9 <strong>ecologica<\/strong> rispetto a quelle usa e getta.\u00a0Anche se le mascherine in tessuto non sono non sono dispositivi medici, si possono utilizzare con alcune accortezze.<\/p>\n<p>Mettendo insieme i dati di varie ricerche effettuate negli Stati Uniti, <a href=\"https:\/\/www.nytimes.com\/2020\/04\/21\/well\/live\/coronavirus-mask-materials-jeans-bra-pads-grocery-bags.html\" target=\"_blank\" rel=\"noopener\">questo articolo del New York Times<\/a> ha elencato quali sono i tessuti pi\u00f9 protettivi. I cotoni dalle trame pi\u00f9 fitte, come il jeans o la flanella, stratificati almeno due volte, riescono a filtrare il 90% del droplet (particelle pi\u00f9 grandi) e un terzo dell&#8217;aerosol (parti pi\u00f9 piccole).\u00a0Applicando un filtro all&#8217;interno si potrebbe aumentare l&#8217;effetto filtrante della mascherina.\u00a0Questi tipi di mascherine possono essere acquistate o anche fatte in casa (online si trovano numerosi tutorial). La scelta di mascherine lavabili e riutilizzabili \u00e8 sicuramente pi\u00f9 ecologica ed economica.<\/p>\n<div id=\"attachment_50793\" class=\"thumbnail alignnone\"><img class=\"wp-image-50793 size-large\" src=\"https:\/\/ecobnb.it\/blog\/app\/uploads\/sites\/2\/2020\/05\/masks-870x490.jpeg\" alt=\"mascherine di stoffa fatte in casa\" width=\"870\" height=\"490\" srcset=\"https:\/\/ecobnb.it\/blog\/app\/uploads\/sites\/2\/2020\/05\/masks-870x490.jpeg 870w, https:\/\/ecobnb.it\/blog\/app\/uploads\/sites\/2\/2020\/05\/masks-570x320.jpeg 570w\" sizes=\"(max-width: 870px) 100vw, 870px\" \/><div class=\"caption\">Photo by Vera Davidova on Unsplash<\/div><\/div>\n<h3>3. Quali Modalit\u00e0 Eco per Sanificare gli Ambienti?<\/h3>\n<blockquote><p>\u201cVolevo info su modalit\u00e0 eco per sanificare ambienti con spesa non eccessiva\u201d<\/p>\n<p>\u201cCi sono prodotti ecologici per effettuare la sanificazione degli ambienti&#8230; camere, reception, cucina, etc.\u201d<\/p>\n<p>\u201cCosa pensate di igienizzazione con macchina a vapore 160 gradi?\u201d<\/p>\n<p>&#8220;Potrebbe essere interessante vedere i prodotti per sanificare piu&#8217; green?&#8221;<\/p><\/blockquote>\n<p>Per rispondere alle numerose domande relative alla sanificazione e pulizia degli ambienti, che non sia troppo costosa e allo stesso tempo sia green, vediamo insieme alcune opzioni.<\/p>\n<ul>\n<li>\n<h4>Prodotti per la pulizia e disinfettanti eco-friendly<\/h4>\n<\/li>\n<\/ul>\n<p>Sul <a href=\"http:\/\/www.salute.gov.it\/portale\/nuovocoronavirus\/dettaglioNotizieNuovoCoronavirus.jsp?id=4427\" target=\"_blank\" rel=\"noopener\">sito del ministero della salute<\/a> sono pubblicate le informazioni relative ai prodotti per la pulizia e disinfezione, a base di alcool o di cloro (tipo candeggina). Questi prodotti\u00a0per la disinfezione contengono\u00a0sostanze volatili che possono provocare irritazione e tossicit\u00e0, occorre perci\u00f2 arieggiare gli ambienti ed utilizzarli con attenzione.<\/p>\n<p>Esistono sul mercato dei prodotti ecologici?\u00a0Bianca, del B&amp;B Villa Naumanni, consiglia i detergenti igenizzanti di\u00a0<a href=\"https:\/\/shop.sorgenta.com\/shop-ricerca-igienizzante.html\" target=\"_blank\" rel=\"noopener\">Sorgenta<\/a>, che sono biologici e made in Italy, e lei utilizza da tempo. Ci siamo attivati per trovare anche altre soluzioni presenti sul mercato.<\/p>\n<ul>\n<li>\n<h4>Sanificazione con vapore a 160 gradi<\/h4>\n<\/li>\n<\/ul>\n<p>I pulitori a vapore consentono di sanificare gli ambienti in modo pi\u00f9 naturale ed eco-sostenibile. Naturalmente \u00e8 richiesto un investimento iniziale nell&#8217;acquisto dei macchinari a vapore. Ma con questi si possono sanificare tutte le superfici lavabili e i pavimenti, eliminando fino al 99.99% di virus, germi e batteri senza l\u2019uso di detersivi e prodotti chimici.<\/p>\n<ul>\n<li>\n<h4>Pulizia all&#8217;ozono<\/h4>\n<\/li>\n<\/ul>\n<p>L\u2019ozono (O3) \u00e8 riconosciuto dal Ministero della Salute come presidio naturale per la sterilizzazione di ambienti contaminati. Esistono in commercio macchinari all&#8217;ozono per disinfettare spazi\u00a0circoscritti, grazie all&#8217;azione antimicotica e battericida. Questi apparecchi mobili vengono posizionati\u00a0al centro dell\u2019ambiente e accesi per 90 minuti. Il processo di sanificazione prevede la trasformazione dell\u2019ossigeno in ozono, fino alla satuazione della stanza.\u00a0Durante l&#8217;azione del macchinario nessuno pu\u00f2 entrare nella stanza, in quanto l&#8217;ozono \u00e8 un gas tossico, pericoloso per la salute dell&#8217;uomo. Alla fine del ciclo l\u2019ozono ritorna alla sua forma iniziale, ossigeno. Dopo il periodo di azione, \u00e8 garantita la depurazione e sterilizzazione da qualsiasi tipo di inquinante presente nell\u2019aria.<\/p>\n<ul>\n<li>\n<h4>Pulizia con perossido di idrogeno<\/h4>\n<\/li>\n<\/ul>\n<p>Esiste la possibilit\u00e0 di disinfettare gli ambienti con macchinari che nebulizzano nell&#8217;ambiente un prodotto disinfettante a base di <strong>perossido di idrogeno<\/strong> (H2O2). Il prodotto viene nebulizzato nella stanza in micro particelle diffondendosi rapidamente su ogni superficie libera presente nell&#8217;ambiente e distruggendo i batteri senza generare umidit\u00e0. Questo trattamento non produce composti organici volatili e non \u00e8 tossico o cancerogeno. Dopo circa 20 minuti la sua degradazione \u00e8 superiore al 99,99%. Anche in questo caso \u00e8 necessario un maggiore investimento iniziale per l&#8217;acquisto del macchinario.<\/p>\n<ul>\n<li>\n<h4>Saponi e gel igenizzanti ecologici<\/h4>\n<\/li>\n<\/ul>\n<p>Alcuni <strong>saponi mani<\/strong> e\u00a0<strong>gel igenizzanti ecologici<\/strong> presenti sul mercato sono a base biologica, e realizzati in modo ecologico e cuelty free. Tra questi conosciamo i <a href=\"https:\/\/www.officinanaturae.com\/it\/routine-igiene-casa-e-persona\/detergente-mani-gel-igienizzante-500-ml?utm_source=google&amp;utm_medium=organic&amp;user_type=Guest\" target=\"_blank\" rel=\"noopener\">prodotti di\u00a0Officina Naturae<\/a>, che sono partner di Ecobnb,\u00a0\u00a0<a href=\"https:\/\/webshop.chicomendes.it\/prodotto\/detergente-mani-con-antibatterico-naturale-lemongrass\/\" target=\"_blank\" rel=\"noopener\">TAAMA<\/a> di Altromercato,\u00a0<a href=\"https:\/\/www.ecco-verde.it\/dr-organic\/organic-tea-tree-hand-wash\" target=\"_blank\" rel=\"noopener\">dr.Organic<\/a>, BioEarth, GreenNatural,\u00a0Arcangea.<\/p>\n<div id=\"attachment_50795\" class=\"thumbnail alignnone\"><img class=\"wp-image-50795 size-large\" src=\"https:\/\/ecobnb.it\/blog\/app\/uploads\/sites\/2\/2020\/05\/gel-disinfettanti-ecologici-870x490.jpg\" alt=\"gel e saponi antibatterici ecologici\" width=\"870\" height=\"490\" srcset=\"https:\/\/ecobnb.it\/blog\/app\/uploads\/sites\/2\/2020\/05\/gel-disinfettanti-ecologici-870x490.jpg 870w, https:\/\/ecobnb.it\/blog\/app\/uploads\/sites\/2\/2020\/05\/gel-disinfettanti-ecologici-570x320.jpg 570w\" sizes=\"(max-width: 870px) 100vw, 870px\" \/><div class=\"caption\">Photo by Kelly Sikkema on Unsplash<\/div><\/div>\n<h3>4. Cambio biancheria e pulizia giornaliera?<\/h3>\n<blockquote><p>&#8220;Come si concilia la normativa che si applica ai B&amp;B che non prevede la pulizia e il cambio di biancheria giornaliera e le nuove esigenze di sicurezza legate al post COVID?&#8221;<\/p><\/blockquote>\n<p>Non effettuare il cambio giornaliero della stanza \u00e8 certamente una scelta auspicabile. Evitare il passaggio di personale nella stanza riduce infatti i rischi di contaminazione e diffusione di virus. Inoltre, se il cambio biancheria non \u00e8 espressamente richiesto dall&#8217;ospite, non effettuare questo servizio giornaliero \u00e8 anche una <strong>scelta ecologica<\/strong>.<\/p>\n<h3>5. Come comunicare agli ospiti le giuste informazioni?<\/h3>\n<blockquote><p>&#8220;I miei glamping hanno un angolo cottura, come comunicarlo sul sito (nel caso gli utenti effettuino una ricerca per appartamenti, essendo in questo periodo \u00e8 la tipologia preferita)?\u201d<\/p><\/blockquote>\n<p>Grazie per la domanda. Abbiamo infatti visto che sempre pi\u00f9 viaggiatori saranno interessati a soggiornare in appartamenti o alloggi con angolo cottura.<\/p>\n<p>Su Ecobnb si pu\u00f2 comunicare la presenza del servizio &#8220;Uso cucina&#8221;, per farlo vi consigliamo di:<\/p>\n<ul>\n<li><strong>selezionare &#8220;Uso cucina&#8221;<\/strong> tra i servizi della struttura. Questo verr\u00e0 visualizzato nella pagina dell&#8217;ospitalit\u00e0, e consentir\u00e0 di far comparire il risultato tra le ricerche dei viaggiatori<\/li>\n<li>aggiungere dettagli sulla presenza dell&#8217;angolo cottura nella <strong>descrizione degli spazi<\/strong><\/li>\n<li>utilizzare le <strong>immagini<\/strong> per comunicare la presenza della cucina o angolo cottura.<\/li>\n<\/ul>\n<p><img class=\"alignnone size-full wp-image-50790\" src=\"https:\/\/ecobnb.it\/blog\/app\/uploads\/sites\/2\/2020\/05\/Screenshot-from-2020-05-06-18-45-35-e1588787337192.png\" alt=\"angolo cottura\" width=\"878\" height=\"441\" srcset=\"https:\/\/ecobnb.it\/blog\/app\/uploads\/sites\/2\/2020\/05\/Screenshot-from-2020-05-06-18-45-35-e1588787337192.png 878w, https:\/\/ecobnb.it\/blog\/app\/uploads\/sites\/2\/2020\/05\/Screenshot-from-2020-05-06-18-45-35-e1588787337192-536x269.png 536w, https:\/\/ecobnb.it\/blog\/app\/uploads\/sites\/2\/2020\/05\/Screenshot-from-2020-05-06-18-45-35-e1588787337192-768x386.png 768w, https:\/\/ecobnb.it\/blog\/app\/uploads\/sites\/2\/2020\/05\/Screenshot-from-2020-05-06-18-45-35-e1588787337192-344x173.png 344w\" sizes=\"(max-width: 878px) 100vw, 878px\" \/><\/p>\n<h3>5. Come organizzare orari di accesso esclusivo alla piscina o ad altri servizi?<\/h3>\n<blockquote><p>&#8220;Come si fa a definire orari determinati per l&#8217;accesso ad una piscina all&#8217;aperto?&#8221;<\/p><\/blockquote>\n<p>Come per altri servizi di cui si vuole proporre una fruizione esclusiva, eliminando cos\u00ec il problema dell&#8217;affollamento, si pu\u00f2 concordare anticipatamente con gli ospiti l&#8217;orario di utilizzo della piscina, facenco loro scegliere l&#8217;orario tra gli slot disponibili. La regola dovr\u00e0 essere comunicata prima dell&#8217;arrivo degli ospiti (via email, sul sito web, al telefono) e durante il loro soggiorno (cartelli nell&#8217;area piscina, messaggi in reception o in camera).<\/p>\n<div id=\"attachment_50796\" class=\"thumbnail alignnone\"><img class=\"size-medium wp-image-50796\" src=\"https:\/\/ecobnb.it\/blog\/app\/uploads\/sites\/2\/2020\/05\/piscina-536x804.jpg\" alt=\"piscina\" width=\"536\" height=\"804\" srcset=\"https:\/\/ecobnb.it\/blog\/app\/uploads\/sites\/2\/2020\/05\/piscina-536x804.jpg 536w, https:\/\/ecobnb.it\/blog\/app\/uploads\/sites\/2\/2020\/05\/piscina-768x1152.jpg 768w, https:\/\/ecobnb.it\/blog\/app\/uploads\/sites\/2\/2020\/05\/piscina-344x516.jpg 344w\" sizes=\"(max-width: 536px) 100vw, 536px\" \/><div class=\"caption\">Photo by Drew Dau on Unsplash<\/div><\/div>\n<h3>6. Come informarsi meglio?<\/h3>\n<p>Tenere d&#8217;occhio le varie normative e regolamentazioni, sia a livello nazionale che regionale. Queste sono ad oggi le principali:<\/p>\n<ul>\n<li><a href=\"https:\/\/ecobnb.it\/blog\/app\/uploads\/sites\/2\/2020\/04\/OMS-LINEE-GUIDA-.pdf\" target=\"_blank\" rel=\"noopener\">Considerazioni operative per la gestione del COVID-19 nel settore Alberghiero &#8211; Linee Guida OMS (31-03-2020)<\/a><\/li>\n<li><a href=\"https:\/\/ecobnb.it\/blog\/app\/uploads\/sites\/2\/2020\/05\/Protocollo-Federalberghi.pdf\" target=\"_blank\" rel=\"noopener\">Protocollo &#8220;Accoglienza Sicura&#8221; &#8211; Feder Alberghi (27-04-2020)<\/a> &#8211; non ancora approvata dal governo<\/li>\n<li>&#8230;<\/li>\n<\/ul>\n<h3>7. Possiamo Condividere?<\/h3>\n<blockquote><p>&#8220;Possiamo condividere il materiale che abbiamo visto con i nostri ospiti ? Possiamo condividere alcuni dati sulla nostra pagina FB?&#8221;<\/p><\/blockquote>\n<p>Certo \ud83d\ude09<\/p>\n<p>Se avete altre domande, osservazioni o materiali utili che possiamo condividere in questa pagina scriveteci a info@ecobnb.com<\/p>\n","protected":false},"excerpt":{"rendered":"<p>Dopo il Coronavirus, cosa cambier\u00e0 nel mondo dell&#8217;ospitalit\u00e0 e come preparare il tuo hotel? Rivedi il Webinar di Ecobnb, scarica le slide della presentazione e leggi le risposte alle domande poste nel corso dell&#8217;evento. &#8220;Ospitalit\u00e0 Green: Idee per un nuovo Inizio&#8221; \u00e8 il titolo dell&#8217;incontro webinar organizzato da Ecobnb in collaborazione con Perle Alpine\u00a0che si [&hellip;]<\/p>\n","protected":false},"author":3,"featured_media":50779,"parent":16232,"menu_order":0,"comment_status":"closed","ping_status":"open","template":"","meta":[],"acf":[],"yoast_head":"<!-- This site is optimized with the Yoast SEO plugin v19.9 - https:\/\/yoast.com\/wordpress\/plugins\/seo\/ -->\n<title>Webinar - Ospitalit\u00e0 Green: Idee per Un Nuovo Inizio - Ecobnb<\/title>\n<meta name=\"description\" content=\"Dopo il Coronavirus, cosa cambier\u00e0 nel mondo dell&#039;ospitalit\u00e0 e come preparare il tuo hotel? Rivedi il Webinar di Ecobnb e scopri le risposte alle domande!\" \/>\n<meta name=\"robots\" content=\"index, follow, max-snippet:-1, max-image-preview:large, max-video-preview:-1\" \/>\n<link rel=\"canonical\" href=\"https:\/\/ecobnb.it\/blog\/eventi\/webinar-ospitalita-green-nuovo-inizio\/\" \/>\n<meta property=\"og:locale\" content=\"it_IT\" \/>\n<meta property=\"og:type\" content=\"article\" \/>\n<meta property=\"og:title\" content=\"Webinar - Ospitalit\u00e0 Green: Idee per Un Nuovo Inizio - Ecobnb\" \/>\n<meta property=\"og:description\" content=\"Dopo il Coronavirus, cosa cambier\u00e0 nel mondo dell&#039;ospitalit\u00e0 e come preparare il tuo hotel? Rivedi il Webinar di Ecobnb e scopri le risposte alle domande!\" \/>\n<meta property=\"og:url\" content=\"https:\/\/ecobnb.it\/blog\/eventi\/webinar-ospitalita-green-nuovo-inizio\/\" \/>\n<meta property=\"og:site_name\" content=\"Ecobnb\" \/>\n<meta property=\"article:publisher\" content=\"https:\/\/www.facebook.com\/viaggiverdi\" \/>\n<meta property=\"article:modified_time\" content=\"2020-05-08T18:08:58+00:00\" \/>\n<meta property=\"og:image\" content=\"https:\/\/ecobnb.it\/blog\/app\/uploads\/sites\/2\/2020\/05\/Copertina-Youtube-Evento-Webinar-1.jpg\" \/>\n\t<meta property=\"og:image:width\" content=\"2560\" \/>\n\t<meta property=\"og:image:height\" content=\"1440\" \/>\n\t<meta property=\"og:image:type\" content=\"image\/jpeg\" \/>\n<meta name=\"twitter:label1\" content=\"Est. reading time\" \/>\n\t<meta name=\"twitter:data1\" content=\"8 minutes\" \/>\n<!-- \/ Yoast SEO plugin. -->","yoast_head_json":{"title":"Webinar - Ospitalit\u00e0 Green: Idee per Un Nuovo Inizio - Ecobnb","description":"Dopo il Coronavirus, cosa cambier\u00e0 nel mondo dell'ospitalit\u00e0 e come preparare il tuo hotel? Rivedi il Webinar di Ecobnb e scopri le risposte alle domande!","robots":{"index":"index","follow":"follow","max-snippet":"max-snippet:-1","max-image-preview":"max-image-preview:large","max-video-preview":"max-video-preview:-1"},"canonical":"https:\/\/ecobnb.it\/blog\/eventi\/webinar-ospitalita-green-nuovo-inizio\/","og_locale":"it_IT","og_type":"article","og_title":"Webinar - Ospitalit\u00e0 Green: Idee per Un Nuovo Inizio - Ecobnb","og_description":"Dopo il Coronavirus, cosa cambier\u00e0 nel mondo dell'ospitalit\u00e0 e come preparare il tuo hotel? Rivedi il Webinar di Ecobnb e scopri le risposte alle domande!","og_url":"https:\/\/ecobnb.it\/blog\/eventi\/webinar-ospitalita-green-nuovo-inizio\/","og_site_name":"Ecobnb","article_publisher":"https:\/\/www.facebook.com\/viaggiverdi","article_modified_time":"2020-05-08T18:08:58+00:00","og_image":[{"width":2560,"height":1440,"url":"https:\/\/ecobnb.it\/blog\/app\/uploads\/sites\/2\/2020\/05\/Copertina-Youtube-Evento-Webinar-1.jpg","type":"image\/jpeg"}],"twitter_misc":{"Est. reading time":"8 minutes"},"schema":{"@context":"https:\/\/schema.org","@graph":[{"@type":"WebPage","@id":"https:\/\/ecobnb.it\/blog\/eventi\/webinar-ospitalita-green-nuovo-inizio\/","url":"https:\/\/ecobnb.it\/blog\/eventi\/webinar-ospitalita-green-nuovo-inizio\/","name":"Webinar - Ospitalit\u00e0 Green: Idee per Un Nuovo Inizio - Ecobnb","isPartOf":{"@id":"https:\/\/ecobnb.it\/blog\/#website"},"datePublished":"2020-05-06T15:43:57+00:00","dateModified":"2020-05-08T18:08:58+00:00","description":"Dopo il Coronavirus, cosa cambier\u00e0 nel mondo dell'ospitalit\u00e0 e come preparare il tuo hotel? Rivedi il Webinar di Ecobnb e scopri le risposte alle domande!","breadcrumb":{"@id":"https:\/\/ecobnb.it\/blog\/eventi\/webinar-ospitalita-green-nuovo-inizio\/#breadcrumb"},"inLanguage":"it-IT","potentialAction":[{"@type":"ReadAction","target":["https:\/\/ecobnb.it\/blog\/eventi\/webinar-ospitalita-green-nuovo-inizio\/"]}]},{"@type":"BreadcrumbList","@id":"https:\/\/ecobnb.it\/blog\/eventi\/webinar-ospitalita-green-nuovo-inizio\/#breadcrumb","itemListElement":[{"@type":"ListItem","position":1,"name":"Ecobnb Green Accademy: Eventi Formativi, workshop e Incontri","item":"https:\/\/ecobnb.it\/blog\/eventi\/"},{"@type":"ListItem","position":2,"name":"Webinar &#8211; Ospitalit\u00e0 Green: Idee per Un Nuovo Inizio"}]},{"@type":"WebSite","@id":"https:\/\/ecobnb.it\/blog\/#website","url":"https:\/\/ecobnb.it\/blog\/","name":"Ecobnb","description":"Trova il tuo Alloggio Ecosostenibile","publisher":{"@id":"https:\/\/ecobnb.it\/blog\/#organization"},"potentialAction":[{"@type":"SearchAction","target":{"@type":"EntryPoint","urlTemplate":"https:\/\/ecobnb.it\/blog\/?s={search_term_string}"},"query-input":"required name=search_term_string"}],"inLanguage":"it-IT"},{"@type":"Organization","@id":"https:\/\/ecobnb.it\/blog\/#organization","name":"Ecobnb","url":"https:\/\/ecobnb.it\/blog\/","logo":{"@type":"ImageObject","inLanguage":"it-IT","@id":"https:\/\/ecobnb.it\/blog\/#\/schema\/logo\/image\/","url":"https:\/\/ecobnb.it\/blog\/app\/uploads\/sites\/2\/2016\/03\/logo_transparent_512x512.png","contentUrl":"https:\/\/ecobnb.it\/blog\/app\/uploads\/sites\/2\/2016\/03\/logo_transparent_512x512.png","width":512,"height":512,"caption":"Ecobnb"},"image":{"@id":"https:\/\/ecobnb.it\/blog\/#\/schema\/logo\/image\/"},"sameAs":["https:\/\/www.facebook.com\/viaggiverdi"]}]}},"_links":{"self":[{"href":"https:\/\/ecobnb.it\/blog\/wp-json\/wp\/v2\/pages\/50778"}],"collection":[{"href":"https:\/\/ecobnb.it\/blog\/wp-json\/wp\/v2\/pages"}],"about":[{"href":"https:\/\/ecobnb.it\/blog\/wp-json\/wp\/v2\/types\/page"}],"author":[{"embeddable":true,"href":"https:\/\/ecobnb.it\/blog\/wp-json\/wp\/v2\/users\/3"}],"replies":[{"embeddable":true,"href":"https:\/\/ecobnb.it\/blog\/wp-json\/wp\/v2\/comments?post=50778"}],"version-history":[{"count":13,"href":"https:\/\/ecobnb.it\/blog\/wp-json\/wp\/v2\/pages\/50778\/revisions"}],"predecessor-version":[{"id":50902,"href":"https:\/\/ecobnb.it\/blog\/wp-json\/wp\/v2\/pages\/50778\/revisions\/50902"}],"up":[{"embeddable":true,"href":"https:\/\/ecobnb.it\/blog\/wp-json\/wp\/v2\/pages\/16232"}],"wp:featuredmedia":[{"embeddable":true,"href":"https:\/\/ecobnb.it\/blog\/wp-json\/wp\/v2\/media\/50779"}],"wp:attachment":[{"href":"https:\/\/ecobnb.it\/blog\/wp-json\/wp\/v2\/media?parent=50778"}],"curies":[{"name":"wp","href":"https:\/\/api.w.org\/{rel}","templated":true}]}}