{"id":41263,"date":"2019-05-16T14:14:27","date_gmt":"2019-05-16T12:14:27","guid":{"rendered":"https:\/\/ecobnb.it\/blog\/?page_id=41263"},"modified":"2019-08-29T10:28:10","modified_gmt":"2019-08-29T08:28:10","slug":"take-it-slow-viaggia-lento","status":"publish","type":"page","link":"https:\/\/ecobnb.it\/blog\/take-it-slow-viaggia-lento\/","title":{"rendered":"Take it Slow: Viaggia Lento, Raccontalo e Riparti. Il Premio di Ecobnb e Festival del Turismo Responsabile IT.A.C\u00c0"},"content":{"rendered":"<p>Sapevate che il 2019 \u00e8 l\u2019anno del <strong>turismo lento<\/strong>? Ne abbiamo parlato molte volte sul blog di Ecobnb, ma vogliamo fare di pi\u00f9. <strong>Raccontarlo dal vostro punto di vista<\/strong>, condividendo le vostre idee e le vostre <strong>esperienze di viaggio lento<\/strong>. <a href=\"https:\/\/ecobnb.it\" target=\"_blank\">Ecobnb, la community del viaggio sostenibile<\/a>, insieme a <a href=\"https:\/\/www.festivalitaca.net\/\" target=\"_blank\">IT.A.CA\u2019 festival del turismo responsabile<\/a>, lancia il premio<strong>\u00a0\u201c<em>Take it slow<\/em>: Viaggia lento, Raccontalo e Riparti\u201d<\/strong>.<\/p>\n<h2>Viaggia lento e vinci un\u00a0weekend\u00a0eco-friendly<\/h2>\n<div id=\"attachment_41559\" class=\"thumbnail alignnone\"><img class=\"wp-image-41559 size-large\" src=\"https:\/\/ecobnb.it\/blog\/app\/uploads\/sites\/2\/2019\/05\/path-girl-field-meadow-prairie-hill-120700-pxhere.com_-870x490.jpg\" alt=\"Viaggio in bicicletta, take it slow \u00e8 il premio dedicato al viaggiare lentamente\" width=\"870\" height=\"490\" srcset=\"https:\/\/ecobnb.it\/blog\/app\/uploads\/sites\/2\/2019\/05\/path-girl-field-meadow-prairie-hill-120700-pxhere.com_-870x490.jpg 870w, https:\/\/ecobnb.it\/blog\/app\/uploads\/sites\/2\/2019\/05\/path-girl-field-meadow-prairie-hill-120700-pxhere.com_-570x320.jpg 570w\" sizes=\"(max-width: 870px) 100vw, 870px\" \/><div class=\"caption\">foto via pxhere.com<\/div><\/div>\n<p><strong>Chi?<\/strong> Proprio tu.<\/p>\n<p><strong>Quando?<\/strong> Hai tempo <strong>fino al <span style=\"color: #ff0000;\">15 ottobre 2019<\/span>\u00a0<del>31 agosto 2019<\/del><\/strong>.<\/p>\n<p><strong>Dove?<\/strong> Ovunque tu vada.<\/p>\n<p><strong>Cosa?<\/strong> <strong>Raccontaci la tua esperienza di viaggio slow<\/strong>: a piedi, in bicicletta, a cavallo, in treno o in barca a vela\u2026 Qualsiasi modo ti faccia riscoprire la meraviglia del <strong>viaggiare lentamente<\/strong>, assaporando ogni profumo, connettendoti profondamente con ogni persona che incontri e la sua cultura, trovando l\u2019armonia con l\u2019ambiente che ti circonda e ti ospita.<\/p>\n<p>Puoi anche raccontare la tua terra, quella in cui hai deciso\u00a0di restare, o di ri-tornare ad abitare per renderli luoghi migliori. Sulla scia del tema del festival IT.A.CA\u2019 2019, vogliamo\u00a0infatti raccogliere\u00a0anche racconti di \u201c<a href=\"https:\/\/ecobnb.it\/blog\/2019\/04\/restanza-festival-turismo-responsabile\/\" target=\"_blank\"><strong>restanza<\/strong><\/a>\u201d. Storie di chi ha deciso di rimanere o di tornare nei luoghi in cui \u00e8 nato, nonostante le difficolt\u00e0 o i disastri causati da calamit\u00e0, trovando il coraggio di creare nuove opportunit\u00e0 per s\u00e9 stessi e per gli altri. Una sfumatura diversa del tema grande del\u00a0<strong>turismo lento<\/strong>.<\/p>\n<p><strong>Come?<\/strong>\u00a0 Scrivi un Racconto inedito, accompagnato da alcune foto, oppure Realizza un <strong>video<\/strong>\u00a0inedito che descriva la tua esperienza di viaggio lento.<\/p>\n<p><strong>Perch\u00e9?<\/strong> Perch\u00e9 vogliamo <strong>valorizzare i luoghi<\/strong> non battuti dal turismo di massa e vogliamo promuovere la loro <strong>ricchezza unica<\/strong>, di qualsiasi tipo: paesaggi, tradizioni, storia, prodotti tipici\u2026 E il modo migliore per farlo \u00e8 attraverso gli occhi di chi ne fa esperienza profonda e diretta.<\/p>\n<p><strong>Cosa si vince?\u00a0<\/strong>Il video e il racconto migliori (selezionati da una giuria di esperti composta da IT.A.C\u00c0. Migranti e Viaggiatori, Festival del Turismo Responsabile e da Ecobnb, la community del Turismo Sostenibile)\u00a0<strong>vinceranno un soggiorno green<\/strong>\u00a0di una notte per due persone con prima colazione a base di prodotti biologici o locali, a scelta tra <a href=\"https:\/\/ecobnb.it\/viaggio-regalo\" target=\"_blank\">centinaia di\u00a0Ecobnb in Italia<\/a>.\u00a0Un terzo premio sperciale verr\u00e0 assegnato alla migliore opera che affronta il tema della <strong>restanza<\/strong>.<\/p>\n<p><strong>Che caratteristiche deve avere l&#8217;opera?<\/strong><\/p>\n<p>L&#8217;opera deve essere inedita, mai pubblicata<\/p>\n<ul>\n<li><strong>Scritto<\/strong>: in formato docx +\u00a0<strong>Foto<\/strong>: in formato JPG, dimensione minima di 870 pixls di larghezza<\/li>\n<li><strong>Video:<\/strong> deve avere la durata massima di 5 minuti<\/li>\n<\/ul>\n<p><strong>Come partecipare?<\/strong><\/p>\n<p>Invia la <a href=\"https:\/\/ecobnb.it\/blog\/app\/uploads\/sites\/2\/2019\/05\/Domanda-di-Partecipazione-Contest.pdf\" target=\"_blank\">domanda di partecipazione che trovi a questo link<\/a>\u00a0compilata e firmata,\u00a0insieme alla tua opera inedita (racconto scritto\u00a0con foto\u00a0\/ video) entro il <span style=\"color: #ff0000;\">15 ottobre 2019<\/span>\u00a0<del>31 agosto 2019<\/del>:<\/p>\n<ul>\n<li>via email a <strong>contest@ecobnb.com<\/strong><\/li>\n<\/ul>\n<p>oppure<\/p>\n<ul>\n<li><strong><a href=\"https:\/\/docs.google.com\/forms\/d\/e\/1FAIpQLSf34S-LHSHq5mRMJ8SBhodcKyV3-GjeAadskJTQj7SDh8UOfA\/viewform\" target=\"_blank\">attraverso questa pagina.<\/a><\/strong><\/li>\n<\/ul>\n<p><a href=\"https:\/\/ecobnb.it\/blog\/app\/uploads\/sites\/2\/2019\/05\/Take-it-Slow-Regolamento1.pdf\">A questo link<\/a>\u00a0trovi il regolamento completo del contest. Hai dubbi o domande? Scrivici a contest@ecobnb.com<\/p>\n<div id=\"attachment_41560\" class=\"thumbnail alignnone\"><img class=\"wp-image-41560 size-large\" src=\"https:\/\/ecobnb.it\/blog\/app\/uploads\/sites\/2\/2019\/05\/sea-water-ocean-horizon-cloud-sky-822877-pxhere.com_-870x490.jpg\" alt=\"viaggio in barca a vela, take it slow, viaggia lento, raccontalo e riparti\" width=\"870\" height=\"490\" srcset=\"https:\/\/ecobnb.it\/blog\/app\/uploads\/sites\/2\/2019\/05\/sea-water-ocean-horizon-cloud-sky-822877-pxhere.com_-870x490.jpg 870w, https:\/\/ecobnb.it\/blog\/app\/uploads\/sites\/2\/2019\/05\/sea-water-ocean-horizon-cloud-sky-822877-pxhere.com_-570x320.jpg 570w\" sizes=\"(max-width: 870px) 100vw, 870px\" \/><div class=\"caption\">foto via pxhere.com<\/div><\/div>\n<blockquote><p><em>&#8220;Ho attraversato i continenti per vedere il pi\u00f9 alto dei mondi<\/em><br \/>\n<em>Ho speso una fortuna per navigare sui sette mari<\/em><br \/>\n<em>E non avevo avuto il tempo di notare<\/em><br \/>\n<em>A due passi dalla porta di casa<\/em><br \/>\n<em>Una goccia di rugiada su un filo d\u2019erba.<\/em> &#8220;[R. Tagore]<\/p><\/blockquote>\n<p>Lasciamoci ispirare da ci\u00f2 che c&#8217;\u00e8 vicino a noi, prima di andare dall&#8217;altra parte del mondo. Allora <strong>che aspetti?<\/strong> Segui questa pagina del blog, prepara la valigia, la video camera o carta e penna e\u2026 <strong><em>Take it slow<\/em>: Viaggia lento, Raccontalo e Riparti!<\/strong><\/p>\n<h3><a href=\"https:\/\/ecobnb.it\/blog\/app\/uploads\/sites\/2\/2019\/05\/Take-it-Slow-Regolamento1.pdf\" target=\"_blank\">Scarica e Leggi il regolamento completo del Premio<\/a><\/h3>\n<p>Buona fortuna e buon viaggio slow!<\/p>\n<p><iframe loading=\"lazy\" src=\"https:\/\/www.youtube.com\/embed\/k2ScSwOQe8U\" width=\"870\" height=\"490\" frameborder=\"0\" allowfullscreen=\"allowfullscreen\"><\/iframe><\/p>\n","protected":false},"excerpt":{"rendered":"<p>Sapevate che il 2019 \u00e8 l\u2019anno del turismo lento? Ne abbiamo parlato molte volte sul blog di Ecobnb, ma vogliamo fare di pi\u00f9. Raccontarlo dal vostro punto di vista, condividendo le vostre idee e le vostre esperienze di viaggio lento. Ecobnb, la community del viaggio sostenibile, insieme a IT.A.CA\u2019 festival del turismo responsabile, lancia il [&hellip;]<\/p>\n","protected":false},"author":103,"featured_media":41264,"parent":0,"menu_order":0,"comment_status":"closed","ping_status":"open","template":"","meta":[],"acf":[],"yoast_head":"<!-- This site is optimized with the Yoast SEO plugin v19.9 - https:\/\/yoast.com\/wordpress\/plugins\/seo\/ -->\n<title>Take it Slow: Viaggia Lento, Raccontalo e Riparti!<\/title>\n<meta name=\"description\" content=\"Un premio in occasione dell&#039;anno del Turismo Slow. Viaggia lento e partecipa al premio scrittura o video dedicato al restare e al viaggiare lentamente!\" \/>\n<meta name=\"robots\" content=\"index, follow, max-snippet:-1, max-image-preview:large, max-video-preview:-1\" \/>\n<link rel=\"canonical\" href=\"https:\/\/ecobnb.it\/blog\/take-it-slow-viaggia-lento\/\" \/>\n<meta property=\"og:locale\" content=\"it_IT\" \/>\n<meta property=\"og:type\" content=\"article\" \/>\n<meta property=\"og:title\" content=\"Take it Slow: Viaggia Lento, Raccontalo e Riparti!\" \/>\n<meta property=\"og:description\" content=\"Un premio in occasione dell&#039;anno del Turismo Slow. Viaggia lento e partecipa al premio scrittura o video dedicato al restare e al viaggiare lentamente!\" \/>\n<meta property=\"og:url\" content=\"https:\/\/ecobnb.it\/blog\/take-it-slow-viaggia-lento\/\" \/>\n<meta property=\"og:site_name\" content=\"Ecobnb\" \/>\n<meta property=\"article:publisher\" content=\"https:\/\/www.facebook.com\/viaggiverdi\" \/>\n<meta property=\"article:modified_time\" content=\"2019-08-29T08:28:10+00:00\" \/>\n<meta property=\"og:image\" content=\"https:\/\/ecobnb.it\/blog\/app\/uploads\/sites\/2\/2019\/05\/TAKE-it-SLOW.jpg\" \/>\n\t<meta property=\"og:image:width\" content=\"1170\" \/>\n\t<meta property=\"og:image:height\" content=\"490\" \/>\n\t<meta property=\"og:image:type\" content=\"image\/jpeg\" \/>\n<meta name=\"twitter:label1\" content=\"Est. reading time\" \/>\n\t<meta name=\"twitter:data1\" content=\"3 minutes\" \/>\n<!-- \/ Yoast SEO plugin. -->","yoast_head_json":{"title":"Take it Slow: Viaggia Lento, Raccontalo e Riparti!","description":"Un premio in occasione dell'anno del Turismo Slow. Viaggia lento e partecipa al premio scrittura o video dedicato al restare e al viaggiare lentamente!","robots":{"index":"index","follow":"follow","max-snippet":"max-snippet:-1","max-image-preview":"max-image-preview:large","max-video-preview":"max-video-preview:-1"},"canonical":"https:\/\/ecobnb.it\/blog\/take-it-slow-viaggia-lento\/","og_locale":"it_IT","og_type":"article","og_title":"Take it Slow: Viaggia Lento, Raccontalo e Riparti!","og_description":"Un premio in occasione dell'anno del Turismo Slow. Viaggia lento e partecipa al premio scrittura o video dedicato al restare e al viaggiare lentamente!","og_url":"https:\/\/ecobnb.it\/blog\/take-it-slow-viaggia-lento\/","og_site_name":"Ecobnb","article_publisher":"https:\/\/www.facebook.com\/viaggiverdi","article_modified_time":"2019-08-29T08:28:10+00:00","og_image":[{"width":1170,"height":490,"url":"https:\/\/ecobnb.it\/blog\/app\/uploads\/sites\/2\/2019\/05\/TAKE-it-SLOW.jpg","type":"image\/jpeg"}],"twitter_misc":{"Est. reading time":"3 minutes"},"schema":{"@context":"https:\/\/schema.org","@graph":[{"@type":"WebPage","@id":"https:\/\/ecobnb.it\/blog\/take-it-slow-viaggia-lento\/","url":"https:\/\/ecobnb.it\/blog\/take-it-slow-viaggia-lento\/","name":"Take it Slow: Viaggia Lento, Raccontalo e Riparti!","isPartOf":{"@id":"https:\/\/ecobnb.it\/blog\/#website"},"datePublished":"2019-05-16T12:14:27+00:00","dateModified":"2019-08-29T08:28:10+00:00","description":"Un premio in occasione dell'anno del Turismo Slow. Viaggia lento e partecipa al premio scrittura o video dedicato al restare e al viaggiare lentamente!","inLanguage":"it-IT","potentialAction":[{"@type":"ReadAction","target":["https:\/\/ecobnb.it\/blog\/take-it-slow-viaggia-lento\/"]}]},{"@type":"WebSite","@id":"https:\/\/ecobnb.it\/blog\/#website","url":"https:\/\/ecobnb.it\/blog\/","name":"Ecobnb","description":"Trova il tuo Alloggio Ecosostenibile","publisher":{"@id":"https:\/\/ecobnb.it\/blog\/#organization"},"potentialAction":[{"@type":"SearchAction","target":{"@type":"EntryPoint","urlTemplate":"https:\/\/ecobnb.it\/blog\/?s={search_term_string}"},"query-input":"required name=search_term_string"}],"inLanguage":"it-IT"},{"@type":"Organization","@id":"https:\/\/ecobnb.it\/blog\/#organization","name":"Ecobnb","url":"https:\/\/ecobnb.it\/blog\/","logo":{"@type":"ImageObject","inLanguage":"it-IT","@id":"https:\/\/ecobnb.it\/blog\/#\/schema\/logo\/image\/","url":"https:\/\/ecobnb.it\/blog\/app\/uploads\/sites\/2\/2016\/03\/logo_transparent_512x512.png","contentUrl":"https:\/\/ecobnb.it\/blog\/app\/uploads\/sites\/2\/2016\/03\/logo_transparent_512x512.png","width":512,"height":512,"caption":"Ecobnb"},"image":{"@id":"https:\/\/ecobnb.it\/blog\/#\/schema\/logo\/image\/"},"sameAs":["https:\/\/www.facebook.com\/viaggiverdi"]}]}},"_links":{"self":[{"href":"https:\/\/ecobnb.it\/blog\/wp-json\/wp\/v2\/pages\/41263"}],"collection":[{"href":"https:\/\/ecobnb.it\/blog\/wp-json\/wp\/v2\/pages"}],"about":[{"href":"https:\/\/ecobnb.it\/blog\/wp-json\/wp\/v2\/types\/page"}],"author":[{"embeddable":true,"href":"https:\/\/ecobnb.it\/blog\/wp-json\/wp\/v2\/users\/103"}],"replies":[{"embeddable":true,"href":"https:\/\/ecobnb.it\/blog\/wp-json\/wp\/v2\/comments?post=41263"}],"version-history":[{"count":13,"href":"https:\/\/ecobnb.it\/blog\/wp-json\/wp\/v2\/pages\/41263\/revisions"}],"predecessor-version":[{"id":43963,"href":"https:\/\/ecobnb.it\/blog\/wp-json\/wp\/v2\/pages\/41263\/revisions\/43963"}],"wp:featuredmedia":[{"embeddable":true,"href":"https:\/\/ecobnb.it\/blog\/wp-json\/wp\/v2\/media\/41264"}],"wp:attachment":[{"href":"https:\/\/ecobnb.it\/blog\/wp-json\/wp\/v2\/media?parent=41263"}],"curies":[{"name":"wp","href":"https:\/\/api.w.org\/{rel}","templated":true}]}}