{"id":27450,"date":"2017-08-16T12:03:38","date_gmt":"2017-08-16T10:03:38","guid":{"rendered":"https:\/\/ecobnb.it\/blog\/?page_id=27450"},"modified":"2017-11-09T14:48:26","modified_gmt":"2017-11-09T13:48:26","slug":"turismo-sostenibile-alpi","status":"publish","type":"page","link":"https:\/\/ecobnb.it\/blog\/eventi\/turismo-sostenibile-alpi\/","title":{"rendered":"Turismo sostenibile tra le Alpi: sfide e opportunit\u00e0"},"content":{"rendered":"<h4>Cos&#8217;\u00e8 il turismo sostenibile? Come realizzare un&#8217;ospitalit\u00e0 eco-friendly? Come attrarre i cicloturisti? Come proporre un&#8217;eco-ristorazione? Come rendere la mobilit\u00e0 sulle\u00a0Alpi pi\u00f9 sostenibile? In occasione dell\u2019anno internazionale del Turismo Sostenibile per lo sviluppo, un workshop gratuito per\u00a0approfondire il turismo rispettoso della natura, e\u00a0coerente con i principi dell&#8217;Economia Solidale.<\/h4>\n<p>Per celebrare l\u2019<strong><a href=\"http:\/\/www.tourism4development2017.org\/events\/destination-happiness-ideas-sustainable-tourism-attractive-territory-happy-community\/?utm_source=ECOBNB_Accommodations&amp;utm_campaign=5849c48ad0-B2B+workshop+in+programma+autunno+2017&amp;utm_medium=email&amp;utm_term=0_c2fa948f50-5849c48ad0-\" target=\"_blank\">Anno Internazionale del Turismo Sostenibile<\/a><\/strong> per lo sviluppo proclamato dalle Nazioni Unite\u00a0per il 2017, <a href=\"http:\/\/ecobnb.it\" target=\"_blank\">Ecobnb<\/a> propone un workshop gratuito rivolto in particolare a strutture ricettive e operatori turistici che approfondisce criticit\u00e0 e opportunit\u00e0 del turismo sostenibile tra le Alpi, in occasione della <a href=\"http:\/\/www.economiasolidaletrentina.it\/\" target=\"_blank\">Settimana dell&#8217;Economia Solidale<\/a>.<\/p>\n<p>Il workshop, della durata di un\u2019intera giornata, prevede delle sessioni teoriche per approfondire a 360 gradi il tema del <strong>turismo sostenibile<\/strong>, discutendo quindi dell\u2019<strong>accoglienza turistica eco-friendly<\/strong>, del <strong>cicloturismo<\/strong>, e di altre proposte turistiche innovative che considerano i temi della filiera corta, del biologico, dell&#8217;eco-ristorazione e della mobilit\u00e0 sostenibile.<\/p>\n<p>Successivamente, i partecipanti e i relatori potranno confrontarsi sulla progettazione di un\u2019<strong>esperienza turistica <em>green<\/em><\/strong>, finalizzata ad offrire ai turisti una vacanza esperienziale pi\u00f9 autentica e originale, a contatto con la vita locale.<\/p>\n<p>Oltre a promuovere il turismo sostenibile, il workshop vuole stimolare la partecipazione della comunit\u00e0 nella progettazione di proposte turistiche rispettose della natura, dei luoghi e delle comunit\u00e0 locali, coerenti con i principi dell\u2019Economia Solidale Trentina.<\/p>\n<h4>Quando: marted\u00ec 7 novembre 2017<\/h4>\n<h4>Dove: Lavarone, Fraz. Gionghi, 67 &#8211; <a href=\"https:\/\/www.google.it\/maps\/@45.9406859,11.2706074,3a,75y,278.46h,91.05t\/data=!3m6!1e1!3m4!1sfc9Wg4MGBWW_V5gWlF4pjw!2e0!7i13312!8i6656?hl=en\" target=\"_blank\">sala conferenze Biblioteca<\/a><\/h4>\n<h3><span style=\"color: #ff0000;\"><a style=\"color: #ff0000;\" href=\"https:\/\/docs.google.com\/forms\/d\/e\/1FAIpQLSfKXCnWiK4fiPZ43efmwdoODmvgaZKLJSYXfmCKjCdnWsqlzA\/viewform\" target=\"_blank\">Il workshop \u00e8 gratuito: iscriviti subito qui!<\/a><\/span><\/h3>\n<h4>Hai dubbi o domande? Scrivici a info@ecobnb.com<\/h4>\n<h4><a href=\"http:\/\/www.tourism4development2017.org\/events\/destination-happiness-ideas-sustainable-tourism-attractive-territory-happy-community\/\" target=\"_blank\">Il workshop \u00e8 tra gli eventi dell&#8217;anno internazionale del Turismo Sostenibile per lo Sviluppo dell&#8217;Organizzazione Mondiale del Turismo.<\/a><\/h4>\n<h4><a href=\"https:\/\/ecobnb.it\/blog\/app\/uploads\/sites\/2\/2017\/08\/SES_pieghevole.pdf\" target=\"_blank\">L&#8217;evento fa parte\u00a0della Settimana dell&#8217;Economia Solidale Trentina: scarica a questo link il programma completo delle iniziative organizzate dall&#8217;Economia Solidale Trentina!<\/a><\/h4>\n<hr \/>\n<p>&nbsp;<\/p>\n<h2>Il programma del\u00a0workshop:<\/h2>\n<p>10.00 &#8211; Saluti e apertura lavori &#8211; Presidente della Magnifica Comunit\u00e0 degli Altipiani Cimbri e Sindaco di Lavarone<\/p>\n<p>10.20 &#8211; Le opportunit\u00e0 del Turismo Sostenibile e l\u2019ospitalit\u00e0 green &#8211; Simone Riccardi (Ecobnb)<\/p>\n<p>11.00 &#8211; Mobilit\u00e0 sostenibile e turismo sulle Alpi: il caso delle Perle Alpine &#8211; Giovanni Vassena (Alpine Pearls)<\/p>\n<p>11.30 &#8211; Cicloturismo: potenzialit\u00e0 ed esigenze &#8211; Michele Mutterle (Federazione Nazionale Amici della Bicicletta e Albergabici)<\/p>\n<p>12.10 &#8211; Le possibilit\u00e0 dell\u2019Economia Solidale Trentina &#8211; Manuela Gualdi e Mario Simoni (La Segreteria del Tavolo dell&#8217;Economia Solidale Trentina)<\/p>\n<p>pausa pranzo &#8211; light lunch (12.40-14.15)<\/p>\n<p>14.15 &#8211; Eco-ristorazione &#8211; Marco Niro (Eco-ristorazione Trentina)<\/p>\n<p>14.45 &#8211; Dalla teoria alla pratica: un caso di eco-ospitalit\u00e0 ed eco-ristorazione in Trentino &#8211; Laura Franchini (Hotel Regina Elena)<\/p>\n<p>15.00 &#8211; dibattito e workshop<\/p>\n<p>16.00 &#8211; fine lavori<\/p>\n<h3>I Relatori:<\/h3>\n\n\t\t<style type=\"text\/css\">\n\t\t\t#gallery-1 {\n\t\t\t\tmargin: auto;\n\t\t\t}\n\t\t\t#gallery-1 .gallery-item {\n\t\t\t\tfloat: left;\n\t\t\t\tmargin-top: 10px;\n\t\t\t\ttext-align: center;\n\t\t\t\twidth: 33%;\n\t\t\t}\n\t\t\t#gallery-1 img {\n\t\t\t\tborder: 2px solid #cfcfcf;\n\t\t\t}\n\t\t\t#gallery-1 .gallery-caption {\n\t\t\t\tmargin-left: 0;\n\t\t\t}\n\t\t\t\/* see gallery_shortcode() in wp-includes\/media.php *\/\n\t\t<\/style>\n\t\t<div id='gallery-1' class='gallery galleryid-27450 gallery-columns-3 gallery-size-thumbnail'><dl class='gallery-item'>\n\t\t\t<dt class='gallery-icon landscape'>\n\t\t\t\t<a href='https:\/\/ecobnb.it\/blog\/eventi\/turismo-sostenibile-alpi\/giovanni-vassena\/#main'><img width=\"270\" height=\"200\" src=\"https:\/\/ecobnb.it\/blog\/app\/uploads\/sites\/2\/2017\/08\/giovanni-vassena-270x200.jpg\" class=\"attachment-thumbnail size-thumbnail\" alt=\"Giovanni Vassena, Perle Alpine\" aria-describedby=\"gallery-1-27527\" \/><\/a>\n\t\t\t<\/dt>\n\t\t\t\t<dd class='wp-caption-text gallery-caption' id='gallery-1-27527'>\n\t\t\t\tGiovanni Vassena (Perle Alpine)\n\t\t\t\t<\/dd><\/dl><dl class='gallery-item'>\n\t\t\t<dt class='gallery-icon landscape'>\n\t\t\t\t<a href='https:\/\/ecobnb.it\/blog\/ospitalita-green\/marco-niro\/#main'><img width=\"250\" height=\"200\" src=\"https:\/\/ecobnb.it\/blog\/app\/uploads\/sites\/2\/2016\/08\/Marco-Niro-e1593418694837-250x200.jpg\" class=\"attachment-thumbnail size-thumbnail\" alt=\"Marco Niro, Ecoristorazione Trentina\" aria-describedby=\"gallery-1-20601\" \/><\/a>\n\t\t\t<\/dt>\n\t\t\t\t<dd class='wp-caption-text gallery-caption' id='gallery-1-20601'>\n\t\t\t\tMarco Niro (Ecoristorazione Trentina)\n\t\t\t\t<\/dd><\/dl><dl class='gallery-item'>\n\t\t\t<dt class='gallery-icon landscape'>\n\t\t\t\t<a href='https:\/\/ecobnb.it\/blog\/eventi\/workshop-seminario-turismo-sostenibile\/michele_mutterle-3\/#main'><img width=\"250\" height=\"195\" src=\"https:\/\/ecobnb.it\/blog\/app\/uploads\/sites\/2\/2017\/07\/MICHELE_MUTTERLE.jpg\" class=\"attachment-thumbnail size-thumbnail\" alt=\"\" aria-describedby=\"gallery-1-27023\" \/><\/a>\n\t\t\t<\/dt>\n\t\t\t\t<dd class='wp-caption-text gallery-caption' id='gallery-1-27023'>\n\t\t\t\tMichele Mutterle (Albergabici, FIAB)\n\t\t\t\t<\/dd><\/dl><br style=\"clear: both\" \/><dl class='gallery-item'>\n\t\t\t<dt class='gallery-icon landscape'>\n\t\t\t\t<a href='https:\/\/ecobnb.it\/blog\/eventi\/turismo-sostenibile-alpi\/laura\/#main'><img width=\"270\" height=\"200\" src=\"https:\/\/ecobnb.it\/blog\/app\/uploads\/sites\/2\/2017\/08\/laura-270x200.jpg\" class=\"attachment-thumbnail size-thumbnail\" alt=\"Laura Franchini (Eco Hotel Regina Elena)\" aria-describedby=\"gallery-1-27529\" \/><\/a>\n\t\t\t<\/dt>\n\t\t\t\t<dd class='wp-caption-text gallery-caption' id='gallery-1-27529'>\n\t\t\t\tLaura Franchini (Eco Hotel Regina Elena)\n\t\t\t\t<\/dd><\/dl><dl class='gallery-item'>\n\t\t\t<dt class='gallery-icon landscape'>\n\t\t\t\t<a href='https:\/\/ecobnb.it\/blog\/eventi\/workshop-seminario-turismo-sostenibile\/simone-riccardi-ok-270x200\/#main'><img width=\"270\" height=\"200\" src=\"https:\/\/ecobnb.it\/blog\/app\/uploads\/sites\/2\/2017\/07\/simone-riccardi-ok-270x200.jpg\" class=\"attachment-thumbnail size-thumbnail\" alt=\"\" aria-describedby=\"gallery-1-27024\" \/><\/a>\n\t\t\t<\/dt>\n\t\t\t\t<dd class='wp-caption-text gallery-caption' id='gallery-1-27024'>\n\t\t\t\tSimone Riccardi (Ecobnb)\n\t\t\t\t<\/dd><\/dl><dl class='gallery-item'>\n\t\t\t<dt class='gallery-icon landscape'>\n\t\t\t\t<a href='https:\/\/ecobnb.it\/blog\/ospitalita-green\/manuela-gualdi\/#main'><img width=\"270\" height=\"200\" src=\"https:\/\/ecobnb.it\/blog\/app\/uploads\/sites\/2\/2016\/08\/manuela-gualdi-270x200.jpg\" class=\"attachment-thumbnail size-thumbnail\" alt=\"manuela gualdi\" aria-describedby=\"gallery-1-20926\" \/><\/a>\n\t\t\t<\/dt>\n\t\t\t\t<dd class='wp-caption-text gallery-caption' id='gallery-1-20926'>\n\t\t\t\tManuela Gualdi (Economia Solidale Trentina)\n\t\t\t\t<\/dd><\/dl><br style=\"clear: both\" \/>\n\t\t<\/div>\n\n<p><strong>Simone Riccardi<\/strong>\u00a0\u00e8 fondatore di ViaggiVerdi \u2013\u00a0<strong>Ecobnb<\/strong>. Da sempre appassionato di nuove tecnologie, dopo la laurea e il PhD vince una borsa di studio Fulbright Best e si trasferisce per un anno in Silicon Valley dove studia Business Management presso UCLA California. Attualmente \u00e8 CEO di Ecobnb, progetto vincitore di Seed Money 2014 e la nomination per il Premio Ambiente Euregio 2015, e progetto premiato quest&#8217;anno dall&#8217;<strong>Organizzazione Mondiale del Turismo<\/strong> per l&#8217;innovazione.<\/p>\n<p><strong>Giovanni Vassena<\/strong> \u00e8 collaboratore dell\u2019associazione internazionale Alpine Pearls. Appassionato di montagna e mangiar bene ed allergico allo stress, dopo la laurea in agraria a Vienna si occupa una serie di progetti per lo sviluppo sostenibile del territorio e per la tutela delle produzioni tipiche. Dal 2008 collabora con l&#8217;associazione internazionale Alpine Pearls come responsabile per l&#8217;Italia.<\/p>\n<p><strong>Michele Mutterle<\/strong>\u00a0\u00e8 ideatore e referente di\u00a0<strong>Albergabici<\/strong>, cicloviaggiatore e organizzatore biciviaggi estivi FIAB. Dal 1989 al 1999 \u00e8 stato presidente FIAB Vicenza. Nel 1999 e 2000 accompagnatore e \u201ctour designer\u201d per una agenzia americana di ciclotour in tutta Italia. Dal 2001 segretario organizzativo di FIAB Onlus.<\/p>\n<p><strong>Marco Niro<\/strong> \u00e8 esperto di gestione e comunicazione ambientale. Lavora all\u2019Agenzia provinciale per la protezione dell\u2019ambiente, dove \u00e8 coordinatore del progetto <strong>Ecoristorazione Trentino<\/strong>.<\/p>\n<p><strong>Laura Franchini<\/strong> \u00e8 da sempre appassionata di erbe officinali e da diversi anni gestisce l\u2019<strong><a href=\"https:\/\/ecobnb.it\/IT-trento\/hotel\/regina-elena\/cjjqQ\" target=\"_blank\">hotel Regina Elena<\/a><\/strong>, un hotel sostenibile con proposte di eco-ristorazione nel Parco Naturale Adamello Brenta.<\/p>\n<p><strong>Manuela Gualdi<\/strong> \u00e8 referente del Tavolo dell&#8217;Economia Solidale\u00a0della Provincia Autonoma di Trento presso Trentino Arcobaleno.<\/p>\n<hr \/>\n<h3>Come raggiungere il luogo dell&#8217;evento con mezzi pubblici o car-pooling:<\/h3>\n<p>&nbsp;<\/p>\n<p><strong>Gionghi<\/strong>, localit\u00e0 del comune di Lavarone in cui si svolge il workshop, \u00e8 raggiungibile con i <strong>mezzi pubblici<\/strong> sia da da Rovereto, che da Trento.<\/p>\n<p>Se arrivi da <strong>Rovereto<\/strong>: a<a href=\"http:\/\/www.ttesercizio.it\/OrariDiLinea\/OrariDiDirettrice-E17I-306A.PDF\" target=\"_blank\">\u00a0questo link trovi gli orari dei bus da Rovereto a Gionghi<\/a>. Qui invece quelli per il ritorno, gli<a href=\"http:\/\/www.ttesercizio.it\/OrariDiLinea\/OrariDiDirettrice-E17I-306R.PDF\" target=\"_blank\"> orari degli autobus da Gionghi a Rovereto<\/a>.<\/p>\n<p>Se arrivi da<strong> Trento:<\/strong>\u00a0gli <a href=\"http:\/\/www.ttesercizio.it\/OrariDiLinea\/OrariDiDirettrice-E17I-321A.PDF\" target=\"_blank\">orari dei bus da Trento a Gionghi sono visibili qui<\/a>.\u00a0<a href=\"http:\/\/www.ttesercizio.it\/OrariDiLinea\/OrariDiDirettrice-E17I-321R.PDF\" target=\"_blank\">A questo link trovi gli orari dei bus da Gionghi a Trento<\/a>.<\/p>\n<p>Ti ricordiamo in ogni caso che stiamo organizzando un servizio di <strong>car-pooling<\/strong> tra i partecipanti, se vuoi <strong>condividere un passaggio in auto<\/strong> scrivici a info@ecobnb.com.<\/p>\n<hr \/>\n<p>&nbsp;<\/p>\n<h4>L&#8217;evento \u00e8 organizzato in collaborazione con:<\/h4>\n<p><img class=\"alignnone wp-image-27533\" src=\"https:\/\/ecobnb.it\/blog\/app\/uploads\/sites\/2\/2017\/08\/logo_italian_vertical-e1503645588730.png\" alt=\"logo_italian_vertical\" width=\"200\" height=\"296\" srcset=\"https:\/\/ecobnb.it\/blog\/app\/uploads\/sites\/2\/2017\/08\/logo_italian_vertical-e1503645588730.png 988w, https:\/\/ecobnb.it\/blog\/app\/uploads\/sites\/2\/2017\/08\/logo_italian_vertical-e1503645588730-536x793.png 536w, https:\/\/ecobnb.it\/blog\/app\/uploads\/sites\/2\/2017\/08\/logo_italian_vertical-e1503645588730-344x509.png 344w\" sizes=\"(max-width: 200px) 100vw, 200px\" \/>\u00a0 \u00a0 \u00a0 \u00a0<img class=\"alignnone wp-image-20641\" src=\"https:\/\/ecobnb.it\/blog\/app\/uploads\/sites\/2\/2016\/08\/Logo_Ecobnb.jpg\" alt=\"Ecobnb, la community del Turismo Sostenibile\" width=\"200\" height=\"200\" srcset=\"https:\/\/ecobnb.it\/blog\/app\/uploads\/sites\/2\/2016\/08\/Logo_Ecobnb.jpg 400w, https:\/\/ecobnb.it\/blog\/app\/uploads\/sites\/2\/2016\/08\/Logo_Ecobnb-344x344.jpg 344w\" sizes=\"(max-width: 200px) 100vw, 200px\" \/>\u00a0 \u00a0 \u00a0 \u00a0<img class=\"alignnone wp-image-20645\" src=\"https:\/\/ecobnb.it\/blog\/app\/uploads\/sites\/2\/2016\/08\/LA-SETTIMANA-DELL-ECONOMIA-SOLIDALE_large.jpg\" alt=\"la settimana dell'economia solidale trentina\" width=\"200\" height=\"149\" srcset=\"https:\/\/ecobnb.it\/blog\/app\/uploads\/sites\/2\/2016\/08\/LA-SETTIMANA-DELL-ECONOMIA-SOLIDALE_large.jpg 360w, https:\/\/ecobnb.it\/blog\/app\/uploads\/sites\/2\/2016\/08\/LA-SETTIMANA-DELL-ECONOMIA-SOLIDALE_large-270x200.jpg 270w, https:\/\/ecobnb.it\/blog\/app\/uploads\/sites\/2\/2016\/08\/LA-SETTIMANA-DELL-ECONOMIA-SOLIDALE_large-344x257.jpg 344w\" sizes=\"(max-width: 200px) 100vw, 200px\" \/><\/p>\n<p>&nbsp;<\/p>\n<h4>Con il patrocinio di:<\/h4>\n<p>&nbsp;<\/p>\n<p><img class=\"alignnone wp-image-27460\" src=\"https:\/\/ecobnb.it\/blog\/app\/uploads\/sites\/2\/2017\/08\/Comune-di-Lavarone.png\" alt=\"Comune di Lavarone Trento\" width=\"130\" height=\"178\" srcset=\"https:\/\/ecobnb.it\/blog\/app\/uploads\/sites\/2\/2017\/08\/Comune-di-Lavarone.png 365w, https:\/\/ecobnb.it\/blog\/app\/uploads\/sites\/2\/2017\/08\/Comune-di-Lavarone-344x471.png 344w\" sizes=\"(max-width: 130px) 100vw, 130px\" \/>\u00a0 \u00a0 \u00a0 \u00a0 \u00a0 \u00a0 \u00a0 \u00a0 \u00a0 \u00a0\u00a0<img class=\"alignnone wp-image-27532\" src=\"https:\/\/ecobnb.it\/blog\/app\/uploads\/sites\/2\/2017\/08\/Logo-Magnifica-comunit\u00e0-Altipiani-cimbri.jpg\" alt=\"Logo Magnifica comunit\u00e0 Altipiani Cimbri\" width=\"130\" height=\"163\" \/>\u00a0 \u00a0 \u00a0 \u00a0 \u00a0 \u00a0 \u00a0<img class=\"alignnone wp-image-27537\" src=\"https:\/\/ecobnb.it\/blog\/app\/uploads\/sites\/2\/2017\/08\/FLL_Logo-TrentinoItaly_8mag14.png\" alt=\"Alpe Cimbra Logo\" width=\"140\" height=\"201\" srcset=\"https:\/\/ecobnb.it\/blog\/app\/uploads\/sites\/2\/2017\/08\/FLL_Logo-TrentinoItaly_8mag14.png 368w, https:\/\/ecobnb.it\/blog\/app\/uploads\/sites\/2\/2017\/08\/FLL_Logo-TrentinoItaly_8mag14-344x495.png 344w\" sizes=\"(max-width: 140px) 100vw, 140px\" \/>\u00a0 \u00a0 \u00a0 \u00a0 \u00a0 \u00a0<img class=\"alignnone wp-image-27534\" src=\"https:\/\/ecobnb.it\/blog\/app\/uploads\/sites\/2\/2017\/08\/Logo-Biblioteca-Lavarone.jpg\" alt=\"Logo Biblioteca di Lavarone\" width=\"170\" height=\"196\" srcset=\"https:\/\/ecobnb.it\/blog\/app\/uploads\/sites\/2\/2017\/08\/Logo-Biblioteca-Lavarone.jpg 376w, https:\/\/ecobnb.it\/blog\/app\/uploads\/sites\/2\/2017\/08\/Logo-Biblioteca-Lavarone-344x396.jpg 344w\" sizes=\"(max-width: 170px) 100vw, 170px\" \/><\/p>\n<p>&nbsp;<\/p>\n<p>&nbsp;<\/p>\n<p><img class=\"alignnone wp-image-27584\" src=\"https:\/\/ecobnb.it\/blog\/app\/uploads\/sites\/2\/2017\/08\/logo-pro-loco.png\" alt=\"logo pro loco\" width=\"212\" height=\"200\" srcset=\"https:\/\/ecobnb.it\/blog\/app\/uploads\/sites\/2\/2017\/08\/logo-pro-loco.png 1061w, https:\/\/ecobnb.it\/blog\/app\/uploads\/sites\/2\/2017\/08\/logo-pro-loco-536x506.png 536w, https:\/\/ecobnb.it\/blog\/app\/uploads\/sites\/2\/2017\/08\/logo-pro-loco-344x325.png 344w\" sizes=\"(max-width: 212px) 100vw, 212px\" \/>\u00a0 \u00a0\u00a0<img class=\"alignnone wp-image-27583\" src=\"https:\/\/ecobnb.it\/blog\/app\/uploads\/sites\/2\/2017\/08\/Luserna-logo.png\" alt=\"Luserna logo\" width=\"160\" height=\"183\" srcset=\"https:\/\/ecobnb.it\/blog\/app\/uploads\/sites\/2\/2017\/08\/Luserna-logo.png 684w, https:\/\/ecobnb.it\/blog\/app\/uploads\/sites\/2\/2017\/08\/Luserna-logo-536x613.png 536w, https:\/\/ecobnb.it\/blog\/app\/uploads\/sites\/2\/2017\/08\/Luserna-logo-344x393.png 344w\" sizes=\"(max-width: 160px) 100vw, 160px\" \/>\u00a0 \u00a0 \u00a0 \u00a0 \u00a0 \u00a0\u00a0<img class=\"alignnone wp-image-28668\" src=\"https:\/\/ecobnb.it\/blog\/app\/uploads\/sites\/2\/2017\/08\/stemma_comune_folgaria.png\" alt=\"Folgaria, logo\" width=\"100\" height=\"173\" \/><\/p>\n<p>&nbsp;<\/p>\n<h2><a href=\"https:\/\/ecobnb.it\/blog\/2017\/11\/turismo-sostenibile-alpi-workshop-lavarone\/\" target=\"_blank\">Turismo Sostenibile tra le Alpi: ecco i risultati della giornata di workshop in Trentino!<\/a><\/h2>\n<h2><\/h2>\n","protected":false},"excerpt":{"rendered":"<p>Cos&#8217;\u00e8 il turismo sostenibile? Come realizzare un&#8217;ospitalit\u00e0 eco-friendly? Come attrarre i cicloturisti? Come proporre un&#8217;eco-ristorazione? Come rendere la mobilit\u00e0 sulle\u00a0Alpi pi\u00f9 sostenibile? In occasione dell\u2019anno internazionale del Turismo Sostenibile per lo sviluppo, un workshop gratuito per\u00a0approfondire il turismo rispettoso della natura, e\u00a0coerente con i principi dell&#8217;Economia Solidale. Per celebrare l\u2019Anno Internazionale del Turismo Sostenibile per [&hellip;]<\/p>\n","protected":false},"author":3,"featured_media":27545,"parent":16232,"menu_order":0,"comment_status":"closed","ping_status":"open","template":"","meta":[],"acf":[],"yoast_head":"<!-- This site is optimized with the Yoast SEO plugin v19.9 - https:\/\/yoast.com\/wordpress\/plugins\/seo\/ -->\n<title>Turismo sostenibile tra le Alpi: sfide e opportunit\u00e0<\/title>\n<meta name=\"description\" content=\"Cos&#039;\u00e8 il turismo sostenibile? Come realizzare un&#039;ospitalit\u00e0 eco-friendly? Come attrarre i cicloturisti? Un workshop gratuito per scoprire tutto sul tema!\" \/>\n<meta name=\"robots\" content=\"index, follow, max-snippet:-1, max-image-preview:large, max-video-preview:-1\" \/>\n<link rel=\"canonical\" href=\"https:\/\/ecobnb.it\/blog\/eventi\/turismo-sostenibile-alpi\/\" \/>\n<meta property=\"og:locale\" content=\"it_IT\" \/>\n<meta property=\"og:type\" content=\"article\" \/>\n<meta property=\"og:title\" content=\"Turismo sostenibile tra le Alpi: sfide e opportunit\u00e0\" \/>\n<meta property=\"og:description\" content=\"Cos&#039;\u00e8 il turismo sostenibile? Come realizzare un&#039;ospitalit\u00e0 eco-friendly? Come attrarre i cicloturisti? Un workshop gratuito per scoprire tutto sul tema!\" \/>\n<meta property=\"og:url\" content=\"https:\/\/ecobnb.it\/blog\/eventi\/turismo-sostenibile-alpi\/\" \/>\n<meta property=\"og:site_name\" content=\"Ecobnb\" \/>\n<meta property=\"article:publisher\" content=\"https:\/\/www.facebook.com\/viaggiverdi\" \/>\n<meta property=\"article:modified_time\" content=\"2017-11-09T13:48:26+00:00\" \/>\n<meta property=\"og:image\" content=\"https:\/\/ecobnb.it\/blog\/app\/uploads\/sites\/2\/2017\/08\/Altipiani-Cimbri-5.png\" \/>\n\t<meta property=\"og:image:width\" content=\"1170\" \/>\n\t<meta property=\"og:image:height\" content=\"490\" \/>\n\t<meta property=\"og:image:type\" content=\"image\/png\" \/>\n<meta name=\"twitter:label1\" content=\"Est. reading time\" \/>\n\t<meta name=\"twitter:data1\" content=\"4 minutes\" \/>\n<!-- \/ Yoast SEO plugin. -->","yoast_head_json":{"title":"Turismo sostenibile tra le Alpi: sfide e opportunit\u00e0","description":"Cos'\u00e8 il turismo sostenibile? Come realizzare un'ospitalit\u00e0 eco-friendly? Come attrarre i cicloturisti? Un workshop gratuito per scoprire tutto sul tema!","robots":{"index":"index","follow":"follow","max-snippet":"max-snippet:-1","max-image-preview":"max-image-preview:large","max-video-preview":"max-video-preview:-1"},"canonical":"https:\/\/ecobnb.it\/blog\/eventi\/turismo-sostenibile-alpi\/","og_locale":"it_IT","og_type":"article","og_title":"Turismo sostenibile tra le Alpi: sfide e opportunit\u00e0","og_description":"Cos'\u00e8 il turismo sostenibile? Come realizzare un'ospitalit\u00e0 eco-friendly? Come attrarre i cicloturisti? Un workshop gratuito per scoprire tutto sul tema!","og_url":"https:\/\/ecobnb.it\/blog\/eventi\/turismo-sostenibile-alpi\/","og_site_name":"Ecobnb","article_publisher":"https:\/\/www.facebook.com\/viaggiverdi","article_modified_time":"2017-11-09T13:48:26+00:00","og_image":[{"width":1170,"height":490,"url":"https:\/\/ecobnb.it\/blog\/app\/uploads\/sites\/2\/2017\/08\/Altipiani-Cimbri-5.png","type":"image\/png"}],"twitter_misc":{"Est. reading time":"4 minutes"},"schema":{"@context":"https:\/\/schema.org","@graph":[{"@type":"WebPage","@id":"https:\/\/ecobnb.it\/blog\/eventi\/turismo-sostenibile-alpi\/","url":"https:\/\/ecobnb.it\/blog\/eventi\/turismo-sostenibile-alpi\/","name":"Turismo sostenibile tra le Alpi: sfide e opportunit\u00e0","isPartOf":{"@id":"https:\/\/ecobnb.it\/blog\/#website"},"datePublished":"2017-08-16T10:03:38+00:00","dateModified":"2017-11-09T13:48:26+00:00","description":"Cos'\u00e8 il turismo sostenibile? Come realizzare un'ospitalit\u00e0 eco-friendly? Come attrarre i cicloturisti? Un workshop gratuito per scoprire tutto sul tema!","breadcrumb":{"@id":"https:\/\/ecobnb.it\/blog\/eventi\/turismo-sostenibile-alpi\/#breadcrumb"},"inLanguage":"it-IT","potentialAction":[{"@type":"ReadAction","target":["https:\/\/ecobnb.it\/blog\/eventi\/turismo-sostenibile-alpi\/"]}]},{"@type":"BreadcrumbList","@id":"https:\/\/ecobnb.it\/blog\/eventi\/turismo-sostenibile-alpi\/#breadcrumb","itemListElement":[{"@type":"ListItem","position":1,"name":"Ecobnb Green Accademy: Eventi Formativi, workshop e Incontri","item":"https:\/\/ecobnb.it\/blog\/eventi\/"},{"@type":"ListItem","position":2,"name":"Turismo sostenibile tra le Alpi: sfide e opportunit\u00e0"}]},{"@type":"WebSite","@id":"https:\/\/ecobnb.it\/blog\/#website","url":"https:\/\/ecobnb.it\/blog\/","name":"Ecobnb","description":"Trova il tuo Alloggio Ecosostenibile","publisher":{"@id":"https:\/\/ecobnb.it\/blog\/#organization"},"potentialAction":[{"@type":"SearchAction","target":{"@type":"EntryPoint","urlTemplate":"https:\/\/ecobnb.it\/blog\/?s={search_term_string}"},"query-input":"required name=search_term_string"}],"inLanguage":"it-IT"},{"@type":"Organization","@id":"https:\/\/ecobnb.it\/blog\/#organization","name":"Ecobnb","url":"https:\/\/ecobnb.it\/blog\/","logo":{"@type":"ImageObject","inLanguage":"it-IT","@id":"https:\/\/ecobnb.it\/blog\/#\/schema\/logo\/image\/","url":"https:\/\/ecobnb.it\/blog\/app\/uploads\/sites\/2\/2016\/03\/logo_transparent_512x512.png","contentUrl":"https:\/\/ecobnb.it\/blog\/app\/uploads\/sites\/2\/2016\/03\/logo_transparent_512x512.png","width":512,"height":512,"caption":"Ecobnb"},"image":{"@id":"https:\/\/ecobnb.it\/blog\/#\/schema\/logo\/image\/"},"sameAs":["https:\/\/www.facebook.com\/viaggiverdi"]}]}},"_links":{"self":[{"href":"https:\/\/ecobnb.it\/blog\/wp-json\/wp\/v2\/pages\/27450"}],"collection":[{"href":"https:\/\/ecobnb.it\/blog\/wp-json\/wp\/v2\/pages"}],"about":[{"href":"https:\/\/ecobnb.it\/blog\/wp-json\/wp\/v2\/types\/page"}],"author":[{"embeddable":true,"href":"https:\/\/ecobnb.it\/blog\/wp-json\/wp\/v2\/users\/3"}],"replies":[{"embeddable":true,"href":"https:\/\/ecobnb.it\/blog\/wp-json\/wp\/v2\/comments?post=27450"}],"version-history":[{"count":29,"href":"https:\/\/ecobnb.it\/blog\/wp-json\/wp\/v2\/pages\/27450\/revisions"}],"predecessor-version":[{"id":28737,"href":"https:\/\/ecobnb.it\/blog\/wp-json\/wp\/v2\/pages\/27450\/revisions\/28737"}],"up":[{"embeddable":true,"href":"https:\/\/ecobnb.it\/blog\/wp-json\/wp\/v2\/pages\/16232"}],"wp:featuredmedia":[{"embeddable":true,"href":"https:\/\/ecobnb.it\/blog\/wp-json\/wp\/v2\/media\/27545"}],"wp:attachment":[{"href":"https:\/\/ecobnb.it\/blog\/wp-json\/wp\/v2\/media?parent=27450"}],"curies":[{"name":"wp","href":"https:\/\/api.w.org\/{rel}","templated":true}]}}