{"id":20045,"date":"2016-07-14T18:07:08","date_gmt":"2016-07-14T16:07:08","guid":{"rendered":"https:\/\/ecobnb.it\/blog\/?page_id=20045"},"modified":"2024-02-16T18:07:31","modified_gmt":"2024-02-16T17:07:31","slug":"contattaci-coupon","status":"publish","type":"page","link":"https:\/\/ecobnb.it\/blog\/contattaci-coupon\/","title":{"rendered":"Contattaci"},"content":{"rendered":"<p>Hai ricevuto un <strong>buono viaggio<\/strong> e non sai come utilizzarlo?<\/p>\n<p>Per prima cosa guarda questo<strong> video<\/strong>\u00a0oppure leggi le <strong>risposte<\/strong> alle <strong>domande pi\u00f9 frequenti<\/strong> che trovi di seguito.<\/p>\n<p><iframe loading=\"lazy\" src=\"https:\/\/www.youtube.com\/embed\/AYuNUKrs4tU?ecver=1\" width=\"853\" height=\"480\" frameborder=\"0\" allowfullscreen=\"allowfullscreen\"><\/iframe><\/p>\n<h2><a href=\"https:\/\/ecobnb.it\/blog\/termini-condizioni-utilizzo-voucher-coupon\/\" target=\"_blank\" rel=\"noopener\">Leggi i termini e condizioni di utilizzo del Voucher<\/a><\/h2>\n<h2>Trova le risposte alle tue domande:<\/h2>\n<h4 style=\"text-align: left; padding-left: 30px;\">Quando scade il Coupon?<\/h4>\n<p style=\"padding-left: 30px;\">Il Coupon pu\u00f2 essere utilizzato soggiornando <strong>entro la data di scadenza indicata sul tuo coupon<\/strong>, inviando con adeguato anticipo le richieste di disponibilit\u00e0 sulla\u00a0pagina speciale di\u00a0Ecobnb e confermando la prenotazione entro e non oltre la data indicata nella scadenza del voucher.<\/p>\n<p style=\"padding-left: 30px;\">Con il coupon puoi prenotare <strong>soggiorni eco-friendly di 2 giorni e 1 notte per 2 persone<\/strong>. Il Voucher non \u00e8 utilizzabile durante i ponti, le festivit\u00e0, luglio, agosto e l\u2019alta stagione, e pu\u00f2 essere utilizzato previa disponibilit\u00e0 della struttura ricettiva.<\/p>\n<p style=\"padding-left: 30px;\">Consigliamo\u00a0di inviare le richieste con anticipo, cos\u00ec da avere pi\u00f9 possibilit\u00e0 di trovare disponibilit\u00e0 da parte delle strutture ricettive.<\/p>\n<h4 style=\"text-align: left; padding-left: 30px;\">Dove trovo il codice di 12 cifre per prenotare il mio viaggio premio?<\/h4>\n<p style=\"text-align: left; padding-left: 30px;\">Il codice premio ti \u00e8 stato inviato via email, \u00e8 un codice univoco associato al tuo nome e cognome.<\/p>\n<h4 style=\"text-align: left; padding-left: 30px;\">Dove devo inserire il mio Codice Coupon?<\/h4>\n<p style=\"text-align: left; padding-left: 30px;\">Ogni volta che invii una richiesta legata al tuo soggiorno regalo su Ecobnb ricordati di\u00a0<strong>inserire il tuo Codice Coupon<\/strong> e di verificarlo prima di cliccare sul pulsante blu &#8220;Verifica Disponibilit\u00e0&#8221;.<\/p>\n<p style=\"text-align: left; padding-left: 30px;\"><img class=\"alignnone size-full wp-image-21121\" src=\"https:\/\/ecobnb.it\/blog\/app\/uploads\/sites\/2\/2016\/07\/Casina-Murgecchia-\u2013-Agriturismo-Ecosostenibile-a-Grumo-Appula-Bari-Puglia-IT.png\" alt=\"Casina Murgecchia \u2013 Agriturismo Ecosostenibile a Grumo Appula Bari Puglia IT\" width=\"1613\" height=\"908\" srcset=\"https:\/\/ecobnb.it\/blog\/app\/uploads\/sites\/2\/2016\/07\/Casina-Murgecchia-\u2013-Agriturismo-Ecosostenibile-a-Grumo-Appula-Bari-Puglia-IT.png 1613w, https:\/\/ecobnb.it\/blog\/app\/uploads\/sites\/2\/2016\/07\/Casina-Murgecchia-\u2013-Agriturismo-Ecosostenibile-a-Grumo-Appula-Bari-Puglia-IT-536x302.png 536w, https:\/\/ecobnb.it\/blog\/app\/uploads\/sites\/2\/2016\/07\/Casina-Murgecchia-\u2013-Agriturismo-Ecosostenibile-a-Grumo-Appula-Bari-Puglia-IT-870x490.png 870w, https:\/\/ecobnb.it\/blog\/app\/uploads\/sites\/2\/2016\/07\/Casina-Murgecchia-\u2013-Agriturismo-Ecosostenibile-a-Grumo-Appula-Bari-Puglia-IT-570x320.png 570w, https:\/\/ecobnb.it\/blog\/app\/uploads\/sites\/2\/2016\/07\/Casina-Murgecchia-\u2013-Agriturismo-Ecosostenibile-a-Grumo-Appula-Bari-Puglia-IT-344x194.png 344w\" sizes=\"(max-width: 1613px) 100vw, 1613px\" \/><\/p>\n<h4 style=\"text-align: left; padding-left: 30px;\">Cosa include il mio viaggio regalo?<\/h4>\n<p style=\"text-align: left; padding-left: 30px;\">Il viaggio regalo include il pernottamento di <strong>una notte per due persone<\/strong>, con prima colazione biologica e a km zero, solo quando \u00e8 prevista dalla struttura ricettiva scelta.<\/p>\n<p style=\"text-align: left; padding-left: 30px;\">Non \u00e8 incluso il viaggio per arrivare nella struttura ricettiva. La tassa di soggiorno \u00e8 sempre esclusa e deve essere pagata in contanti in loco, quando prevista.<\/p>\n<h2>Non hai trovato quello che cerchi? Contattaci!<\/h2>\n<p>Se non hai trovato la risposta alla tua domanda, o se hai ancora dubbi, scrivici a: <strong>coupon@ecobnb.com<\/strong><\/p>\n<h4>Saremo felici di risponderti!<\/h4>\n<p>Se ci scrivi via email ti risponderemo entro 24 ore.<\/p>\n","protected":false},"excerpt":{"rendered":"<p>Hai ricevuto un buono viaggio e non sai come utilizzarlo? Per prima cosa guarda questo video\u00a0oppure leggi le risposte alle domande pi\u00f9 frequenti che trovi di seguito. Leggi i termini e condizioni di utilizzo del Voucher Trova le risposte alle tue domande: Quando scade il Coupon? Il Coupon pu\u00f2 essere utilizzato soggiornando entro la data [&hellip;]<\/p>\n","protected":false},"author":3,"featured_media":20052,"parent":0,"menu_order":0,"comment_status":"closed","ping_status":"open","template":"","meta":[],"acf":[],"yoast_head":"<!-- This site is optimized with the Yoast SEO plugin v19.9 - https:\/\/yoast.com\/wordpress\/plugins\/seo\/ -->\n<title>Contattaci - Ecobnb<\/title>\n<meta name=\"description\" content=\"Hai dubbi o domande su come utilizzare il coupon voucher regalo di Ecobnb? Contattaci o trova qui le risposte alle domande pi\u00f9 frequenti!\" \/>\n<meta name=\"robots\" content=\"index, follow, max-snippet:-1, max-image-preview:large, max-video-preview:-1\" \/>\n<link rel=\"canonical\" href=\"https:\/\/ecobnb.it\/blog\/contattaci-coupon\/\" \/>\n<meta property=\"og:locale\" content=\"it_IT\" \/>\n<meta property=\"og:type\" content=\"article\" \/>\n<meta property=\"og:title\" content=\"Contattaci - Ecobnb\" \/>\n<meta property=\"og:description\" content=\"Hai dubbi o domande su come utilizzare il coupon voucher regalo di Ecobnb? Contattaci o trova qui le risposte alle domande pi\u00f9 frequenti!\" \/>\n<meta property=\"og:url\" content=\"https:\/\/ecobnb.it\/blog\/contattaci-coupon\/\" \/>\n<meta property=\"og:site_name\" content=\"Ecobnb\" \/>\n<meta property=\"article:publisher\" content=\"https:\/\/www.facebook.com\/viaggiverdi\" \/>\n<meta property=\"article:modified_time\" content=\"2024-02-16T17:07:31+00:00\" \/>\n<meta property=\"og:image\" content=\"https:\/\/ecobnb.it\/blog\/app\/uploads\/sites\/2\/2016\/07\/Contattaci.jpg\" \/>\n\t<meta property=\"og:image:width\" content=\"1170\" \/>\n\t<meta property=\"og:image:height\" content=\"479\" \/>\n\t<meta property=\"og:image:type\" content=\"image\/jpeg\" \/>\n<meta name=\"twitter:label1\" content=\"Est. reading time\" \/>\n\t<meta name=\"twitter:data1\" content=\"2 minutes\" \/>\n<!-- \/ Yoast SEO plugin. -->","yoast_head_json":{"title":"Contattaci - Ecobnb","description":"Hai dubbi o domande su come utilizzare il coupon voucher regalo di Ecobnb? Contattaci o trova qui le risposte alle domande pi\u00f9 frequenti!","robots":{"index":"index","follow":"follow","max-snippet":"max-snippet:-1","max-image-preview":"max-image-preview:large","max-video-preview":"max-video-preview:-1"},"canonical":"https:\/\/ecobnb.it\/blog\/contattaci-coupon\/","og_locale":"it_IT","og_type":"article","og_title":"Contattaci - Ecobnb","og_description":"Hai dubbi o domande su come utilizzare il coupon voucher regalo di Ecobnb? Contattaci o trova qui le risposte alle domande pi\u00f9 frequenti!","og_url":"https:\/\/ecobnb.it\/blog\/contattaci-coupon\/","og_site_name":"Ecobnb","article_publisher":"https:\/\/www.facebook.com\/viaggiverdi","article_modified_time":"2024-02-16T17:07:31+00:00","og_image":[{"width":1170,"height":479,"url":"https:\/\/ecobnb.it\/blog\/app\/uploads\/sites\/2\/2016\/07\/Contattaci.jpg","type":"image\/jpeg"}],"twitter_misc":{"Est. reading time":"2 minutes"},"schema":{"@context":"https:\/\/schema.org","@graph":[{"@type":"WebPage","@id":"https:\/\/ecobnb.it\/blog\/contattaci-coupon\/","url":"https:\/\/ecobnb.it\/blog\/contattaci-coupon\/","name":"Contattaci - Ecobnb","isPartOf":{"@id":"https:\/\/ecobnb.it\/blog\/#website"},"datePublished":"2016-07-14T16:07:08+00:00","dateModified":"2024-02-16T17:07:31+00:00","description":"Hai dubbi o domande su come utilizzare il coupon voucher regalo di Ecobnb? Contattaci o trova qui le risposte alle domande pi\u00f9 frequenti!","inLanguage":"it-IT","potentialAction":[{"@type":"ReadAction","target":["https:\/\/ecobnb.it\/blog\/contattaci-coupon\/"]}]},{"@type":"WebSite","@id":"https:\/\/ecobnb.it\/blog\/#website","url":"https:\/\/ecobnb.it\/blog\/","name":"Ecobnb","description":"Trova il tuo Alloggio Ecosostenibile","publisher":{"@id":"https:\/\/ecobnb.it\/blog\/#organization"},"potentialAction":[{"@type":"SearchAction","target":{"@type":"EntryPoint","urlTemplate":"https:\/\/ecobnb.it\/blog\/?s={search_term_string}"},"query-input":"required name=search_term_string"}],"inLanguage":"it-IT"},{"@type":"Organization","@id":"https:\/\/ecobnb.it\/blog\/#organization","name":"Ecobnb","url":"https:\/\/ecobnb.it\/blog\/","logo":{"@type":"ImageObject","inLanguage":"it-IT","@id":"https:\/\/ecobnb.it\/blog\/#\/schema\/logo\/image\/","url":"https:\/\/ecobnb.it\/blog\/app\/uploads\/sites\/2\/2016\/03\/logo_transparent_512x512.png","contentUrl":"https:\/\/ecobnb.it\/blog\/app\/uploads\/sites\/2\/2016\/03\/logo_transparent_512x512.png","width":512,"height":512,"caption":"Ecobnb"},"image":{"@id":"https:\/\/ecobnb.it\/blog\/#\/schema\/logo\/image\/"},"sameAs":["https:\/\/www.facebook.com\/viaggiverdi"]}]}},"_links":{"self":[{"href":"https:\/\/ecobnb.it\/blog\/wp-json\/wp\/v2\/pages\/20045"}],"collection":[{"href":"https:\/\/ecobnb.it\/blog\/wp-json\/wp\/v2\/pages"}],"about":[{"href":"https:\/\/ecobnb.it\/blog\/wp-json\/wp\/v2\/types\/page"}],"author":[{"embeddable":true,"href":"https:\/\/ecobnb.it\/blog\/wp-json\/wp\/v2\/users\/3"}],"replies":[{"embeddable":true,"href":"https:\/\/ecobnb.it\/blog\/wp-json\/wp\/v2\/comments?post=20045"}],"version-history":[{"count":20,"href":"https:\/\/ecobnb.it\/blog\/wp-json\/wp\/v2\/pages\/20045\/revisions"}],"predecessor-version":[{"id":77966,"href":"https:\/\/ecobnb.it\/blog\/wp-json\/wp\/v2\/pages\/20045\/revisions\/77966"}],"wp:featuredmedia":[{"embeddable":true,"href":"https:\/\/ecobnb.it\/blog\/wp-json\/wp\/v2\/media\/20052"}],"wp:attachment":[{"href":"https:\/\/ecobnb.it\/blog\/wp-json\/wp\/v2\/media?parent=20045"}],"curies":[{"name":"wp","href":"https:\/\/api.w.org\/{rel}","templated":true}]}}