{"id":1489,"date":"2013-05-29T16:14:17","date_gmt":"2013-05-29T16:14:17","guid":{"rendered":"http:\/\/blog.viaggiverdi.org\/?page_id=1489"},"modified":"2025-11-02T11:19:01","modified_gmt":"2025-11-02T10:19:01","slug":"turismo-responsabile-italia","status":"publish","type":"page","link":"https:\/\/ecobnb.it\/blog\/turismo-responsabile-italia\/","title":{"rendered":"Ecobnb, la Community del Turismo Sostenibile"},"content":{"rendered":"<table class=\"table\" style=\"clear: both;\">\n<tbody>\n<tr>\n<td style=\"vertical-align: middle!important;\">\n<h2>In Ecobnb\u00a0puoi trovare\u00a0ogni sistemazione eco-friendly<\/h2>\n<p>dalla casa sull\u2019albero all\u2019hotel sostenibile, dall&#8217;albergo diffuso negli antichi borghi italiani all\u2019igloo tra i ghiacci, dall\u2019agriturismo biologico immerso nella natura al rifugio di montagna a zero emissioni.<\/td>\n<td style=\"vertical-align: middle!important;\"><img class=\"alignnone size-full wp-image-86851\" src=\"https:\/\/ecobnb.it\/blog\/app\/uploads\/sites\/2\/2025\/09\/casa-sullalbero-glamping-il-sole.png\" alt=\"casa sull'albero glamping il sole\" width=\"520\" height=\"347\" srcset=\"https:\/\/ecobnb.it\/blog\/app\/uploads\/sites\/2\/2025\/09\/casa-sullalbero-glamping-il-sole.png 520w, https:\/\/ecobnb.it\/blog\/app\/uploads\/sites\/2\/2025\/09\/casa-sullalbero-glamping-il-sole-344x230.png 344w\" sizes=\"(max-width: 520px) 100vw, 520px\" \/><\/td>\n<\/tr>\n<tr>\n<td style=\"vertical-align: middle!important;\">\n<h3><img class=\"alignnone wp-image-1527\" src=\"https:\/\/ecobnb.it\/blog\/app\/uploads\/sites\/2\/2013\/05\/MG_1913cmyk-536x357.jpg\" alt=\"ragazza in bicicletta sulla spiaggia\" width=\"520\" height=\"347\" srcset=\"https:\/\/ecobnb.it\/blog\/app\/uploads\/sites\/2\/2013\/05\/MG_1913cmyk-536x357.jpg 536w, https:\/\/ecobnb.it\/blog\/app\/uploads\/sites\/2\/2013\/05\/MG_1913cmyk-344x229.jpg 344w\" sizes=\"(max-width: 520px) 100vw, 520px\" \/><\/h3>\n<\/td>\n<td style=\"vertical-align: middle!important;\">\n<h2>La nostra mission e la nostra storia<\/h2>\n<p>Ecobnb \u00e8 un&#8217;avventura intrapresa per cambiare il modo di viaggiare, per far emergere, mettendole in rete, le possibilit\u00e0 di turismo responsabile, rispettoso dell\u2019ambiente, dell\u2019economia e delle comunit\u00e0 locali.<\/p>\n<p>\u201cTutto \u00e8 iniziato quando, durante una conferenza universitaria a Potenza, cercavo online un alloggio sostenibile per il mio soggiorno, ma non riuscivo a trovarne uno. Da quella semplice ricerca impossibile \u00e8 nata un\u2019idea: rendere il turismo sostenibile accessibile a tutti. Cos\u00ec \u00e8 nato Ecobnb.\u201d \u2014 <em data-start=\"1227\" data-end=\"1265\">Simone Riccardi <\/em>&#8230; <a href=\"https:\/\/ecobnb.it\/blog\/storia\/\" target=\"_blank\" rel=\"noopener\"><strong>[continua a leggere la nostra storia]<\/strong><\/a><\/td>\n<\/tr>\n<tr>\n<td style=\"vertical-align: middle!important;\">\n<h2>Il nostro Impegno per l&#8217;Ambiente<\/h2>\n<p><strong>Promuoviamo il turismo responsabile e a ridotto impatto ambientale<\/strong>, i soggiorni in strutture ricettive eco-sostenibili, il cibo biologico, gli itinerari rispettosi dell\u2019ambiente, gli spostamenti non inquinanti, la riscoperta di luoghi vicini ed autentici.<\/p>\n<p>Viaggiando con Ecobnb, risparmi acqua, riduci i rifiuti e le emissioni di anidride carbonica, l&#8217;equivalente di <a href=\"https:\/\/ecobnb.it\/blog\/risparmi-alberi-co2\/\" target=\"_blank\" rel=\"noopener\"><strong>salvare alberi<\/strong><\/a>!<\/p>\n<p><strong>Anche il nostro sito \u00e8 sostenibile: 0% emissioni di CO2 e 100% Energia Pulita<\/strong>. I\u00a0server di Ecobnb sono alimentati interamente da fonti rinnovabili locali (Hetzner Online). Una scelta a chilometro zero, proprio come i nostri viaggi.<\/p>\n<h3><\/h3>\n<\/td>\n<td style=\"vertical-align: middle!important;\">\n<h3><img class=\"alignnone wp-image-1522\" src=\"https:\/\/ecobnb.it\/blog\/app\/uploads\/sites\/2\/2013\/05\/quaking-aspen-trees_1497_600x450-536x402.jpg\" alt=\"ecologia e turismo sostenibile\" width=\"520\" height=\"390\" srcset=\"https:\/\/ecobnb.it\/blog\/app\/uploads\/sites\/2\/2013\/05\/quaking-aspen-trees_1497_600x450-536x402.jpg 536w, https:\/\/ecobnb.it\/blog\/app\/uploads\/sites\/2\/2013\/05\/quaking-aspen-trees_1497_600x450-344x258.jpg 344w, https:\/\/ecobnb.it\/blog\/app\/uploads\/sites\/2\/2013\/05\/quaking-aspen-trees_1497_600x450.jpg 600w\" sizes=\"(max-width: 520px) 100vw, 520px\" \/><\/h3>\n<h2><\/h2>\n<\/td>\n<\/tr>\n<\/tbody>\n<\/table>\n<hr \/>\n<h2>Parlano\u00a0di noi<\/h2>\n<p><a href=\"https:\/\/ecobnb.it\/blog\/2015\/02\/il-sole-24-ore-viaggi-natura\/\"><img class=\"alignnone wp-image-13486\" src=\"https:\/\/ecobnb.it\/blog\/app\/uploads\/sites\/2\/2013\/05\/Il_Sole_24_Ore_BN.png\" alt=\"\" width=\"180\" height=\"58\" srcset=\"https:\/\/ecobnb.it\/blog\/app\/uploads\/sites\/2\/2013\/05\/Il_Sole_24_Ore_BN.png 665w, https:\/\/ecobnb.it\/blog\/app\/uploads\/sites\/2\/2013\/05\/Il_Sole_24_Ore_BN-536x174.png 536w, https:\/\/ecobnb.it\/blog\/app\/uploads\/sites\/2\/2013\/05\/Il_Sole_24_Ore_BN-344x112.png 344w\" sizes=\"(max-width: 180px) 100vw, 180px\" \/><\/a>\u00a0 \u00a0 \u00a0 \u00a0<a href=\"https:\/\/ecobnb.it\/blog\/2014\/06\/turismo-benessere-eco-repubblica\/\"><img class=\"alignnone wp-image-8690 size-full\" src=\"https:\/\/ecobnb.it\/blog\/app\/uploads\/sites\/2\/2013\/05\/repubblica-e1404281872396.jpg\" alt=\"repubblica\" width=\"200\" height=\"42\" \/><\/a>\u00a0 \u00a0 \u00a0 \u00a0<a href=\"https:\/\/ecobnb.it\/blog\/2014\/03\/io-dormo-eco\/\"><img class=\"alignnone wp-image-6871\" src=\"https:\/\/ecobnb.it\/blog\/app\/uploads\/sites\/2\/2013\/05\/LEspresso-BN.jpg\" alt=\"L'Espresso BN\" width=\"187\" height=\"41\" srcset=\"https:\/\/ecobnb.it\/blog\/app\/uploads\/sites\/2\/2013\/05\/LEspresso-BN.jpg 380w, https:\/\/ecobnb.it\/blog\/app\/uploads\/sites\/2\/2013\/05\/LEspresso-BN-344x73.jpg 344w\" sizes=\"(max-width: 187px) 100vw, 187px\" \/><\/a>\u00a0 \u00a0 \u00a0 \u00a0<a href=\"https:\/\/ecobnb.it\/blog\/2013\/07\/viaggia-green-cosmopolitan-parla-di-viaggiverdi\/\" target=\"_blank\" rel=\"noopener\"><img class=\"alignnone wp-image-3979\" src=\"https:\/\/ecobnb.it\/blog\/app\/uploads\/sites\/2\/2013\/05\/cosmopolitan_bg_logoBW.gif\" alt=\"cosmopolitan_bg_logoBW\" width=\"175\" height=\"34\" \/><\/a>\u00a0 \u00a0\u00a0\u00a0<a href=\"https:\/\/ecobnb.it\/blog\/2014\/03\/dove-whatsapp-vai-il-corriere-della-sera-nel-magazine-style-parla-di-viaggiverdi\/\"><img class=\"alignnone wp-image-8691 size-full\" src=\"https:\/\/ecobnb.it\/blog\/app\/uploads\/sites\/2\/2013\/05\/STYLE-logo-e1404282178904.jpg\" alt=\"STYLE logo\" width=\"180\" height=\"96\" \/><\/a>\u00a0 \u00a0 \u00a0 \u00a0<img class=\"alignnone wp-image-3981\" src=\"https:\/\/ecobnb.it\/blog\/app\/uploads\/sites\/2\/2013\/05\/millionaire-bw.jpg\" alt=\"millionaire bw\" width=\"126\" height=\"43\" \/> \u00a0 \u00a0 <a href=\"https:\/\/ecobnb.it\/blog\/2013\/09\/ora-la-vacanza-e-ecofriendly\/\" target=\"_blank\" rel=\"noopener\"><img class=\"alignnone wp-image-3980\" src=\"https:\/\/ecobnb.it\/blog\/app\/uploads\/sites\/2\/2013\/05\/donna_moderna_logo-bw.jpg\" alt=\"donna_moderna_logo bw\" width=\"136\" height=\"70\" \/><\/a>\u00a0 <a href=\"https:\/\/ecobnb.it\/blog\/2015\/08\/casa-green-corriere-innovazione-ecobnb\/\"><img class=\"alignnone wp-image-13487\" src=\"https:\/\/ecobnb.it\/blog\/app\/uploads\/sites\/2\/2013\/05\/corriere-innovazione-bn.jpg\" alt=\"Ecobnb su Corriere Innovazione\" width=\"200\" height=\"71\" \/><\/a>\u00a0 \u00a0\u00a0\u00a0 <img class=\"alignnone size-full wp-image-16675\" src=\"https:\/\/ecobnb.it\/blog\/app\/uploads\/sites\/2\/2013\/05\/20110812121938Il_Messaggero_logo1.png\" alt=\"20110812121938!Il_Messaggero_logo\" width=\"180\" height=\"38\" \/>\u00a0\u00a0\u00a0\u00a0\u00a0 <a href=\"http:\/\/www.terranuova.it\/Ecoturismo\/Viaggiare-Sostenibile-le-migliori-proposte-green-da-non-perdere-nel-2016\"><img class=\"alignnone wp-image-16780\" src=\"https:\/\/ecobnb.it\/blog\/app\/uploads\/sites\/2\/2013\/05\/terranuova-bn.jpg\" alt=\"Ecobnb su TerraNuova\" width=\"250\" height=\"44\" srcset=\"https:\/\/ecobnb.it\/blog\/app\/uploads\/sites\/2\/2013\/05\/terranuova-bn.jpg 580w, https:\/\/ecobnb.it\/blog\/app\/uploads\/sites\/2\/2013\/05\/terranuova-bn-536x95.jpg 536w, https:\/\/ecobnb.it\/blog\/app\/uploads\/sites\/2\/2013\/05\/terranuova-bn-570x103.jpg 570w, https:\/\/ecobnb.it\/blog\/app\/uploads\/sites\/2\/2013\/05\/terranuova-bn-344x61.jpg 344w\" sizes=\"(max-width: 250px) 100vw, 250px\" \/><\/a>&#8230;\u00a0\u00a0<a href=\"https:\/\/ecobnb.it\/blog\/category\/stampa\/\" target=\"_blank\" rel=\"noopener\">\u00a0scopri altri articoli pubblicati<\/a>\u00a0 oppure\u00a0<a href=\"https:\/\/www.dropbox.com\/home\/ECOBNB%20-%20RASSEGNA%20STAMPA\" target=\"_blank\" rel=\"noopener\">leggi tutta la rassegna stampa<\/a><\/p>\n<hr \/>\n<h2 style=\"text-align: right;\">\u00a0Il team di Ecobnb<\/h2>\n<h3>Simone<\/h3>\n<p><img class=\"wp-image-86845 alignleft\" src=\"https:\/\/ecobnb.it\/blog\/app\/uploads\/sites\/2\/2025\/09\/simone-riccardi-e1758542473999.png\" alt=\"simone riccardi, fondatore di Ecobnb\" width=\"180\" height=\"180\" srcset=\"https:\/\/ecobnb.it\/blog\/app\/uploads\/sites\/2\/2025\/09\/simone-riccardi-e1758542473999.png 420w, https:\/\/ecobnb.it\/blog\/app\/uploads\/sites\/2\/2025\/09\/simone-riccardi-e1758542473999-344x344.png 344w\" sizes=\"(max-width: 180px) 100vw, 180px\" \/>Imprenditore sociale, co-fondatore di Ecobnb, il luogo di incontro tra viaggiatori responsabili e strutture ricettive che stanno investendo in un futuro migliore. Ha conseguito un dottorato di ricerca con una tesi sulle citt\u00e0 online, \u00e8 stato borsista Fulbright BEST presso l&#8217;UCLA, California, dove ha studiato business management e imprenditoria. Fondatore di un gruppo di acquisto solidale (GAStronauti di Parma) e presidente dell&#8217;Associazione Culturale Le Citt\u00e0 Invisibili di Parma, ha collaborato con diverse associazioni sociali e di volontariato.<\/p>\n<p><strong>La citazione che amo:<\/strong> Un viaggio di mille miglia deve cominciare con un solo passo. (Lao-Tz\u00fb)<\/p>\n<hr \/>\n<h3>Silvia<\/h3>\n<p><a href=\"https:\/\/ecobnb.it\/blog\/app\/uploads\/sites\/2\/2013\/05\/Silvia_foto.jpg\"><img class=\"alignleft wp-image-12343\" src=\"https:\/\/ecobnb.it\/blog\/app\/uploads\/sites\/2\/2013\/05\/Silvia_foto-536x540.jpg\" alt=\"Silvia Ombellini, Ecobnb\" width=\"180\" height=\"181\" srcset=\"https:\/\/ecobnb.it\/blog\/app\/uploads\/sites\/2\/2013\/05\/Silvia_foto-536x540.jpg 536w, https:\/\/ecobnb.it\/blog\/app\/uploads\/sites\/2\/2013\/05\/Silvia_foto-344x347.jpg 344w, https:\/\/ecobnb.it\/blog\/app\/uploads\/sites\/2\/2013\/05\/Silvia_foto.jpg 1464w\" sizes=\"(max-width: 180px) 100vw, 180px\" \/><\/a>Architetto con la passione del viaggio. Un dottorato di ricerca alle spalle e diversi anni di lavoro nel campo dell&#8217;urbanistica e dell&#8217;insegnamento. Ha co-fondato Ecobnb insieme a Simone, un&#8217;avventura intrapresa per cambiare il modo di viaggiare, per renderlo pi\u00f9 rispettoso dell&#8217;ambiente, dei luoghi e delle persone che li abitano. Grazie al programma di ricerca Spinner2013 e si \u00e8 trasferita per un anno in California, dove ha studiato User Experience Design all&#8217;Universit\u00e0 UCLA. Ha coordinato il progetto europeo EcoDots, dedicato allo sviluppo del turismo sostenibile in Europa.<\/p>\n<p><strong>La citazione che amo:<\/strong> Scegli un lavoro che ami, e non dovrai lavorare neppure un giorno in vita tua. (Confucio)<\/p>\n<hr \/>\n<h3>Chiara<\/h3>\n<p><img class=\"alignleft wp-image-85948 size-full\" src=\"https:\/\/ecobnb.it\/blog\/app\/uploads\/sites\/2\/2025\/07\/foto_bio_chiara-marras-1-scaled-e1752243116761.jpeg\" alt=\"Chiara, Ecobnb\" width=\"181\" height=\"181\" \/><span style=\"font-size: revert; color: initial;\">Appassionata di sostenibilit\u00e0, viaggi lenti e comunicazione, scrive per Ecobnb raccontando luoghi autentici dove la natura \u00e8 protagonista. Dopo la laurea in Scienze Cognitive conseguita tra le montagne del Trentino, ha scelto di dedicarsi alla comunicazione e al turismo responsabile. Da oltre dieci anni cura i contenuti del blog di Ecobnb, con uno sguardo attento all\u2019ambiente e alle emozioni che i luoghi sanno evocare. Oggi si occupa anche del servizio clienti, supportando host e viaggiatori della community. Vive su una piccola isola della Sardegna.<\/span><\/p>\n<p><strong>La citazione che amo<\/strong>: Di fronte al mare la felicit\u00e0 \u00e8 un&#8217;idea semplice. (Jean-Claude Izzo)<\/p>\n<hr \/>\n<h3>Pietro<\/h3>\n<p><img class=\"alignleft wp-image-85949 size-full\" src=\"https:\/\/ecobnb.it\/blog\/app\/uploads\/sites\/2\/2025\/07\/pietro-boraschi-scaled-e1752243461336.jpg\" alt=\"pietro, ecobnb\" width=\"180\" height=\"180\" \/> La sua pi\u00f9 grande passione \u00e8 la montagna, che vive in tutte le sue forme: dal trail running all\u2019alpinismo, passando per l\u2019arrampicata. Ogni uscita \u00e8 per lui un\u2019occasione per riconnettersi con la natura, con profondo rispetto per l\u2019ambiente e per i suoi equilibri. Si occupa della gestione tecnica della piattaforma, unendo competenze digitali e valori legati alla sostenibilit\u00e0 per contribuire a un turismo pi\u00f9 responsabile.<\/p>\n<p><strong>La citazione che amo<\/strong>: La montagna insegna che ogni passo ha un senso. (Mauro Corona)<\/p>\n<div><\/div>\n<hr \/>\n<h3>Carla<\/h3>\n<p><img class=\"wp-image-26228 size-full alignleft\" src=\"https:\/\/ecobnb.it\/blog\/app\/uploads\/sites\/2\/2013\/05\/Carla-al-Seehof-maggio-20171.jpeg\" alt=\"\" width=\"180\" height=\"181\" \/>Per lei viaggiare \u00e8 come respirare: una necessit\u00e0 naturale. Ma pi\u00f9 viaggia pi\u00f9 si accorge quanto questo pianeta sia fragile. Cos\u00ec ha deciso di invertire la rotta e dedicarsi in ogni momento a proteggere la nostra Terra \u201cpresa in prestito dai nostri figli\u201d. Quando non viaggia, mette radici in un bosco a 15 km da Parma in una casa ecologica, dove vive con la famiglia e lavora ai suoi progetti: giornalismo (\u00e8 iscritta all\u2019albo dal 1991), <a href=\"https:\/\/www.elladigital.it\/\" target=\"_blank\" rel=\"noopener\">elladigital.it<\/a> (ufficio stampa online e offline), social media manager, Ecobnb e altre idee green.<\/p>\n<p><strong>Sogno:<\/strong> che il viaggio ecosostenibile diventi un\u2019abitudine consolidata. Come lo \u00e8 oggi per molti riciclare la carta.<\/p>\n<hr \/>\n<h3><\/h3>\n<h3><a href=\"https:\/\/ecobnb.it\/blog\/partner\/\" target=\"_blank\" rel=\"noopener\">Partners e finanziamenti<\/a><\/h3>\n<p><em>Foto di copertina: Eco-Ospitalit\u00e0 Essenza, Sardegna, Italia<\/em><\/p>\n","protected":false},"excerpt":{"rendered":"<p>In Ecobnb\u00a0puoi trovare\u00a0ogni sistemazione eco-friendly dalla casa sull\u2019albero all\u2019hotel sostenibile, dall&#8217;albergo diffuso negli antichi borghi italiani all\u2019igloo tra i ghiacci, dall\u2019agriturismo biologico immerso nella natura al rifugio di montagna a zero emissioni. La nostra mission e la nostra storia Ecobnb \u00e8 un&#8217;avventura intrapresa per cambiare il modo di viaggiare, per far emergere, mettendole in rete, [&hellip;]<\/p>\n","protected":false},"author":42,"featured_media":86827,"parent":0,"menu_order":0,"comment_status":"closed","ping_status":"open","template":"page-nosidebar.php","meta":[],"acf":[],"yoast_head":"<!-- This site is optimized with the Yoast SEO plugin v19.9 - https:\/\/yoast.com\/wordpress\/plugins\/seo\/ -->\n<title>Ecobnb, la Community del Turismo Sostenibile - Ecobnb<\/title>\n<meta name=\"description\" content=\"Scopri Ecobnb, la community dedicata al turismo sostenibile in Italia. In Ecobnb puoi scoprire ogni tipo di alloggio amico dell\u2019ambiente!\" \/>\n<meta name=\"robots\" content=\"index, follow, max-snippet:-1, max-image-preview:large, max-video-preview:-1\" \/>\n<link rel=\"canonical\" href=\"https:\/\/ecobnb.it\/blog\/turismo-responsabile-italia\/\" \/>\n<meta property=\"og:locale\" content=\"it_IT\" \/>\n<meta property=\"og:type\" content=\"article\" \/>\n<meta property=\"og:title\" content=\"Ecobnb, la Community del Turismo Sostenibile - Ecobnb\" \/>\n<meta property=\"og:description\" content=\"Scopri Ecobnb, la community dedicata al turismo sostenibile in Italia. In Ecobnb puoi scoprire ogni tipo di alloggio amico dell\u2019ambiente!\" \/>\n<meta property=\"og:url\" content=\"https:\/\/ecobnb.it\/blog\/turismo-responsabile-italia\/\" \/>\n<meta property=\"og:site_name\" content=\"Ecobnb\" \/>\n<meta property=\"article:publisher\" content=\"https:\/\/www.facebook.com\/viaggiverdi\" \/>\n<meta property=\"article:modified_time\" content=\"2025-11-02T10:19:01+00:00\" \/>\n<meta property=\"og:image\" content=\"https:\/\/ecobnb.it\/blog\/app\/uploads\/sites\/2\/2025\/09\/community-del-turismo-sostenibile-ecobnb.png\" \/>\n\t<meta property=\"og:image:width\" content=\"1170\" \/>\n\t<meta property=\"og:image:height\" content=\"490\" \/>\n\t<meta property=\"og:image:type\" content=\"image\/png\" \/>\n<meta name=\"twitter:label1\" content=\"Est. reading time\" \/>\n\t<meta name=\"twitter:data1\" content=\"8 minutes\" \/>\n<!-- \/ Yoast SEO plugin. -->","yoast_head_json":{"title":"Ecobnb, la Community del Turismo Sostenibile - Ecobnb","description":"Scopri Ecobnb, la community dedicata al turismo sostenibile in Italia. In Ecobnb puoi scoprire ogni tipo di alloggio amico dell\u2019ambiente!","robots":{"index":"index","follow":"follow","max-snippet":"max-snippet:-1","max-image-preview":"max-image-preview:large","max-video-preview":"max-video-preview:-1"},"canonical":"https:\/\/ecobnb.it\/blog\/turismo-responsabile-italia\/","og_locale":"it_IT","og_type":"article","og_title":"Ecobnb, la Community del Turismo Sostenibile - Ecobnb","og_description":"Scopri Ecobnb, la community dedicata al turismo sostenibile in Italia. In Ecobnb puoi scoprire ogni tipo di alloggio amico dell\u2019ambiente!","og_url":"https:\/\/ecobnb.it\/blog\/turismo-responsabile-italia\/","og_site_name":"Ecobnb","article_publisher":"https:\/\/www.facebook.com\/viaggiverdi","article_modified_time":"2025-11-02T10:19:01+00:00","og_image":[{"width":1170,"height":490,"url":"https:\/\/ecobnb.it\/blog\/app\/uploads\/sites\/2\/2025\/09\/community-del-turismo-sostenibile-ecobnb.png","type":"image\/png"}],"twitter_misc":{"Est. reading time":"8 minutes"},"schema":{"@context":"https:\/\/schema.org","@graph":[{"@type":"WebPage","@id":"https:\/\/ecobnb.it\/blog\/turismo-responsabile-italia\/","url":"https:\/\/ecobnb.it\/blog\/turismo-responsabile-italia\/","name":"Ecobnb, la Community del Turismo Sostenibile - Ecobnb","isPartOf":{"@id":"https:\/\/ecobnb.it\/blog\/#website"},"datePublished":"2013-05-29T16:14:17+00:00","dateModified":"2025-11-02T10:19:01+00:00","description":"Scopri Ecobnb, la community dedicata al turismo sostenibile in Italia. In Ecobnb puoi scoprire ogni tipo di alloggio amico dell\u2019ambiente!","inLanguage":"it-IT","potentialAction":[{"@type":"ReadAction","target":["https:\/\/ecobnb.it\/blog\/turismo-responsabile-italia\/"]}]},{"@type":"WebSite","@id":"https:\/\/ecobnb.it\/blog\/#website","url":"https:\/\/ecobnb.it\/blog\/","name":"Ecobnb","description":"Trova il tuo Alloggio Ecosostenibile","publisher":{"@id":"https:\/\/ecobnb.it\/blog\/#organization"},"potentialAction":[{"@type":"SearchAction","target":{"@type":"EntryPoint","urlTemplate":"https:\/\/ecobnb.it\/blog\/?s={search_term_string}"},"query-input":"required name=search_term_string"}],"inLanguage":"it-IT"},{"@type":"Organization","@id":"https:\/\/ecobnb.it\/blog\/#organization","name":"Ecobnb","url":"https:\/\/ecobnb.it\/blog\/","logo":{"@type":"ImageObject","inLanguage":"it-IT","@id":"https:\/\/ecobnb.it\/blog\/#\/schema\/logo\/image\/","url":"https:\/\/ecobnb.it\/blog\/app\/uploads\/sites\/2\/2016\/03\/logo_transparent_512x512.png","contentUrl":"https:\/\/ecobnb.it\/blog\/app\/uploads\/sites\/2\/2016\/03\/logo_transparent_512x512.png","width":512,"height":512,"caption":"Ecobnb"},"image":{"@id":"https:\/\/ecobnb.it\/blog\/#\/schema\/logo\/image\/"},"sameAs":["https:\/\/www.facebook.com\/viaggiverdi"]}]}},"_links":{"self":[{"href":"https:\/\/ecobnb.it\/blog\/wp-json\/wp\/v2\/pages\/1489"}],"collection":[{"href":"https:\/\/ecobnb.it\/blog\/wp-json\/wp\/v2\/pages"}],"about":[{"href":"https:\/\/ecobnb.it\/blog\/wp-json\/wp\/v2\/types\/page"}],"author":[{"embeddable":true,"href":"https:\/\/ecobnb.it\/blog\/wp-json\/wp\/v2\/users\/42"}],"replies":[{"embeddable":true,"href":"https:\/\/ecobnb.it\/blog\/wp-json\/wp\/v2\/comments?post=1489"}],"version-history":[{"count":140,"href":"https:\/\/ecobnb.it\/blog\/wp-json\/wp\/v2\/pages\/1489\/revisions"}],"predecessor-version":[{"id":87694,"href":"https:\/\/ecobnb.it\/blog\/wp-json\/wp\/v2\/pages\/1489\/revisions\/87694"}],"wp:featuredmedia":[{"embeddable":true,"href":"https:\/\/ecobnb.it\/blog\/wp-json\/wp\/v2\/media\/86827"}],"wp:attachment":[{"href":"https:\/\/ecobnb.it\/blog\/wp-json\/wp\/v2\/media?parent=1489"}],"curies":[{"name":"wp","href":"https:\/\/api.w.org\/{rel}","templated":true}]}}