{"id":14017,"date":"2015-10-19T13:04:38","date_gmt":"2015-10-19T11:04:38","guid":{"rendered":"https:\/\/ecobnb.it\/blog\/?page_id=14017"},"modified":"2017-09-15T20:57:33","modified_gmt":"2017-09-15T18:57:33","slug":"regalo","status":"publish","type":"page","link":"https:\/\/ecobnb.it\/blog\/regalo\/","title":{"rendered":"Scegli il tuo Viaggio Regalo"},"content":{"rendered":"<h3>Hai ricevuto in <strong>regalo<\/strong> un Soggiorno Eco per due, ovvero\u00a0una <strong>notte eco-friendly per due persone<\/strong>, con colazione biologica e aperitivo di benvenuto.<\/h3>\n<p>Ora tocca a te! Puoi scegliere tra <strong>agriturismi biologici<\/strong> immersi nella natura,<strong> antichi castelli<\/strong> trasformati in albergo diffuso, piccoli bed &amp; breakfast con colazione biologica e biciclette gratuite nel cuore della citt\u00e0, hotel sostenibili in montagna, ecovillaggi o case vacanza a pochi chilometri dal mare, e molto altro.<\/p>\n\n\t\t<style type=\"text\/css\">\n\t\t\t#gallery-1 {\n\t\t\t\tmargin: auto;\n\t\t\t}\n\t\t\t#gallery-1 .gallery-item {\n\t\t\t\tfloat: left;\n\t\t\t\tmargin-top: 10px;\n\t\t\t\ttext-align: center;\n\t\t\t\twidth: 33%;\n\t\t\t}\n\t\t\t#gallery-1 img {\n\t\t\t\tborder: 2px solid #cfcfcf;\n\t\t\t}\n\t\t\t#gallery-1 .gallery-caption {\n\t\t\t\tmargin-left: 0;\n\t\t\t}\n\t\t\t\/* see gallery_shortcode() in wp-includes\/media.php *\/\n\t\t<\/style>\n\t\t<div id='gallery-1' class='gallery galleryid-14017 gallery-columns-3 gallery-size-thumbnail'><dl class='gallery-item'>\n\t\t\t<dt class='gallery-icon landscape'>\n\t\t\t\t<a href='https:\/\/ecobnb.it\/blog\/regalo\/tribewanted_monestevole\/#main'><img width=\"270\" height=\"200\" src=\"https:\/\/ecobnb.it\/blog\/app\/uploads\/sites\/2\/2015\/10\/Tribewanted_Monestevole-270x200.jpg\" class=\"attachment-thumbnail size-thumbnail\" alt=\"\" aria-describedby=\"gallery-1-14198\" \/><\/a>\n\t\t\t<\/dt>\n\t\t\t\t<dd class='wp-caption-text gallery-caption' id='gallery-1-14198'>\n\t\t\t\tTribewanted, comunit\u00e0 ecosostenibile in Umbria\n\t\t\t\t<\/dd><\/dl><dl class='gallery-item'>\n\t\t\t<dt class='gallery-icon landscape'>\n\t\t\t\t<a href='https:\/\/ecobnb.it\/blog\/regalo\/bb_il_richiamo_del_bosco_-_la_camera_upupa\/#main'><img width=\"270\" height=\"200\" src=\"https:\/\/ecobnb.it\/blog\/app\/uploads\/sites\/2\/2015\/10\/BB_Il_Richiamo_del_Bosco_-_La_camera_Upupa-270x200.jpg\" class=\"attachment-thumbnail size-thumbnail\" alt=\"Coupon Viaggio premio in appartamento ecologico\" aria-describedby=\"gallery-1-14194\" \/><\/a>\n\t\t\t<\/dt>\n\t\t\t\t<dd class='wp-caption-text gallery-caption' id='gallery-1-14194'>\n\t\t\t\tMateriali naturali\n\t\t\t\t<\/dd><\/dl><dl class='gallery-item'>\n\t\t\t<dt class='gallery-icon landscape'>\n\t\t\t\t<a href='https:\/\/ecobnb.it\/blog\/regalo\/yurta-soul-shelter-torino-piemonte\/#main'><img width=\"270\" height=\"200\" src=\"https:\/\/ecobnb.it\/blog\/app\/uploads\/sites\/2\/2015\/10\/Yurta-Soul-Shelter-Torino-Piemonte-270x200.png\" class=\"attachment-thumbnail size-thumbnail\" alt=\"Yurta Soul Shelter, Torino, Piemonte\" aria-describedby=\"gallery-1-14197\" \/><\/a>\n\t\t\t<\/dt>\n\t\t\t\t<dd class='wp-caption-text gallery-caption' id='gallery-1-14197'>\n\t\t\t\tYurta Soul Shelter, Torino, Piemonte\n\t\t\t\t<\/dd><\/dl><br style=\"clear: both\" \/><dl class='gallery-item'>\n\t\t\t<dt class='gallery-icon landscape'>\n\t\t\t\t<a href='https:\/\/ecobnb.it\/blog\/2015\/01\/eco-chalet\/agritur-malga-riondera\/#main'><img width=\"270\" height=\"200\" src=\"https:\/\/ecobnb.it\/blog\/app\/uploads\/sites\/2\/2015\/01\/agritur-malga-riondera-270x200.jpg\" class=\"attachment-thumbnail size-thumbnail\" alt=\"Andrea e Alice, proprietari dell&#039;Agriturismo Malga Riondera, Lessinia, Trentino\" aria-describedby=\"gallery-1-11311\" \/><\/a>\n\t\t\t<\/dt>\n\t\t\t\t<dd class='wp-caption-text gallery-caption' id='gallery-1-11311'>\n\t\t\t\tMalga Riondera, Trentino\n\t\t\t\t<\/dd><\/dl><dl class='gallery-item'>\n\t\t\t<dt class='gallery-icon landscape'>\n\t\t\t\t<a href='https:\/\/ecobnb.it\/blog\/regalo\/montemaggiore-bio-umbria\/#main'><img width=\"270\" height=\"200\" src=\"https:\/\/ecobnb.it\/blog\/app\/uploads\/sites\/2\/2015\/10\/Montemaggiore-Bio-Umbria-270x200.jpg\" class=\"attachment-thumbnail size-thumbnail\" alt=\"Montemaggiore Bio, Umbria\" aria-describedby=\"gallery-1-14199\" \/><\/a>\n\t\t\t<\/dt>\n\t\t\t\t<dd class='wp-caption-text gallery-caption' id='gallery-1-14199'>\n\t\t\t\tMontemaggiore Bio, Umbria\n\t\t\t\t<\/dd><\/dl><dl class='gallery-item'>\n\t\t\t<dt class='gallery-icon landscape'>\n\t\t\t\t<a href='https:\/\/ecobnb.it\/blog\/2014\/01\/castelli\/botonta-19-4\/#main'><img width=\"270\" height=\"200\" src=\"https:\/\/ecobnb.it\/blog\/app\/uploads\/sites\/2\/2014\/01\/Botonta-19-270x200.jpg\" class=\"attachment-thumbnail size-thumbnail\" alt=\"Torre della Botonta, Umbria\" aria-describedby=\"gallery-1-5729\" \/><\/a>\n\t\t\t<\/dt>\n\t\t\t\t<dd class='wp-caption-text gallery-caption' id='gallery-1-5729'>\n\t\t\t\tAlbergo diffuso in un antico castello, Torre della Botonta, Umbria\n\t\t\t\t<\/dd><\/dl><br style=\"clear: both\" \/>\n\t\t<\/div>\n\n<p><strong>Alcune curiosit\u00e0<\/strong>: puoi provare il <strong>Glamping\u00a0<\/strong>ovvero il campeggio glamour, dormendo in una yurta mongola arredata con stile in un bosco con vista panoramica sulla citt\u00e0 di Torino. \u00a0Oppure\u00a0dormire in una piccola <strong>casetta\u00a0sull&#8217;albero<\/strong> immersa nella natura dei parchi Abruzzesi (da maggio a settembre), o\u00a0ancora in uno chalet in legno o in un&#8217;antica malga di montagna.<\/p>\n<h2><strong>Come funziona? <\/strong><\/h2>\n<p>Il tuo soggiorno regalo ha validit\u00e0 <strong>12 mesi<\/strong>\u00a0dalla data di acquisto. Puoi utilizzarlo in tutta Italia, in numerose\u00a0strutture ricettive ecofriendly di Ecobnb, previa verifica di disponibilit\u00e0.<\/p>\n<p>In pratica, ecco\u00a0<strong>come utilizzare il tuo buono<\/strong>:<\/p>\n<h2>1. Scegli la tua meta<\/h2>\n<p><strong><a href=\"http:\/\/ecobnb.it\/viaggio-regalo\" target=\"_blank\">Vai a questa pagina<\/a>\u00a0<\/strong>e scegli il weekend pi\u00f9 adatto a te guardando tra le tante proposte eco-sostenibili: in montagna o in una citt\u00e0 d&#8217;arte, un weekend in bicicletta o una fuga romantica, un soggiorno in fattoria biologica o in un bed &amp; breakfast ecologico&#8230; Scegli dove vuoi andare, precisa le date, il numero di notti e ospiti e inserisci il codice premio che hai ricevuto, inviando una o pi\u00f9 richieste di ospitalit\u00e0.<\/p>\n<p>Se hai difficolt\u00e0 o cerchi qualcosa di diverso scrivici a <strong>info@ecobnb.com<\/strong> precisando:<\/p>\n<ul>\n<li>(in oggetto) &#8220;<strong>Viaggio Regalo<\/strong>&#8220;<\/li>\n<li>(nel testo) il tuo<strong> codice regalo;<\/strong><\/li>\n<li>il giorno nel quale desideri utilizzare il tuo buono;<\/li>\n<li>la <strong>meta<\/strong> che desideri (provincia o regione italiana) oppure il <strong>tema della tua vacanza<\/strong> (mare, montagna, vacanza golosa, trekking, bicicletta, casa sull&#8217;albero, ecovillaggio, vacanza vegan, ecc.) se non hai una\u00a0destinazione precisa;<\/li>\n<li>eventuali\u00a0esigenze e\/o richieste particolari (ad esempio: colazione vegana, bicicletta, men\u00f9 senza glutine, ecc.)<\/li>\n<\/ul>\n<h2>2.\u00a0Ricevi conferma e prenota il tuo soggiorno<\/h2>\n<p>Una volta che hai ricevuto la conferma di disponibilit\u00e0 da parte della struttura ricettiva puoi prenotare il tuo soggiorno cliccando sul pulsante &#8220;Prenota Ora&#8221;.<\/p>\n<p>Se invece non trovi disponibilit\u00e0 riprova con altre date o altre strutture ricettive. Una volta che hai prenotato il tuo viaggio non \u00e8 pi\u00f9 cancellabile.<\/p>\n<h2>3. Parti per il tuo weekend verde!<\/h2>\n<p>Dopo che hai prenotato ricevi via email i contatti diretti della struttura ricettiva, le indicazioni per raggiungerla o altri consigli, e sara pronto per partire!<\/p>\n<p>Dopo il tuo viaggio potrai lasciare una recensione sul soggiorno e sull&#8217;eco-sostenibilit\u00e0 della struttura ricettiva. Inoltre riceverai un report sulla quantit\u00e0 di CO2 risparmiata con il tuo soggiorno.<\/p>\n<p>Per rendere l&#8217;esperienza ancora pi\u00f9 sostenibile vi consigliamo di spostarvi in treno, o con i mezzi pubblici, e di programmare una bella escursione a piedi o in bicicletta.<\/p>\n<p><strong>Hai dubbi o domande? Scrivici a info@ecobnb.com<\/strong><\/p>\n<p><em>Foto di copertina: Rifugio\u00a0Sch\u00f6ne Aussicht,\u00a0Bella Vista, Val Senales, Alto Adige, Italia<\/em><\/p>\n","protected":false},"excerpt":{"rendered":"<p>Hai ricevuto in regalo un Soggiorno Eco per due, ovvero\u00a0una notte eco-friendly per due persone, con colazione biologica e aperitivo di benvenuto. Ora tocca a te! Puoi scegliere tra agriturismi biologici immersi nella natura, antichi castelli trasformati in albergo diffuso, piccoli bed &amp; breakfast con colazione biologica e biciclette gratuite nel cuore della citt\u00e0, hotel [&hellip;]<\/p>\n","protected":false},"author":3,"featured_media":14193,"parent":0,"menu_order":0,"comment_status":"closed","ping_status":"open","template":"","meta":[],"acf":[],"yoast_head":"<!-- This site is optimized with the Yoast SEO plugin v19.9 - https:\/\/yoast.com\/wordpress\/plugins\/seo\/ -->\n<title>Scegli il tuo Viaggio Regalo - Ecobnb<\/title>\n<meta name=\"description\" content=\"Hai ricevuto il viaggio regalo di Ecobnb? Scopri come utilizzare il tuo Soggiorno Ecofriendly per due persone con colazione biologica e aperitivo a kmo\" \/>\n<meta name=\"robots\" content=\"index, follow, max-snippet:-1, max-image-preview:large, max-video-preview:-1\" \/>\n<link rel=\"canonical\" href=\"https:\/\/ecobnb.it\/blog\/regalo\/\" \/>\n<meta property=\"og:locale\" content=\"it_IT\" \/>\n<meta property=\"og:type\" content=\"article\" \/>\n<meta property=\"og:title\" content=\"Scegli il tuo Viaggio Regalo - Ecobnb\" \/>\n<meta property=\"og:description\" content=\"Hai ricevuto il viaggio regalo di Ecobnb? Scopri come utilizzare il tuo Soggiorno Ecofriendly per due persone con colazione biologica e aperitivo a kmo\" \/>\n<meta property=\"og:url\" content=\"https:\/\/ecobnb.it\/blog\/regalo\/\" \/>\n<meta property=\"og:site_name\" content=\"Ecobnb\" \/>\n<meta property=\"article:publisher\" content=\"https:\/\/www.facebook.com\/viaggiverdi\" \/>\n<meta property=\"article:modified_time\" content=\"2017-09-15T18:57:33+00:00\" \/>\n<meta property=\"og:image\" content=\"https:\/\/ecobnb.it\/blog\/app\/uploads\/sites\/2\/2015\/10\/Scegli-il-tuo-viaggio-regalo.jpg\" \/>\n\t<meta property=\"og:image:width\" content=\"1170\" \/>\n\t<meta property=\"og:image:height\" content=\"490\" \/>\n\t<meta property=\"og:image:type\" content=\"image\/jpeg\" \/>\n<meta name=\"twitter:label1\" content=\"Est. reading time\" \/>\n\t<meta name=\"twitter:data1\" content=\"2 minutes\" \/>\n<!-- \/ Yoast SEO plugin. -->","yoast_head_json":{"title":"Scegli il tuo Viaggio Regalo - Ecobnb","description":"Hai ricevuto il viaggio regalo di Ecobnb? Scopri come utilizzare il tuo Soggiorno Ecofriendly per due persone con colazione biologica e aperitivo a kmo","robots":{"index":"index","follow":"follow","max-snippet":"max-snippet:-1","max-image-preview":"max-image-preview:large","max-video-preview":"max-video-preview:-1"},"canonical":"https:\/\/ecobnb.it\/blog\/regalo\/","og_locale":"it_IT","og_type":"article","og_title":"Scegli il tuo Viaggio Regalo - Ecobnb","og_description":"Hai ricevuto il viaggio regalo di Ecobnb? Scopri come utilizzare il tuo Soggiorno Ecofriendly per due persone con colazione biologica e aperitivo a kmo","og_url":"https:\/\/ecobnb.it\/blog\/regalo\/","og_site_name":"Ecobnb","article_publisher":"https:\/\/www.facebook.com\/viaggiverdi","article_modified_time":"2017-09-15T18:57:33+00:00","og_image":[{"width":1170,"height":490,"url":"https:\/\/ecobnb.it\/blog\/app\/uploads\/sites\/2\/2015\/10\/Scegli-il-tuo-viaggio-regalo.jpg","type":"image\/jpeg"}],"twitter_misc":{"Est. reading time":"2 minutes"},"schema":{"@context":"https:\/\/schema.org","@graph":[{"@type":"WebPage","@id":"https:\/\/ecobnb.it\/blog\/regalo\/","url":"https:\/\/ecobnb.it\/blog\/regalo\/","name":"Scegli il tuo Viaggio Regalo - Ecobnb","isPartOf":{"@id":"https:\/\/ecobnb.it\/blog\/#website"},"datePublished":"2015-10-19T11:04:38+00:00","dateModified":"2017-09-15T18:57:33+00:00","description":"Hai ricevuto il viaggio regalo di Ecobnb? Scopri come utilizzare il tuo Soggiorno Ecofriendly per due persone con colazione biologica e aperitivo a kmo","inLanguage":"it-IT","potentialAction":[{"@type":"ReadAction","target":["https:\/\/ecobnb.it\/blog\/regalo\/"]}]},{"@type":"WebSite","@id":"https:\/\/ecobnb.it\/blog\/#website","url":"https:\/\/ecobnb.it\/blog\/","name":"Ecobnb","description":"Trova il tuo Alloggio Ecosostenibile","publisher":{"@id":"https:\/\/ecobnb.it\/blog\/#organization"},"potentialAction":[{"@type":"SearchAction","target":{"@type":"EntryPoint","urlTemplate":"https:\/\/ecobnb.it\/blog\/?s={search_term_string}"},"query-input":"required name=search_term_string"}],"inLanguage":"it-IT"},{"@type":"Organization","@id":"https:\/\/ecobnb.it\/blog\/#organization","name":"Ecobnb","url":"https:\/\/ecobnb.it\/blog\/","logo":{"@type":"ImageObject","inLanguage":"it-IT","@id":"https:\/\/ecobnb.it\/blog\/#\/schema\/logo\/image\/","url":"https:\/\/ecobnb.it\/blog\/app\/uploads\/sites\/2\/2016\/03\/logo_transparent_512x512.png","contentUrl":"https:\/\/ecobnb.it\/blog\/app\/uploads\/sites\/2\/2016\/03\/logo_transparent_512x512.png","width":512,"height":512,"caption":"Ecobnb"},"image":{"@id":"https:\/\/ecobnb.it\/blog\/#\/schema\/logo\/image\/"},"sameAs":["https:\/\/www.facebook.com\/viaggiverdi"]}]}},"_links":{"self":[{"href":"https:\/\/ecobnb.it\/blog\/wp-json\/wp\/v2\/pages\/14017"}],"collection":[{"href":"https:\/\/ecobnb.it\/blog\/wp-json\/wp\/v2\/pages"}],"about":[{"href":"https:\/\/ecobnb.it\/blog\/wp-json\/wp\/v2\/types\/page"}],"author":[{"embeddable":true,"href":"https:\/\/ecobnb.it\/blog\/wp-json\/wp\/v2\/users\/3"}],"replies":[{"embeddable":true,"href":"https:\/\/ecobnb.it\/blog\/wp-json\/wp\/v2\/comments?post=14017"}],"version-history":[{"count":15,"href":"https:\/\/ecobnb.it\/blog\/wp-json\/wp\/v2\/pages\/14017\/revisions"}],"predecessor-version":[{"id":27993,"href":"https:\/\/ecobnb.it\/blog\/wp-json\/wp\/v2\/pages\/14017\/revisions\/27993"}],"wp:featuredmedia":[{"embeddable":true,"href":"https:\/\/ecobnb.it\/blog\/wp-json\/wp\/v2\/media\/14193"}],"wp:attachment":[{"href":"https:\/\/ecobnb.it\/blog\/wp-json\/wp\/v2\/media?parent=14017"}],"curies":[{"name":"wp","href":"https:\/\/api.w.org\/{rel}","templated":true}]}}