{"id":13699,"date":"2015-09-09T12:07:56","date_gmt":"2015-09-09T10:07:56","guid":{"rendered":"https:\/\/ecobnb.it\/blog\/?page_id=13699"},"modified":"2016-02-25T14:31:40","modified_gmt":"2016-02-25T13:31:40","slug":"ecodots","status":"publish","type":"page","link":"https:\/\/ecobnb.it\/blog\/eventi\/ecodots\/","title":{"rendered":"EcoDots: il Turismo Sostenibile \u00e8 online"},"content":{"rendered":"<p>Convinta che il turismo del futuro debba andare nella direzione della <strong>Sostenibilit\u00e0<\/strong>, l&#8217;Europa ha finanziato il progetto Europeo &#8220;EcoDots&#8221;, per promuovere una rete virtuosa di proposte ricettive ecologiche.<\/p>\n<p>I risultati del progetto verranno presentati pubblicamente nel <strong>Parco Nazionale della Sila<\/strong>, in Calabria.\u00a0Seguir\u00e0 un&#8217;esperienza eco-sensoriale a cura di Orme nel Parco\u00a0e un pranzo a buffet con prodotti locali.<\/p>\n<p><strong>Quando:<\/strong> gioved\u00ec 1 ottobre 2015, dalle 9.30<\/p>\n<p><strong>Dove:<\/strong> parco Eco-Esperienziale Orme nel Parco, Parco della Sila, Calabria<\/p>\n<p><strong>Partecipazione:<\/strong> <strong>gratuita, compilando il\u00a0<a href=\"http:\/\/goo.gl\/forms\/8ucCPdqzB6\" target=\"_blank\">\u00a0modulo di iscrizione online<\/a>\u00a0entro il 27 settembre<\/strong><\/p>\n<p><img class=\"alignnone wp-image-13702 size-full\" src=\"https:\/\/ecobnb.it\/blog\/app\/uploads\/sites\/2\/2015\/09\/Cartolina-Presentazione-Ecodots-FRONTE.jpg\" alt=\"Programma della presentazione finale di EcoDots, Ecobnb il turismo sostenibile \u00e8 in rete\" width=\"2480\" height=\"1748\" srcset=\"https:\/\/ecobnb.it\/blog\/app\/uploads\/sites\/2\/2015\/09\/Cartolina-Presentazione-Ecodots-FRONTE.jpg 2480w, https:\/\/ecobnb.it\/blog\/app\/uploads\/sites\/2\/2015\/09\/Cartolina-Presentazione-Ecodots-FRONTE-536x378.jpg 536w, https:\/\/ecobnb.it\/blog\/app\/uploads\/sites\/2\/2015\/09\/Cartolina-Presentazione-Ecodots-FRONTE-344x242.jpg 344w\" sizes=\"(max-width: 2480px) 100vw, 2480px\" \/><\/p>\n<h2>Programma della giornata:<\/h2>\n<p>ore 9.30 &#8211; Saluti &#8211; <strong>Sonia Ferrari<\/strong>, Commissario Ente Parco Nazionale della Sila<\/p>\n<p>ore 10.00 &#8211; Progetto Europeo EcoDots &#8211; <strong>Loredana Marmora<\/strong>, ISIS<\/p>\n<p>ore 10.20 &#8211; Problemi e tendenze del Turismo Sostenibile in Europa &#8211; <strong>Silvia Ombellini<\/strong>, Ecobnb co-founder<\/p>\n<p>ore 10.40 &#8211; L\u2019esperienza di Orme nel Parco &#8211; <strong>Massimiliano Capalbo<\/strong>, GH Calabria<\/p>\n<p>11.00 &#8211; Esperienze virtuose di Turismo Sostenibile in Europa &#8211; video<\/p>\n<p>ore 11.20 &#8211; Ecobnb, la rete del Turismo Sostenibile &#8211; <strong>Simone Riccardi<\/strong>, Ecobnb co-founder<\/p>\n<p>ore 11.40 &#8211; Dibattito<\/p>\n<p>ore 12.00 &#8211; Esperienza eco-sensoriale nel parco<\/p>\n<p>ore 13.30 &#8211; Pranzo a buffet con prodotti locali<\/p>\n\n\t\t<style type=\"text\/css\">\n\t\t\t#gallery-1 {\n\t\t\t\tmargin: auto;\n\t\t\t}\n\t\t\t#gallery-1 .gallery-item {\n\t\t\t\tfloat: left;\n\t\t\t\tmargin-top: 10px;\n\t\t\t\ttext-align: center;\n\t\t\t\twidth: 33%;\n\t\t\t}\n\t\t\t#gallery-1 img {\n\t\t\t\tborder: 2px solid #cfcfcf;\n\t\t\t}\n\t\t\t#gallery-1 .gallery-caption {\n\t\t\t\tmargin-left: 0;\n\t\t\t}\n\t\t\t\/* see gallery_shortcode() in wp-includes\/media.php *\/\n\t\t<\/style>\n\t\t<div id='gallery-1' class='gallery galleryid-13699 gallery-columns-3 gallery-size-thumbnail'><dl class='gallery-item'>\n\t\t\t<dt class='gallery-icon landscape'>\n\t\t\t\t<a href='https:\/\/ecobnb.it\/blog\/eventi\/ecodots\/orme-nel-parco-2\/#main'><img width=\"270\" height=\"200\" src=\"https:\/\/ecobnb.it\/blog\/app\/uploads\/sites\/2\/2015\/09\/orme-nel-parco-270x200.jpg\" class=\"attachment-thumbnail size-thumbnail\" alt=\"Orme nel Parco, Parco della Sila, Calabria\" aria-describedby=\"gallery-1-13714\" \/><\/a>\n\t\t\t<\/dt>\n\t\t\t\t<dd class='wp-caption-text gallery-caption' id='gallery-1-13714'>\n\t\t\t\tOrme nel Parco, Parco della Sila, Calabria\n\t\t\t\t<\/dd><\/dl><dl class='gallery-item'>\n\t\t\t<dt class='gallery-icon portrait'>\n\t\t\t\t<a href='https:\/\/ecobnb.it\/blog\/eventi\/ecodots\/samplefly1\/#main'><img width=\"270\" height=\"200\" src=\"https:\/\/ecobnb.it\/blog\/app\/uploads\/sites\/2\/2015\/09\/samplefly1-270x200.jpg\" class=\"attachment-thumbnail size-thumbnail\" alt=\"Orme nel Parco, Parco della Sila, Calabria\" aria-describedby=\"gallery-1-13715\" \/><\/a>\n\t\t\t<\/dt>\n\t\t\t\t<dd class='wp-caption-text gallery-caption' id='gallery-1-13715'>\n\t\t\t\tOrme nel Parco, Parco della Sila, Calabria\n\t\t\t\t<\/dd><\/dl><dl class='gallery-item'>\n\t\t\t<dt class='gallery-icon landscape'>\n\t\t\t\t<a href='https:\/\/ecobnb.it\/blog\/eventi\/ecodots\/02_parco-zagarise-sila_672\/#main'><img width=\"270\" height=\"200\" src=\"https:\/\/ecobnb.it\/blog\/app\/uploads\/sites\/2\/2015\/09\/02_parco-zagarise-sila_672-270x200.jpg\" class=\"attachment-thumbnail size-thumbnail\" alt=\"Esperienza eco-sensoriale nel parco della Sila\" \/><\/a>\n\t\t\t<\/dt><\/dl><br style=\"clear: both\" \/>\n\t\t<\/div>\n\n<h2>Il turismo sostenibile \u00e8 in rete<\/h2>\n<p>Il turismo \u00e8 in rapida crescita e il suo <strong>impatto ambientale<\/strong> \u00e8 destinato a diventare sempre pi\u00f9 importante nei prossimi anni, se non si agir\u00e0 rispettando l\u2019ambiente, i luoghi e le comunit\u00e0 locali. Un nuovo modo di viaggiare \u00e8 indispensabile.<\/p>\n<p>Allo stesso tempo, il turismo \u00e8 uno dei settori che pu\u00f2 concorrere significativamente allo <strong>sviluppo sostenibile<\/strong> e la creazione di posti di lavoro in Europa.<\/p>\n<p><strong>EcoDots<\/strong> \u00e8 il progetto co-finanziato dalla Comunit\u00e0 Europea che ha contribuito alla creazione della piattaforma <strong><a href=\"https:\/\/ecobnb.it\" target=\"_blank\">Ecobnb<\/a><\/strong>, catalizzatore di una community di ospitalit\u00e0 e viaggiatori che condividono visioni, valori e buone pratiche di eco-sostenibilit\u00e0.<\/p>\n<p>Ecobnb \u00e8 il punto di incontro tra viaggiatori responsabili e ospitalit\u00e0 che stanno investendo in un futuro migliore.<\/p>\n<p>L&#8217;innovativo <strong>network di alloggi sostenibili<\/strong> e itinerari verdi in Italia, Austria, Svizzera, Germania, Slovenia e Serbia, promuove la domanda di turismo sostenibile e coinvolge piccole strutture ricettive, tour operator e persone che condividono visioni di turismo ecologico, al fine di aumentare la loro visibilit\u00e0 sul mercato e di divulgare un sistema di buone pratiche.<\/p>\n<p>Ecobnb e i risultati del progetto europeo EcoDots vengono presentati per la prima volta in Italia a <strong>Orme nel Parco<\/strong>, il principale parco eco-esperienziale del Sud Italia, all&#8217;interno del Parco Naturale della Sila, in Calabria.<\/p>\n<h2><strong><a href=\"https:\/\/docs.google.com\/forms\/d\/1r7VkSfUPu_IFK_ZZO3WKVuTUTaukXP0VAzodLznAsz0\/viewform?c=0&amp;w=1\" target=\"_blank\">Iscriviti ora all&#8217;evento<\/a><\/strong><\/h2>\n<p><img class=\"alignnone wp-image-13720 size-full\" src=\"https:\/\/ecobnb.it\/blog\/app\/uploads\/sites\/2\/2015\/09\/Locandina-Presentazione-Ecodots-small.jpg\" alt=\"Locandina Presentazione Ecodots small\" width=\"840\" height=\"1188\" srcset=\"https:\/\/ecobnb.it\/blog\/app\/uploads\/sites\/2\/2015\/09\/Locandina-Presentazione-Ecodots-small.jpg 840w, https:\/\/ecobnb.it\/blog\/app\/uploads\/sites\/2\/2015\/09\/Locandina-Presentazione-Ecodots-small-536x758.jpg 536w, https:\/\/ecobnb.it\/blog\/app\/uploads\/sites\/2\/2015\/09\/Locandina-Presentazione-Ecodots-small-344x487.jpg 344w\" sizes=\"(max-width: 840px) 100vw, 840px\" \/><\/p>\n<h2><strong>Sono\u00a0partner del progetto<\/strong><\/h2>\n<ul>\n<li>Centar za istrazivacke i razvojne projekte EcoDev (Serbia)<\/li>\n<li>Comune di Parma (Italia)<\/li>\n<li>GH Calabria (Italia)<\/li>\n<li>Institut Josef Stefan (Slovenia)<\/li>\n<li>Istituto di Studi per l\u2019Integrazione dei Sistemi scrl ISIS (Italia)<\/li>\n<li>Kontaktstelle f\u00fcr Umwelt und Entwicklung e.v. KATE (Germania)<\/li>\n<li>Le citt\u00e0 invisibili (Italia)<\/li>\n<li>Ministero dell&#8217;Economia e della Finanza (Serbia)<\/li>\n<\/ul>\n<h2><a href=\"https:\/\/ecobnb.it\/blog\/app\/uploads\/sites\/2\/2015\/09\/Invito-Conferenza-finale-EcoDots.pdf\">Scarica la cartolina di invito Conferenza finale EcoDots<\/a><\/h2>\n<p><img class=\"alignleft wp-image-9539\" src=\"https:\/\/ecobnb.it\/blog\/app\/uploads\/sites\/2\/2013\/05\/logo-unione-europea-270x200.jpg\" alt=\"Comunit\u00e0 Europea\" width=\"150\" height=\"102\" srcset=\"https:\/\/ecobnb.it\/blog\/app\/uploads\/sites\/2\/2013\/05\/logo-unione-europea-344x233.jpg 344w, https:\/\/ecobnb.it\/blog\/app\/uploads\/sites\/2\/2013\/05\/logo-unione-europea.jpg 443w\" sizes=\"(max-width: 150px) 100vw, 150px\" \/><br \/>\nIl progetto EcoDots \u00e8 stato cofinanziato dall&#8217;Unione Europea con\u00a0Gant Agreement n. SI2.677269.<\/p>\n","protected":false},"excerpt":{"rendered":"<p>Convinta che il turismo del futuro debba andare nella direzione della Sostenibilit\u00e0, l&#8217;Europa ha finanziato il progetto Europeo &#8220;EcoDots&#8221;, per promuovere una rete virtuosa di proposte ricettive ecologiche. I risultati del progetto verranno presentati pubblicamente nel Parco Nazionale della Sila, in Calabria.\u00a0Seguir\u00e0 un&#8217;esperienza eco-sensoriale a cura di Orme nel Parco\u00a0e un pranzo a buffet con [&hellip;]<\/p>\n","protected":false},"author":3,"featured_media":13718,"parent":16232,"menu_order":0,"comment_status":"closed","ping_status":"closed","template":"","meta":[],"acf":[],"yoast_head":"<!-- This site is optimized with the Yoast SEO plugin v19.9 - https:\/\/yoast.com\/wordpress\/plugins\/seo\/ -->\n<title>EcoDots: il Turismo Sostenibile \u00e8 online - Ecobnb<\/title>\n<meta name=\"description\" content=\"Ecobnb e i risultati del progetto europeo EcoDots vengono presentati per la prima volta in Italia, il 1 Ottobre 2015 nel Parco Eco-Esperienziale in Calabria\" \/>\n<meta name=\"robots\" content=\"index, follow, max-snippet:-1, max-image-preview:large, max-video-preview:-1\" \/>\n<link rel=\"canonical\" href=\"https:\/\/ecobnb.it\/blog\/eventi\/ecodots\/\" \/>\n<meta property=\"og:locale\" content=\"it_IT\" \/>\n<meta property=\"og:type\" content=\"article\" \/>\n<meta property=\"og:title\" content=\"EcoDots: il Turismo Sostenibile \u00e8 online - Ecobnb\" \/>\n<meta property=\"og:description\" content=\"Ecobnb e i risultati del progetto europeo EcoDots vengono presentati per la prima volta in Italia, il 1 Ottobre 2015 nel Parco Eco-Esperienziale in Calabria\" \/>\n<meta property=\"og:url\" content=\"https:\/\/ecobnb.it\/blog\/eventi\/ecodots\/\" \/>\n<meta property=\"og:site_name\" content=\"Ecobnb\" \/>\n<meta property=\"article:publisher\" content=\"https:\/\/www.facebook.com\/viaggiverdi\" \/>\n<meta property=\"article:modified_time\" content=\"2016-02-25T13:31:40+00:00\" \/>\n<meta property=\"og:image\" content=\"https:\/\/ecobnb.it\/blog\/app\/uploads\/sites\/2\/2015\/09\/Ecodots.jpg\" \/>\n\t<meta property=\"og:image:width\" content=\"1170\" \/>\n\t<meta property=\"og:image:height\" content=\"490\" \/>\n\t<meta property=\"og:image:type\" content=\"image\/jpeg\" \/>\n<meta name=\"twitter:label1\" content=\"Est. reading time\" \/>\n\t<meta name=\"twitter:data1\" content=\"2 minutes\" \/>\n<!-- \/ Yoast SEO plugin. -->","yoast_head_json":{"title":"EcoDots: il Turismo Sostenibile \u00e8 online - Ecobnb","description":"Ecobnb e i risultati del progetto europeo EcoDots vengono presentati per la prima volta in Italia, il 1 Ottobre 2015 nel Parco Eco-Esperienziale in Calabria","robots":{"index":"index","follow":"follow","max-snippet":"max-snippet:-1","max-image-preview":"max-image-preview:large","max-video-preview":"max-video-preview:-1"},"canonical":"https:\/\/ecobnb.it\/blog\/eventi\/ecodots\/","og_locale":"it_IT","og_type":"article","og_title":"EcoDots: il Turismo Sostenibile \u00e8 online - Ecobnb","og_description":"Ecobnb e i risultati del progetto europeo EcoDots vengono presentati per la prima volta in Italia, il 1 Ottobre 2015 nel Parco Eco-Esperienziale in Calabria","og_url":"https:\/\/ecobnb.it\/blog\/eventi\/ecodots\/","og_site_name":"Ecobnb","article_publisher":"https:\/\/www.facebook.com\/viaggiverdi","article_modified_time":"2016-02-25T13:31:40+00:00","og_image":[{"width":1170,"height":490,"url":"https:\/\/ecobnb.it\/blog\/app\/uploads\/sites\/2\/2015\/09\/Ecodots.jpg","type":"image\/jpeg"}],"twitter_misc":{"Est. reading time":"2 minutes"},"schema":{"@context":"https:\/\/schema.org","@graph":[{"@type":"WebPage","@id":"https:\/\/ecobnb.it\/blog\/eventi\/ecodots\/","url":"https:\/\/ecobnb.it\/blog\/eventi\/ecodots\/","name":"EcoDots: il Turismo Sostenibile \u00e8 online - Ecobnb","isPartOf":{"@id":"https:\/\/ecobnb.it\/blog\/#website"},"datePublished":"2015-09-09T10:07:56+00:00","dateModified":"2016-02-25T13:31:40+00:00","description":"Ecobnb e i risultati del progetto europeo EcoDots vengono presentati per la prima volta in Italia, il 1 Ottobre 2015 nel Parco Eco-Esperienziale in Calabria","breadcrumb":{"@id":"https:\/\/ecobnb.it\/blog\/eventi\/ecodots\/#breadcrumb"},"inLanguage":"it-IT","potentialAction":[{"@type":"ReadAction","target":["https:\/\/ecobnb.it\/blog\/eventi\/ecodots\/"]}]},{"@type":"BreadcrumbList","@id":"https:\/\/ecobnb.it\/blog\/eventi\/ecodots\/#breadcrumb","itemListElement":[{"@type":"ListItem","position":1,"name":"Ecobnb Green Accademy: Eventi Formativi, workshop e Incontri","item":"https:\/\/ecobnb.it\/blog\/eventi\/"},{"@type":"ListItem","position":2,"name":"EcoDots: il Turismo Sostenibile \u00e8 online"}]},{"@type":"WebSite","@id":"https:\/\/ecobnb.it\/blog\/#website","url":"https:\/\/ecobnb.it\/blog\/","name":"Ecobnb","description":"Trova il tuo Alloggio Ecosostenibile","publisher":{"@id":"https:\/\/ecobnb.it\/blog\/#organization"},"potentialAction":[{"@type":"SearchAction","target":{"@type":"EntryPoint","urlTemplate":"https:\/\/ecobnb.it\/blog\/?s={search_term_string}"},"query-input":"required name=search_term_string"}],"inLanguage":"it-IT"},{"@type":"Organization","@id":"https:\/\/ecobnb.it\/blog\/#organization","name":"Ecobnb","url":"https:\/\/ecobnb.it\/blog\/","logo":{"@type":"ImageObject","inLanguage":"it-IT","@id":"https:\/\/ecobnb.it\/blog\/#\/schema\/logo\/image\/","url":"https:\/\/ecobnb.it\/blog\/app\/uploads\/sites\/2\/2016\/03\/logo_transparent_512x512.png","contentUrl":"https:\/\/ecobnb.it\/blog\/app\/uploads\/sites\/2\/2016\/03\/logo_transparent_512x512.png","width":512,"height":512,"caption":"Ecobnb"},"image":{"@id":"https:\/\/ecobnb.it\/blog\/#\/schema\/logo\/image\/"},"sameAs":["https:\/\/www.facebook.com\/viaggiverdi"]}]}},"_links":{"self":[{"href":"https:\/\/ecobnb.it\/blog\/wp-json\/wp\/v2\/pages\/13699"}],"collection":[{"href":"https:\/\/ecobnb.it\/blog\/wp-json\/wp\/v2\/pages"}],"about":[{"href":"https:\/\/ecobnb.it\/blog\/wp-json\/wp\/v2\/types\/page"}],"author":[{"embeddable":true,"href":"https:\/\/ecobnb.it\/blog\/wp-json\/wp\/v2\/users\/3"}],"replies":[{"embeddable":true,"href":"https:\/\/ecobnb.it\/blog\/wp-json\/wp\/v2\/comments?post=13699"}],"version-history":[{"count":11,"href":"https:\/\/ecobnb.it\/blog\/wp-json\/wp\/v2\/pages\/13699\/revisions"}],"predecessor-version":[{"id":13722,"href":"https:\/\/ecobnb.it\/blog\/wp-json\/wp\/v2\/pages\/13699\/revisions\/13722"}],"up":[{"embeddable":true,"href":"https:\/\/ecobnb.it\/blog\/wp-json\/wp\/v2\/pages\/16232"}],"wp:featuredmedia":[{"embeddable":true,"href":"https:\/\/ecobnb.it\/blog\/wp-json\/wp\/v2\/media\/13718"}],"wp:attachment":[{"href":"https:\/\/ecobnb.it\/blog\/wp-json\/wp\/v2\/media?parent=13699"}],"curies":[{"name":"wp","href":"https:\/\/api.w.org\/{rel}","templated":true}]}}