{"id":13326,"date":"2015-07-24T11:00:03","date_gmt":"2015-07-24T09:00:03","guid":{"rendered":"https:\/\/ecobnb.it\/blog\/?page_id=13326"},"modified":"2016-02-25T14:35:41","modified_gmt":"2016-02-25T13:35:41","slug":"expo-vivaio-delle-idee","status":"publish","type":"page","link":"https:\/\/ecobnb.it\/blog\/eventi\/expo-vivaio-delle-idee\/","title":{"rendered":"Ecobnb a Expo, il Vivaio delle Idee"},"content":{"rendered":"<p><em>Le\u00a0<strong>startup innovative<\/strong> invadono l&#8217;<strong>Expo 2015<\/strong>: al Vivaio delle Idee si presentano agli investitori\u00a0&#8211; inizia cos\u00ec un articolo di\u00a0<\/em><a href=\"http:\/\/www.repubblica.it\/economia\/2015\/07\/11\/news\/startup_expo_2015_italiacamp-118777120\/\" target=\"_blank\">Repubblica<\/a>\u00a0uscito qualche settimana fa.<\/p>\n<p>E&#8217; partita infatti in questi giorni la vetrina delle idee giovani e innovative all&#8217;<strong><a href=\"https:\/\/ecobnb.it\/speciale\/expo-2015\" target=\"_blank\">Expo universale di Milano<\/a><\/strong>.<\/p>\n<p>ItaliaCamp ha girato l&#8217;Italia in 7\u00a0tappe (Catania, Napoli, Pisa, Torino, Padova, <a href=\"http:\/\/www.expo2015.tn.it\/it\/expo-in-trentino\/iniziative-expo-in-trentino\/vivaio-delle-idee-in-trentino\/\" target=\"_blank\">Rovereto<\/a> e Milano) per scovare\u00a0i progetti pi\u00f9 innovativi da presentare sul palcoscenico\u00a0del <strong>Padiglione Italia<\/strong>, nel <strong><a href=\"http:\/\/padiglione.italiacamp.com\/\" target=\"_blank\">Vivaio delle Idee<\/a>.<\/strong><\/p>\n<p>L&#8217;iniziativa \u00e8 stata promossa\u00a0da <strong><a href=\"http:\/\/www.padiglioneitaliaexpo2015.com\/it\/\" target=\"_blank\">Padiglione Italia<\/a><\/strong>, Mipaaf e Fondazione Italia Camp.<\/p>\n<p>Tra i progetti selezionati c&#8217;\u00e8\u00a0<strong>Ecobnb<\/strong>, la community dedicata al turismo sostenibile, che consente di trovare e prenotare ospitalit\u00e0 attente all&#8217;ambiente.<\/p>\n<p>Ci sono anche: <strong>Gnammo<\/strong>, la piattaforma del &#8216;social eating&#8217; che permette di creare eventi gastronomici condividendo la tavola con degli sconosciuti;<strong>Robonica<\/strong>, che propone un piccolo orto dall&#8217;alto contenuto tecnologico per sviluppare\u00a0l&#8217;agricoltura urbana del futuro,\u00a0<strong>Kanesis<\/strong> l&#8217;azienda siciliana che tratta la canapa sostenibile; <strong>Alghitaly<\/strong>, la startup che coltiva microalghe per la cosmesi o l&#8217;alimentazione.. e molte altre.<\/p>\n<p>Il <strong>Vivaio delle idee<\/strong> \u00e8 un &#8220;<em>contenitore delle energie pi\u00f9 giovani e vitali del nostro Paese<\/em>&#8220;, come lo definiscono gli organizzatori.<\/p>\n<blockquote><p>&#8220;Uno spazio a disposizione delle eccellenze italiane nel settore dell&#8217;agroalimentare e della sostenibilit\u00e0 che ospiter\u00e0 start-up, buone pratiche, spin-off universitari e brevetti scientifici provenienti da tutte le Regioni d&#8217;Italia.<\/p>\n<p>Un&#8217;opportunit\u00e0 per i migliori ricercatori, imprenditori e per tutti coloro che con la propria vivacit\u00e0 progettuale intendono apportare un contributo al Paese&#8221;.<\/p><\/blockquote>\n<p>In pratica di cosa si tratta? Di\u00a0una\u00a0serie di <strong>incontri<\/strong> sul palcoscenico del Padiglione Italia in Expo\u00a0&#8211;\u00a0ogni\u00a0luned\u00ec, gioved\u00ec e venerd\u00ec, dalle 17 alle 19:30, fino alla fine di Ottobre &#8211;\u00a0per\u00a0presentare le pi\u00f9 innovative\u00a0imprese\u00a0italiane nel campo della <strong>sostenibilit\u00e0<\/strong> e dell&#8217;agroalimentare a potenziali investitori internazionali.<\/p>\n<p>Ecobnb viene presentato al Vivaio delle Idee:<\/p>\n<h4>Luned\u00ec 31 Agosto 2015 dalle 16.30<\/h4>\n<h4>Luned\u00ec 7 Settembre 2015 dalle 16.30<\/h4>\n<p>Vi aspettiamo!!<\/p>\n<p>Qui trovate il <strong><a href=\"http:\/\/www.padiglioneitaliaexpo2015.com\/media\/Programma_Vivaio_2408_0309.pdf\" target=\"_blank\">programma completo degli incontri<\/a>.<\/strong><\/p>\n<p>Per <a href=\"http:\/\/www.padiglioneitaliaexpo2015.com\/it\/iniziative\/vivaio-idee\" target=\"_blank\">maggiori informazioni sul Vivaio delle Idee a Expo 2015 cliccate qui<\/a>.<\/p>\n<p><em>Foto di Copertina: Padiglione Italia, Expo 2015, foto di Renagrisa, via flickr<\/em><\/p>\n","protected":false},"excerpt":{"rendered":"<p>Le\u00a0startup innovative invadono l&#8217;Expo 2015: al Vivaio delle Idee si presentano agli investitori\u00a0&#8211; inizia cos\u00ec un articolo di\u00a0Repubblica\u00a0uscito qualche settimana fa. E&#8217; partita infatti in questi giorni la vetrina delle idee giovani e innovative all&#8217;Expo universale di Milano. ItaliaCamp ha girato l&#8217;Italia in 7\u00a0tappe (Catania, Napoli, Pisa, Torino, Padova, Rovereto e Milano) per scovare\u00a0i progetti [&hellip;]<\/p>\n","protected":false},"author":3,"featured_media":13330,"parent":16232,"menu_order":0,"comment_status":"closed","ping_status":"closed","template":"","meta":[],"acf":[],"yoast_head":"<!-- This site is optimized with the Yoast SEO plugin v19.9 - https:\/\/yoast.com\/wordpress\/plugins\/seo\/ -->\n<title>Ecobnb a Expo, il Vivaio delle Idee - Ecobnb<\/title>\n<meta name=\"description\" content=\"Il Vivaio delle Idee \u00e8 uno spazio dedicato ai progetti pi\u00f9 innovativi sul tema della sostenibilit\u00e0 all&#039;interno di Expo. Ci sar\u00e0 anche Ecobnb!\" \/>\n<meta name=\"robots\" content=\"index, follow, max-snippet:-1, max-image-preview:large, max-video-preview:-1\" \/>\n<link rel=\"canonical\" href=\"https:\/\/ecobnb.it\/blog\/eventi\/expo-vivaio-delle-idee\/\" \/>\n<meta property=\"og:locale\" content=\"it_IT\" \/>\n<meta property=\"og:type\" content=\"article\" \/>\n<meta property=\"og:title\" content=\"Ecobnb a Expo, il Vivaio delle Idee - Ecobnb\" \/>\n<meta property=\"og:description\" content=\"Il Vivaio delle Idee \u00e8 uno spazio dedicato ai progetti pi\u00f9 innovativi sul tema della sostenibilit\u00e0 all&#039;interno di Expo. Ci sar\u00e0 anche Ecobnb!\" \/>\n<meta property=\"og:url\" content=\"https:\/\/ecobnb.it\/blog\/eventi\/expo-vivaio-delle-idee\/\" \/>\n<meta property=\"og:site_name\" content=\"Ecobnb\" \/>\n<meta property=\"article:publisher\" content=\"https:\/\/www.facebook.com\/viaggiverdi\" \/>\n<meta property=\"article:modified_time\" content=\"2016-02-25T13:35:41+00:00\" \/>\n<meta property=\"og:image\" content=\"https:\/\/ecobnb.it\/blog\/app\/uploads\/sites\/2\/2015\/07\/padiglione-italia-expo-renagrisa-res.jpg\" \/>\n\t<meta property=\"og:image:width\" content=\"1170\" \/>\n\t<meta property=\"og:image:height\" content=\"490\" \/>\n\t<meta property=\"og:image:type\" content=\"image\/jpeg\" \/>\n<meta name=\"twitter:label1\" content=\"Est. reading time\" \/>\n\t<meta name=\"twitter:data1\" content=\"2 minutes\" \/>\n<!-- \/ Yoast SEO plugin. -->","yoast_head_json":{"title":"Ecobnb a Expo, il Vivaio delle Idee - Ecobnb","description":"Il Vivaio delle Idee \u00e8 uno spazio dedicato ai progetti pi\u00f9 innovativi sul tema della sostenibilit\u00e0 all'interno di Expo. Ci sar\u00e0 anche Ecobnb!","robots":{"index":"index","follow":"follow","max-snippet":"max-snippet:-1","max-image-preview":"max-image-preview:large","max-video-preview":"max-video-preview:-1"},"canonical":"https:\/\/ecobnb.it\/blog\/eventi\/expo-vivaio-delle-idee\/","og_locale":"it_IT","og_type":"article","og_title":"Ecobnb a Expo, il Vivaio delle Idee - Ecobnb","og_description":"Il Vivaio delle Idee \u00e8 uno spazio dedicato ai progetti pi\u00f9 innovativi sul tema della sostenibilit\u00e0 all'interno di Expo. Ci sar\u00e0 anche Ecobnb!","og_url":"https:\/\/ecobnb.it\/blog\/eventi\/expo-vivaio-delle-idee\/","og_site_name":"Ecobnb","article_publisher":"https:\/\/www.facebook.com\/viaggiverdi","article_modified_time":"2016-02-25T13:35:41+00:00","og_image":[{"width":1170,"height":490,"url":"https:\/\/ecobnb.it\/blog\/app\/uploads\/sites\/2\/2015\/07\/padiglione-italia-expo-renagrisa-res.jpg","type":"image\/jpeg"}],"twitter_misc":{"Est. reading time":"2 minutes"},"schema":{"@context":"https:\/\/schema.org","@graph":[{"@type":"WebPage","@id":"https:\/\/ecobnb.it\/blog\/eventi\/expo-vivaio-delle-idee\/","url":"https:\/\/ecobnb.it\/blog\/eventi\/expo-vivaio-delle-idee\/","name":"Ecobnb a Expo, il Vivaio delle Idee - Ecobnb","isPartOf":{"@id":"https:\/\/ecobnb.it\/blog\/#website"},"datePublished":"2015-07-24T09:00:03+00:00","dateModified":"2016-02-25T13:35:41+00:00","description":"Il Vivaio delle Idee \u00e8 uno spazio dedicato ai progetti pi\u00f9 innovativi sul tema della sostenibilit\u00e0 all'interno di Expo. Ci sar\u00e0 anche Ecobnb!","breadcrumb":{"@id":"https:\/\/ecobnb.it\/blog\/eventi\/expo-vivaio-delle-idee\/#breadcrumb"},"inLanguage":"it-IT","potentialAction":[{"@type":"ReadAction","target":["https:\/\/ecobnb.it\/blog\/eventi\/expo-vivaio-delle-idee\/"]}]},{"@type":"BreadcrumbList","@id":"https:\/\/ecobnb.it\/blog\/eventi\/expo-vivaio-delle-idee\/#breadcrumb","itemListElement":[{"@type":"ListItem","position":1,"name":"Ecobnb Green Accademy: Eventi Formativi, workshop e Incontri","item":"https:\/\/ecobnb.it\/blog\/eventi\/"},{"@type":"ListItem","position":2,"name":"Ecobnb a Expo, il Vivaio delle Idee"}]},{"@type":"WebSite","@id":"https:\/\/ecobnb.it\/blog\/#website","url":"https:\/\/ecobnb.it\/blog\/","name":"Ecobnb","description":"Trova il tuo Alloggio Ecosostenibile","publisher":{"@id":"https:\/\/ecobnb.it\/blog\/#organization"},"potentialAction":[{"@type":"SearchAction","target":{"@type":"EntryPoint","urlTemplate":"https:\/\/ecobnb.it\/blog\/?s={search_term_string}"},"query-input":"required name=search_term_string"}],"inLanguage":"it-IT"},{"@type":"Organization","@id":"https:\/\/ecobnb.it\/blog\/#organization","name":"Ecobnb","url":"https:\/\/ecobnb.it\/blog\/","logo":{"@type":"ImageObject","inLanguage":"it-IT","@id":"https:\/\/ecobnb.it\/blog\/#\/schema\/logo\/image\/","url":"https:\/\/ecobnb.it\/blog\/app\/uploads\/sites\/2\/2016\/03\/logo_transparent_512x512.png","contentUrl":"https:\/\/ecobnb.it\/blog\/app\/uploads\/sites\/2\/2016\/03\/logo_transparent_512x512.png","width":512,"height":512,"caption":"Ecobnb"},"image":{"@id":"https:\/\/ecobnb.it\/blog\/#\/schema\/logo\/image\/"},"sameAs":["https:\/\/www.facebook.com\/viaggiverdi"]}]}},"_links":{"self":[{"href":"https:\/\/ecobnb.it\/blog\/wp-json\/wp\/v2\/pages\/13326"}],"collection":[{"href":"https:\/\/ecobnb.it\/blog\/wp-json\/wp\/v2\/pages"}],"about":[{"href":"https:\/\/ecobnb.it\/blog\/wp-json\/wp\/v2\/types\/page"}],"author":[{"embeddable":true,"href":"https:\/\/ecobnb.it\/blog\/wp-json\/wp\/v2\/users\/3"}],"replies":[{"embeddable":true,"href":"https:\/\/ecobnb.it\/blog\/wp-json\/wp\/v2\/comments?post=13326"}],"version-history":[{"count":8,"href":"https:\/\/ecobnb.it\/blog\/wp-json\/wp\/v2\/pages\/13326\/revisions"}],"predecessor-version":[{"id":13665,"href":"https:\/\/ecobnb.it\/blog\/wp-json\/wp\/v2\/pages\/13326\/revisions\/13665"}],"up":[{"embeddable":true,"href":"https:\/\/ecobnb.it\/blog\/wp-json\/wp\/v2\/pages\/16232"}],"wp:featuredmedia":[{"embeddable":true,"href":"https:\/\/ecobnb.it\/blog\/wp-json\/wp\/v2\/media\/13330"}],"wp:attachment":[{"href":"https:\/\/ecobnb.it\/blog\/wp-json\/wp\/v2\/media?parent=13326"}],"curies":[{"name":"wp","href":"https:\/\/api.w.org\/{rel}","templated":true}]}}