{"id":1127,"date":"2013-04-18T16:11:45","date_gmt":"2013-04-18T16:11:45","guid":{"rendered":"http:\/\/blog.viaggiverdi.org\/?page_id=1127"},"modified":"2017-03-15T09:27:46","modified_gmt":"2017-03-15T08:27:46","slug":"concorso-fotografico-parma","status":"publish","type":"page","link":"https:\/\/ecobnb.it\/blog\/concorso-fotografico-parma\/","title":{"rendered":"Un Altro Punto di Vista. Il concorso fotografico per riscoprire Parma"},"content":{"rendered":"<p><a href=\"https:\/\/ecobnb.it\/blog\/app\/uploads\/sites\/2\/2013\/04\/3_Il-mio-mondo-\u00e8-Parma_resize_.jpg\"><img class=\"alignnone size-full wp-image-1716\" src=\"https:\/\/ecobnb.it\/blog\/app\/uploads\/sites\/2\/2013\/04\/3_Il-mio-mondo-\u00e8-Parma_resize_.jpg\" alt=\"3_Il mio mondo \u00e8 Parma_resize_\" width=\"800\" height=\"800\" srcset=\"https:\/\/ecobnb.it\/blog\/app\/uploads\/sites\/2\/2013\/04\/3_Il-mio-mondo-\u00e8-Parma_resize_.jpg 800w, https:\/\/ecobnb.it\/blog\/app\/uploads\/sites\/2\/2013\/04\/3_Il-mio-mondo-\u00e8-Parma_resize_-536x536.jpg 536w, https:\/\/ecobnb.it\/blog\/app\/uploads\/sites\/2\/2013\/04\/3_Il-mio-mondo-\u00e8-Parma_resize_-344x344.jpg 344w\" sizes=\"(max-width: 800px) 100vw, 800px\" \/><\/a><\/p>\n<p><strong>&#8220;Il mio mondo \u00e8 Parma&#8221;<\/strong>, di Alberto Ghizzi Panizza (3 premio)<\/p>\n<p>&nbsp;<\/p>\n<p>&nbsp;<\/p>\n<p><a href=\"https:\/\/ecobnb.it\/blog\/app\/uploads\/sites\/2\/2013\/04\/2_laghetto-nei-pressi-di-Fidenza_.jpg\"><img class=\"alignnone size-full wp-image-1717\" src=\"https:\/\/ecobnb.it\/blog\/app\/uploads\/sites\/2\/2013\/04\/2_laghetto-nei-pressi-di-Fidenza_.jpg\" alt=\"SONY DSC\" width=\"800\" height=\"532\" srcset=\"https:\/\/ecobnb.it\/blog\/app\/uploads\/sites\/2\/2013\/04\/2_laghetto-nei-pressi-di-Fidenza_.jpg 800w, https:\/\/ecobnb.it\/blog\/app\/uploads\/sites\/2\/2013\/04\/2_laghetto-nei-pressi-di-Fidenza_-536x356.jpg 536w, https:\/\/ecobnb.it\/blog\/app\/uploads\/sites\/2\/2013\/04\/2_laghetto-nei-pressi-di-Fidenza_-344x228.jpg 344w\" sizes=\"(max-width: 800px) 100vw, 800px\" \/><\/a><\/p>\n<p><strong>&#8220;Laghetto nei pressi di Fidenza&#8221;<\/strong>, fotografia di Enrico Fieni (2 premio)<\/p>\n<p>&nbsp;<\/p>\n<p>&nbsp;<\/p>\n<p><a href=\"https:\/\/ecobnb.it\/blog\/app\/uploads\/sites\/2\/2013\/04\/1_Ponte-De-Gasperi_.jpg\"><img class=\"alignnone size-full wp-image-1718\" src=\"https:\/\/ecobnb.it\/blog\/app\/uploads\/sites\/2\/2013\/04\/1_Ponte-De-Gasperi_.jpg\" alt=\"1_Ponte De Gasperi_\" width=\"533\" height=\"800\" srcset=\"https:\/\/ecobnb.it\/blog\/app\/uploads\/sites\/2\/2013\/04\/1_Ponte-De-Gasperi_.jpg 533w, https:\/\/ecobnb.it\/blog\/app\/uploads\/sites\/2\/2013\/04\/1_Ponte-De-Gasperi_-344x516.jpg 344w\" sizes=\"(max-width: 533px) 100vw, 533px\" \/><\/a><\/p>\n<p><strong>&#8220;Ponte de Gasperi&#8221;<\/strong>, fotografia di Oreste Zinelli (1 premio)<\/p>\n<p>&nbsp;<\/p>\n<p><strong>Complimenti ai vincitori!<\/strong><\/p>\n<p>&nbsp;<\/p>\n<h4><strong>Sguardi diversi su Parma e il suo territorio: qual \u00e8 il tuo?<\/strong><\/h4>\n<p>Il concorso fotografico <strong>\u201cUn altro punto di vista\u201d<\/strong> invita a raccontare, attraverso immagini, una citt\u00e0 che pu\u00f2 essere scoperta e riscoperta. <strong>La citt\u00e0 di Parma e il suo territorio<\/strong> con le loro pluralit\u00e0 di vita, coi loro ritmi e relazioni possono essere attraversate frettolosamente e distrattamente oppure ammirate, vissute, amate o cambiate.<\/p>\n<p><em>Ogni citt\u00e0 per quanto nota offre a chi la guarda e osserva l\u2019occasione di essere riscoperta, guardando con occhi nuovi oltre i luoghi comuni, cercando un altro punto di vista.<\/em><\/p>\n<p>Il concorso alla sua prima edizione \u00e8 promosso dall\u2019<strong>Ufficio Turismo del Comune di Parma<\/strong>, in collaborazione con <strong>Viaggi Verdi, Bioagriturismi Emilia, B&amp;B Parma e It.a.c\u00e0 migranti e viaggiatori: Festival del turismo responsabile<\/strong>, che si svolger\u00e0 dal 25 maggio al 2 giugno 2013 a Bologna, Parma e in altre citt\u00e0 dell\u2019Emilia Romagna.<\/p>\n<p><em>La partecipazione al concorso \u00e8 gratuita,<\/em> aperta a tutti i fotografi non professionisti e senza limiti d\u2019et\u00e0.\u00a0 Ogni partecipante potr\u00e0 inviare un massimo di tre fotografie.<\/p>\n<p><strong>Come partecipare<\/strong><\/p>\n<p>La consegna delle opere, unitamente alla scheda di partecipazione potr\u00e0 avvenire con le seguenti modalit\u00e0 entro il <strong>12 maggio 2013:<\/strong><\/p>\n<ul>\n<li>online attraverso wetransfer.com<\/li>\n<li>all\u2019indirizzo di posta elettronica: puntodivista@comune.parma.it<\/li>\n<li>su cd tramite invio postale o direttamente a mano all\u2019indirizzo: Comune di Parma- IAT, Piazza Garibaldi 1, entro le 18.00 del 12 maggio 2013.<\/li>\n<\/ul>\n<p><strong>Caratteristiche tecniche<\/strong><\/p>\n<p>Sono ammesse fotografie b\/n e a colori. Formato file jpg a 300 dpi. Le fotografie dovranno essere inedite. Non sono ammesse opere interamente realizzate al computer.<\/p>\n<p><strong>Premi<\/strong><\/p>\n<p>Saranno premiate le prime tre fotografie classificate con due soggiorni ed un pranzo per due persone in Bed &amp; Breakfast e Agriturismi ecosostenibili dell\u2019Emilia Romagna.<\/p>\n<p style=\"padding-left: 30px\"><strong>1 premio:<\/strong> <strong>un soggiorno per due persone nel <a href=\"http:\/\/www.capenelope.it\/\">Bio Agriturismo e B&amp;B Ca\u2019 Penelope<\/a><\/strong>, in antico casale ristrutturato immerso nella quiete della campagna di Maranello (Modena), con prima colazione biologica arricchita da marmellate biologiche e torte fatte in casa.<\/p>\n<p style=\"padding-left: 30px\"><strong>2 premio:<\/strong> <strong>un soggiorno per due persone nel <a href=\"http:\/\/www.cancabaia.it\/\">B&amp;B Cancabaia Parma<\/a><\/strong>, B&amp;B ecosostenibile ricavato in una corte del 1600 sulle prime colline a sud di Parma, con prima colazione biologica, servita in una ampia e luminosa veranda.<\/p>\n<p style=\"padding-left: 30px\"><strong>3 premio:<\/strong> <strong>un pranzo biologico per due persone al <a href=\"http:\/\/www.fattoriaquercia.it\/\">Bio Agriturismo Fattoria Quercia<\/a><\/strong>, in splendida posizione collinare a Castello di Serravalle (Bologna), con men\u00f9 tipico bolognese a base di prodotti biologici aziendali.<\/p>\n<p>La premiazione sar\u00e0 venerd\u00ec 31 maggio in occasione della <strong>Conferenza sul tema del turismo sostenibile al palazzo del Governatore di\u00a0 Parma<\/strong>.<\/p>\n<p>Scarica qui il\u00a0<strong><a href=\"http:\/\/www.festivalitaca.net\/wp-content\/uploads\/2013\/04\/Regolamento_Concorso.pdf\">Regolamento_Concorso<\/a><\/strong><br \/>\nScarica qui <strong><a href=\"http:\/\/www.festivalitaca.net\/wp-content\/uploads\/2013\/04\/scheda-iscrizione-_Parma.pdf\">Scheda Iscrizione<\/a><\/strong><\/p>\n<p><strong>\u00a0<\/strong><\/p>\n","protected":false},"excerpt":{"rendered":"<p>&#8220;Il mio mondo \u00e8 Parma&#8221;, di Alberto Ghizzi Panizza (3 premio) &nbsp; &nbsp; &#8220;Laghetto nei pressi di Fidenza&#8221;, fotografia di Enrico Fieni (2 premio) &nbsp; &nbsp; &#8220;Ponte de Gasperi&#8221;, fotografia di Oreste Zinelli (1 premio) &nbsp; Complimenti ai vincitori! &nbsp; Sguardi diversi su Parma e il suo territorio: qual \u00e8 il tuo? Il concorso fotografico [&hellip;]<\/p>\n","protected":false},"author":3,"featured_media":0,"parent":0,"menu_order":0,"comment_status":"closed","ping_status":"open","template":"","meta":[],"acf":[],"yoast_head":"<!-- This site is optimized with the Yoast SEO plugin v19.9 - https:\/\/yoast.com\/wordpress\/plugins\/seo\/ -->\n<title>Un Altro Punto di Vista. Il concorso fotografico per riscoprire Parma - Ecobnb<\/title>\n<meta name=\"description\" content=\"Sguardi diversi su Parma e il suo territorio, proposti dal concorso fotografico &quot;Un altro punto di vista&quot;, organizzato in occasione del Festival It.a.c\u00e0 2013.\" \/>\n<meta name=\"robots\" content=\"index, follow, max-snippet:-1, max-image-preview:large, max-video-preview:-1\" \/>\n<link rel=\"canonical\" href=\"https:\/\/ecobnb.it\/blog\/concorso-fotografico-parma\/\" \/>\n<meta property=\"og:locale\" content=\"it_IT\" \/>\n<meta property=\"og:type\" content=\"article\" \/>\n<meta property=\"og:title\" content=\"Un Altro Punto di Vista. Il concorso fotografico per riscoprire Parma - Ecobnb\" \/>\n<meta property=\"og:description\" content=\"Sguardi diversi su Parma e il suo territorio, proposti dal concorso fotografico &quot;Un altro punto di vista&quot;, organizzato in occasione del Festival It.a.c\u00e0 2013.\" \/>\n<meta property=\"og:url\" content=\"https:\/\/ecobnb.it\/blog\/concorso-fotografico-parma\/\" \/>\n<meta property=\"og:site_name\" content=\"Ecobnb\" \/>\n<meta property=\"article:publisher\" content=\"https:\/\/www.facebook.com\/viaggiverdi\" \/>\n<meta property=\"article:modified_time\" content=\"2017-03-15T08:27:46+00:00\" \/>\n<meta property=\"og:image\" content=\"https:\/\/ecobnb.it\/blog\/app\/uploads\/sites\/2\/2013\/04\/2_laghetto-nei-pressi-di-Fidenza_.jpg\" \/>\n<meta name=\"twitter:label1\" content=\"Est. reading time\" \/>\n\t<meta name=\"twitter:data1\" content=\"2 minutes\" \/>\n<!-- \/ Yoast SEO plugin. -->","yoast_head_json":{"title":"Un Altro Punto di Vista. Il concorso fotografico per riscoprire Parma - Ecobnb","description":"Sguardi diversi su Parma e il suo territorio, proposti dal concorso fotografico \"Un altro punto di vista\", organizzato in occasione del Festival It.a.c\u00e0 2013.","robots":{"index":"index","follow":"follow","max-snippet":"max-snippet:-1","max-image-preview":"max-image-preview:large","max-video-preview":"max-video-preview:-1"},"canonical":"https:\/\/ecobnb.it\/blog\/concorso-fotografico-parma\/","og_locale":"it_IT","og_type":"article","og_title":"Un Altro Punto di Vista. Il concorso fotografico per riscoprire Parma - Ecobnb","og_description":"Sguardi diversi su Parma e il suo territorio, proposti dal concorso fotografico \"Un altro punto di vista\", organizzato in occasione del Festival It.a.c\u00e0 2013.","og_url":"https:\/\/ecobnb.it\/blog\/concorso-fotografico-parma\/","og_site_name":"Ecobnb","article_publisher":"https:\/\/www.facebook.com\/viaggiverdi","article_modified_time":"2017-03-15T08:27:46+00:00","og_image":[{"url":"https:\/\/ecobnb.it\/blog\/app\/uploads\/sites\/2\/2013\/04\/2_laghetto-nei-pressi-di-Fidenza_.jpg"}],"twitter_misc":{"Est. reading time":"2 minutes"},"schema":{"@context":"https:\/\/schema.org","@graph":[{"@type":"WebPage","@id":"https:\/\/ecobnb.it\/blog\/concorso-fotografico-parma\/","url":"https:\/\/ecobnb.it\/blog\/concorso-fotografico-parma\/","name":"Un Altro Punto di Vista. Il concorso fotografico per riscoprire Parma - Ecobnb","isPartOf":{"@id":"https:\/\/ecobnb.it\/blog\/#website"},"datePublished":"2013-04-18T16:11:45+00:00","dateModified":"2017-03-15T08:27:46+00:00","description":"Sguardi diversi su Parma e il suo territorio, proposti dal concorso fotografico \"Un altro punto di vista\", organizzato in occasione del Festival It.a.c\u00e0 2013.","inLanguage":"it-IT","potentialAction":[{"@type":"ReadAction","target":["https:\/\/ecobnb.it\/blog\/concorso-fotografico-parma\/"]}]},{"@type":"WebSite","@id":"https:\/\/ecobnb.it\/blog\/#website","url":"https:\/\/ecobnb.it\/blog\/","name":"Ecobnb","description":"Trova il tuo Alloggio Ecosostenibile","publisher":{"@id":"https:\/\/ecobnb.it\/blog\/#organization"},"potentialAction":[{"@type":"SearchAction","target":{"@type":"EntryPoint","urlTemplate":"https:\/\/ecobnb.it\/blog\/?s={search_term_string}"},"query-input":"required name=search_term_string"}],"inLanguage":"it-IT"},{"@type":"Organization","@id":"https:\/\/ecobnb.it\/blog\/#organization","name":"Ecobnb","url":"https:\/\/ecobnb.it\/blog\/","logo":{"@type":"ImageObject","inLanguage":"it-IT","@id":"https:\/\/ecobnb.it\/blog\/#\/schema\/logo\/image\/","url":"https:\/\/ecobnb.it\/blog\/app\/uploads\/sites\/2\/2016\/03\/logo_transparent_512x512.png","contentUrl":"https:\/\/ecobnb.it\/blog\/app\/uploads\/sites\/2\/2016\/03\/logo_transparent_512x512.png","width":512,"height":512,"caption":"Ecobnb"},"image":{"@id":"https:\/\/ecobnb.it\/blog\/#\/schema\/logo\/image\/"},"sameAs":["https:\/\/www.facebook.com\/viaggiverdi"]}]}},"_links":{"self":[{"href":"https:\/\/ecobnb.it\/blog\/wp-json\/wp\/v2\/pages\/1127"}],"collection":[{"href":"https:\/\/ecobnb.it\/blog\/wp-json\/wp\/v2\/pages"}],"about":[{"href":"https:\/\/ecobnb.it\/blog\/wp-json\/wp\/v2\/types\/page"}],"author":[{"embeddable":true,"href":"https:\/\/ecobnb.it\/blog\/wp-json\/wp\/v2\/users\/3"}],"replies":[{"embeddable":true,"href":"https:\/\/ecobnb.it\/blog\/wp-json\/wp\/v2\/comments?post=1127"}],"version-history":[{"count":3,"href":"https:\/\/ecobnb.it\/blog\/wp-json\/wp\/v2\/pages\/1127\/revisions"}],"predecessor-version":[{"id":24918,"href":"https:\/\/ecobnb.it\/blog\/wp-json\/wp\/v2\/pages\/1127\/revisions\/24918"}],"wp:attachment":[{"href":"https:\/\/ecobnb.it\/blog\/wp-json\/wp\/v2\/media?parent=1127"}],"curies":[{"name":"wp","href":"https:\/\/api.w.org\/{rel}","templated":true}]}}